Němčany počasí: NOAA reporty

 


NOAA reporty


Report pro 2024 Květ
                   Monthly Climatological Summary for 5 2024

Name: Němčany   City: Němčany   State: Czech Repulic
Elevation: 256 m  Lat: N 49° 10' 12"   Lon: E 016° 54' 59"

                  Temperature (°C), Rain (mm), Wind Speed (m/s)

                                      Heat  Cool        Avg
    Mean                              Deg   Deg         Wind                 Dom
Day Temp  High   Time   Low    Time   Days  Days  Rain  Speed High   Time    Dir
----------------------------------------------------------------------------------
 1  18,2  23,7   14:30  12,3   01:35   1,5   1,4   0,0   3,8  11,9   14:28   VJV
 2  17,1  21,4   13:38  13,2   02:36   1,9   0,6   0,0   4,3  11,9   12:43   VJV
 3  16,0  21,4   14:50  12,1   03:32   2,7   0,4   3,6   2,7  11,0   15:30     V
 4  17,5  26,9   16:23  10,2   05:53   3,1   2,3   0,3   0,9   4,9   15:34    JZ
 5  17,3  25,4   14:25   8,9   05:25   3,2   2,2   0,0   1,9  13,4   12:40   JJZ
 6  17,5  25,4   14:42   8,4   05:43   2,8   2,0   6,6   1,5   6,5   21:38     V
 7  14,6  16,8   15:39  12,1   23:51   3,7   0,0  11,7   1,2   5,8   00:14     V
 8  14,2  20,1   15:29   8,7   23:58   4,2   0,2   0,0   2,4   9,0   13:32     V
 9  14,6  21,4   16:08   7,7   00:43   4,4   0,6   0,0   2,2   9,4   11:19    SV
10  14,6  22,3   14:18   5,6   05:39   4,6   0,9   0,0   1,4   5,3   17:17    SV
11  15,3  22,4   14:43   5,6   05:34   4,0   1,0   0,0   1,3   6,1   11:28   VSV
12  16,1  21,3   16:39  10,8   23:45   2,9   0,7   0,0   3,0   8,2   12:48   VSV
13  15,7  23,8   16:28   7,1   05:58   4,0   1,4   0,0   2,2   7,0   03:06     V
14  17,0  25,0   16:40   9,0   05:43   3,4   2,1   0,0   1,8   7,0   14:38    JV
15  17,6  24,5   14:20   8,1   04:57   2,9   2,2   0,0   3,0  11,4   14:21   VJV
16  17,2  20,6   11:53  13,2   05:41   1,6   0,5   0,0   4,2  11,0   03:18   VJV
17  12,9  16,1   00:00  11,8   09:09   5,4   0,0   6,6   1,7   7,8   08:29   VSV
18  15,9  23,6   15:48   9,9   03:41   3,2   0,8   0,0   1,3   7,0   13:51     J
19  17,5  24,2   17:26  12,9   00:06   2,1   1,3   2,7   1,7   9,0   12:11   JJZ
20  19,4  26,9   16:33  12,4   05:33   1,7   2,8   0,0   1,4   7,8   00:58   VSV
21  18,6  22,6   18:07  14,2   05:30   1,0   1,3   8,6   2,5   7,8   13:25   VSV
----------------------------------------------------------------------------------
    16,4  26,9     4     5,6    10    64,3  24,7  40,1   2,2  13,4     5     VJV

Max >=  25,0:  5
Max <=   0,0:  0
Min <=   0,0:  0
Min <= -10,0:  0
Max Rain: 11,7 on day 7
Days of Rain: 6 (>= 0,4 mm)  4 (>= 4,0 mm)  0 (>= 16,0 mm)
Heat Base: 18,3  Cool Base: 18,3  Method: Integration



Poslední aktualizace 22.5.2024 7:10:02

Měšíční a roční statistické protokoly ve fromátu NOAA (National Oceanic and Atmospheric Administration)
Original Author: Ken True webmaster@saratoga-weather.org.
Bodged by beteljuice.