Němčany počasí: NOAA reporty

 


NOAA reporty


Report pro 2017
                   Annual Climatological Summary for 2017

Name: Němčany   City: Němčany   State: Czech Repulic
Elevation: 256 m  Lat: N 49° 10' 12"   Lon: E 016° 54' 59"

                  Temperature (°C), Heat Base: 17,5  Cool Base: 17,5
                          Dep.  Heat  Cool                       Max  Max  Min  Min
        Mean  Mean        From  Deg   Deg                        >=   <=   <=   <=
 YR MO  Max   Min   Mean  Norm  Days  Days  Hi  Date  Low  Date 27,0  0,0  0,0 -18,0
------------------------------------------------------------------------------------
 17  1  -1,5  -9,8  -5,7  -7,0   725     0   5,8  12 -21,5    7    0   18   31    1
 17  2   5,6  -1,9   1,4   2,7   451     0  13,6  27  -8,4   14    0    3   23    0
 17  3  14,1   2,1   7,7  -0,1   304     2  22,3  29  -3,1   27    0    0    9    0
 17  4  14,4   3,9   9,1  -3,9   257     5  25,1   2  -4,5   21    0    0    4    0
 17  5  22,8   8,6  15,8  -1,8   108    51  32,4  30  -2,1   10    6    0    1    0
 17  6  27,9  12,3  20,4  -1,1    36   125  33,9  20   5,2    8   19    0    0    0
 17  7  27,7  14,1  20,9  -0,9    25   131  34,2  31   7,6   14   18    0    0    0
 17  8  29,3  15,1  21,9  -0,9    23   160  36,9   3   6,5   23   20    0    0    0
 17  9  19,1  10,0  14,4  -4,2   111    17  26,1   9   4,5   23    0    0    0    0
 17 10  16,2   6,8  10,9   0,1   210     4  23,1  17   1,6   30    0    0    0    0
 17 11   8,2   2,2   5,1  -0,8   372     0  14,7   2  -3,1   15    0    0    6    0
 17 12   5,3  -1,0   2,1   0,1   476     0  13,1  12  -8,7   19    0    1   20    0
------------------------------------------------------------------------------------
        15,8   5,2  10,3  -1,5  3105   500  36,9   8 -21,5    1   63   22   94    1

                                Precipitation (mm)

              Dep.   Max        Days of Rain
              From   Obs.           >=
 YR MO Total  Norm   Day Date  0,4  2,0 20,0
---------------------------------------------
 17  1  11,9 -22,5   8,6  31     2    2    0
 17  2  14,1  -0,8   5,1   3     7    4    0
 17  3  28,2   4,8   8,7  18    10    6    0
 17  4  45,0  13,6  11,4  27    10    5    0
 17  5  21,3 -31,2   6,3  31    10    4    0
 17  6  61,8  -3,3  25,8  16     9    6    1
 17  7  51,0 -78,3  15,0  21    12    7    0
 17  8  35,4 -56,3  20,7  10     7    5    1
 17  9  88,8  57,1  24,3  20    16    8    2
 17 10  55,5   7,6  28,5   3     8    4    1
 17 11  41,9  32,7  14,3  30    10    6    0
 17 12  28,8   6,0   6,3  31    10    4    0
---------------------------------------------
       483,7 -70,6  28,5   10  111   61    5

                                Wind Speed (m/s)
                          Dom
 YR MO   Avg.  Hi   Date  Dir
------------------------------
 17  1   1,3  12,2   18   JJV
 17  2   1,7  16,3   24     V
 17  3   1,6  16,7   18     J
 17  4   1,7  15,1   19   JJZ
 17  5   1,6  11,9   18   VJV
 17  6   2,2  17,5   23   JJZ
 17  7   2,1  13,1    3    JZ
 17  8   1,9  17,2   10   JJV
 17  9   1,9  16,7   14   JJZ
 17 10   1,9  22,4   29    JZ
 17 11   1,9  13,9   26   JJZ
 17 12   2,0  16,3   12   JJZ
------------------------------
         1,8  22,4   10     J



Poslední aktualizace 28.10.2020 9:40:01

Měšíční a roční statistické protokoly ve fromátu NOAA (National Oceanic and Atmospheric Administration)
Original Author: Ken True webmaster@saratoga-weather.org.
Bodged by beteljuice.