Němčany počasí: NOAA reporty

 


NOAA reporty


Report pro 2019
                   Annual Climatological Summary for 2019

Name: Němčany   City: Němčany   State: Czech Repulic
Elevation: 256 m  Lat: N 49° 10' 12"   Lon: E 016° 54' 59"

                  Temperature (°C), Heat Base: 17,5  Cool Base: 17,5
                          Dep.  Heat  Cool                       Max  Max  Min  Min
        Mean  Mean        From  Deg   Deg                        >=   <=   <=   <=
 YR MO  Max   Min   Mean  Norm  Days  Days  Hi  Date  Low  Date 27,0  0,0  0,0 -18,0
------------------------------------------------------------------------------------
 19  1   2,3  -3,9  -0,5  -1,8   559     0   9,2  17 -11,4   30    0    8   28    0
 19  2   9,0  -1,9   3,0   4,3   407     0  18,1  28  -7,8    7    0    0   20    0
 19  3  13,9   1,8   7,5  -0,3   310     1  21,8  31  -3,8   21    0    0    6    0
 19  4  17,6   6,1  11,9  -1,1   180    13  26,4  26   0,5   16    0    0    0    0
 19  5  17,9   7,6  12,9  -4,7   159    15  24,9  26   0,3    8    0    0    0    0
 19  6  29,1  15,6  22,4   0,9    12   159  34,0  26  10,2    1   21    0    0    0
 19  7  27,9  13,8  20,7  -1,1    30   130  35,1   1   6,7   11   19    0    0    0
 19  8  28,6  15,9  21,8  -1,0    12   144  32,5  31   9,6   15   22    0    0    0
 19  9  22,3  10,2  15,9  -2,7    87    39  32,4   1   1,7   20    2    0    0    0
 19 10  17,7   6,7  11,7   0,9   192    13  25,3  24  -0,5    8    0    0    1    0
 19 11  11,0   4,8   8,2   2,3   281     0  19,1   3  -3,1   30    0    0    2    0
 19 12   6,3   0,1   3,0   1,0   448     0  13,4  18  -6,6   11    0    0   13    0
------------------------------------------------------------------------------------
        17,0   6,4  11,5  -0,3  2683   517  35,1   7 -11,4    1   64    8   70    0

                                Precipitation (mm)

              Dep.   Max        Days of Rain
              From   Obs.           >=
 YR MO Total  Norm   Day Date  0,4  2,0 20,0
---------------------------------------------
 19  1  33,8  -0,6  13,3  28    10    4    0
 19  2  15,0   0,1   3,9   3     7    3    0
 19  3  23,4   0,0  10,2  10     7    4    0
 19  4  23,1  -8,3   6,9  23     5    4    0
 19  5  97,4  44,9  31,4  28    15   12    1
 19  6 135,5  70,4  49,2  19     5    5    4
 19  7  53,7 -75,6  17,6  27     9    8    0
 19  8  70,4 -21,3  22,3   7     8    7    1
 19  9  72,3  40,6  29,3   2     6    5    2
 19 10  41,8  -6,1  17,5   9     7    4    0
 19 11  44,8  35,6  12,0  12    11    7    0
 19 12  49,5  26,7  28,2  21    10    7    1
---------------------------------------------
       660,7 106,4  49,2    6  100   70    9

                                Wind Speed (m/s)
                          Dom
 YR MO   Avg.  Hi   Date  Dir
------------------------------
 19  1   1,5  20,4   15     Z
 19  2   1,0  18,7    2   JJV
 19  3   2,3  20,8   10    JZ
 19  4   3,6  16,7    4     V
 19  5   2,1  13,4    8   JJV
 19  6   2,1  16,0   19     V
 19  7   1,6  16,0   21    JZ
 19  8   1,7  15,5   12   VJV
 19  9   1,7  17,5   30   JJZ
 19 10   1,7  10,2   15    JV
 19 11   2,6  16,3   23   VJV
 19 12   2,1  14,6   20     J
------------------------------
         2,0  20,8    3   JJV



Poslední aktualizace 8.7.2020 13:00:01

Měšíční a roční statistické protokoly ve fromátu NOAA (National Oceanic and Atmospheric Administration)
Original Author: Ken True webmaster@saratoga-weather.org.
Bodged by beteljuice.