Němčany počasí: NOAA reporty

 


NOAA reporty


Report pro 2012
                   Annual Climatological Summary for 2012

Name: Němčany   City: Němčany   State: Czech Repulic
Elevation: 256 m  Lat: N 49° 10' 12"   Lon: E 016° 54' 59"

                  Temperature (°C), Heat Base: 17,5  Cool Base: 17,5
                          Dep.  Heat  Cool                       Max  Max  Min  Min
        Mean  Mean        From  Deg   Deg                        >=   <=   <=   <=
 YR MO  Max   Min   Mean  Norm  Days  Days  Hi  Date  Low  Date 27,0  0,0  0,0 -18,0
------------------------------------------------------------------------------------
 12  1   4,4  -2,6   0,5  -0,8   553     0   9,4   3 -13,7   31    0    3   18    0
 12  2   0,6  -8,3  -4,3  -3,0   629     0  15,0  29 -19,4   13    0   13   26    1
 12  3  14,4   0,0   6,9  -0,9   356     3  22,9  17  -8,1    7    0    0   16    0
 12  4  17,7   4,1  10,8  -2,2   248    22  32,2  30  -4,3    8    4    0    6    0
 12  5  24,8   8,9  17,0  -0,6   107    66  33,9   2  -1,7   18   12    0    1    0
 12  6  26,7  13,1  19,5  -2,0    52    82  35,4  30   4,3    6   14    0    0    0
 12  7  29,1  14,6  21,2  -0,6    35   124  36,9   1   8,8   13   20    0    0    0
 12  8  30,1  13,8  21,6  -1,2    35   137  38,5  20   5,5   14   23    0    0    0
 12  9  24,4  10,0  16,6  -2,0    96    46  32,4  11   2,4   21    8    0    0    0
 12 10  16,3   4,6   9,8  -1,0   270     6  26,7   6  -3,0   30    0    0    4    0
 12 11  10,4   3,4   6,8   0,9   346     0  16,1  20  -1,8   15    0    0    3    0
 12 12   2,5  -5,0  -1,5  -3,5   613     0   8,5  31 -15,4    9    0    5   25    0
------------------------------------------------------------------------------------
        16,8   4,7  10,4  -1,4  3346   490  38,5   8 -19,4    2   81   21   99    1

                                Precipitation (mm)

              Dep.   Max        Days of Rain
              From   Obs.           >=
 YR MO Total  Norm   Day Date  0,4  2,0 20,0
---------------------------------------------
 12  1  26,1  -8,3   7,2  22    10    4    0
 12  2   9,3  -5,6   3,3  19     4    2    0
 12  3   2,7 -20,7   1,2   9     2    0    0
 12  4  33,6   2,2   9,3   5     7    5    0
 12  5  18,3 -34,2   8,4  22     5    3    0
 12  6  67,1   2,0  11,7  12    14   10    0
 12  7  71,4 -57,9  12,6   6    16   13    0
 12  8  36,7 -55,0   9,6   5     7    6    0
 12  9  50,2  18,5  18,0  13     6    4    0
 12 10  91,5  43,6  38,1  16     6    5    2
 12 11  16,8   7,6   7,2   5     6    4    0
 12 12  25,5   2,7   4,8  28     9    5    0
---------------------------------------------
       449,2-105,1  38,1   10   92   61    2

                                Wind Speed (m/s)
                          Dom
 YR MO   Avg.  Hi   Date  Dir
------------------------------
 12  1   1,3  15,3    5     Z
 12  2   1,4  11,9   15   VJV
 12  3   0,9  12,2   31   ZSZ
 12  4   1,2  12,2   24   JJV
 12  5   0,9  15,6   22   VJV
 12  6   0,8  11,2    5   ZJZ
 12  7   0,7  13,3    1   JJZ
 12  8   0,7   9,9   28   ZJZ
 12  9   0,7   9,9   27     J
 12 10   0,8  11,2    4     J
 12 11   0,9  10,5   10   JJV
 12 12   0,5   9,9   15     V
------------------------------
         0,9  15,6    5     J



Poslední aktualizace 23.10.2020 13:50:02

Měšíční a roční statistické protokoly ve fromátu NOAA (National Oceanic and Atmospheric Administration)
Original Author: Ken True webmaster@saratoga-weather.org.
Bodged by beteljuice.