Němčany počasí: NOAA reporty

 


NOAA reporty


Report pro 2022 Květ
                   Monthly Climatological Summary for 5 2022

Name: Němčany   City: Němčany   State: Czech Repulic
Elevation: 256 m  Lat: N 49° 10' 12"   Lon: E 016° 54' 59"

                  Temperature (°C), Rain (mm), Wind Speed (m/s)

                                      Heat  Cool        Avg
    Mean                              Deg   Deg         Wind                 Dom
Day Temp  High   Time   Low    Time   Days  Days  Rain  Speed High   Time    Dir
----------------------------------------------------------------------------------
 1  14,1  21,9   13:17   8,1   03:25   4,0   0,5   0,0   1,8   6,5   00:07    SZ
 2  15,7  23,6   15:47   8,0   05:28   3,2   1,3   0,0   1,7   7,3   10:23   VSV
 3  15,2  23,6   12:26   6,5   04:09   3,7   1,4   0,0   1,4   8,2   16:45   VSV
 4  15,3  22,4   14:24  10,7   03:51   3,1   0,9   7,8   1,6   8,5   10:45   VSV
 5  15,8  22,5   16:22   9,3   05:33   2,8   1,1   0,3   1,8   9,0   16:59    JZ
 6  14,0  15,8   17:01  12,2   06:31   3,4   0,0   2,1   2,7  10,6   15:01   VSV
 7  14,2  18,2   16:50  11,6   05:48   3,3   0,0   1,5   1,7   9,8   11:36    SV
 8  16,1  22,9   15:29  10,8   05:44   2,4   1,0   0,0   1,1   4,9   10:49   VSV
 9  16,7  23,4   15:46  11,4   03:02   2,3   1,5   0,0   2,9  11,4   11:39   VSV
10  16,9  25,7   14:54   7,7   04:44   3,2   2,6   0,0   1,4   5,3   08:50    SV
11  18,7  27,6   15:46   7,4   05:44   2,8   3,9   0,0   2,1   9,0   13:17   JJZ
12  20,1  28,6   15:47  10,1   05:35   1,5   4,1   0,0   2,0   9,0   17:25     Z
13  18,6  25,7   16:27  12,3   00:27   1,2   2,4   0,0   2,9  14,3   14:19    JZ
14  17,1  25,3   17:09   8,1   05:04   2,6   2,2   0,0   1,5   7,8   14:30     Z
15  17,2  25,7   15:29   6,7   05:27   3,1   2,8   0,0   1,5   6,5   22:07   VSV
16  19,1  27,6   15:28  10,3   05:49   1,8   3,4   0,0   2,1   7,8   08:59     S
17  16,0  20,4   10:32  10,8   23:28   1,9   0,4   9,0   1,0   8,2   18:21    JV
18  13,8  20,9   16:06   6,1   23:58   4,3   0,7   0,0   1,8   9,0   13:22   VSV
19  15,6  25,8   17:01   4,1   03:36   4,6   2,8   0,0   1,7   7,8   10:06    JV
20  20,6  29,9   15:32  10,8   05:47   1,9   5,0   1,5   1,8   9,4   23:32   JJZ
21  20,2  25,3   16:16  13,5   23:23   0,3   3,0   1,2   2,5  10,6   16:29     Z
22  17,0  23,0   15:19  11,6   23:36   2,0   1,5   0,0   1,7   9,4   13:59     Z
23  16,5  23,6   17:22   8,6   03:04   2,6   1,7   0,0   2,0   7,8   09:58     V
24  17,7  20,7   10:50  15,5   06:10   0,8   0,9   1,8   1,6   7,3   07:21   VJV
25  14,9  17,1   18:48   9,7   23:57   2,6   0,0  10,8   1,2   7,0   13:46   VSV
26  16,0  23,1   16:06   9,1   00:46   3,2   1,7   0,3   2,0   9,4   16:30   ZJZ
----------------------------------------------------------------------------------
    16,7  29,9    20     4,1    19    68,6  46,8  36,3   1,8  14,3    13     VSV

Max >=  27,0:  4
Max <=   0,0:  0
Min <=   0,0:  0
Min <= -18,0:  0
Max Rain: 10,8 on day 25
Days of Rain: 8 (>= 0,4 mm)  4 (>= 2,0 mm)  0 (>= 20,0 mm)
Heat Base: 17,5  Cool Base: 17,5  Method: Integration



Poslední aktualizace 28.5.2022 0:20:01

Měšíční a roční statistické protokoly ve fromátu NOAA (National Oceanic and Atmospheric Administration)
Original Author: Ken True webmaster@saratoga-weather.org.
Bodged by beteljuice.