Němčany počasí: NOAA reporty

 


NOAA reporty


Report pro 2020 List
                   Monthly Climatological Summary for 11 2020

Name: Němčany   City: Němčany   State: Czech Repulic
Elevation: 256 m  Lat: N 49° 10' 12"   Lon: E 016° 54' 59"

                  Temperature (°C), Rain (mm), Wind Speed (m/s)

                                      Heat  Cool        Avg
    Mean                              Deg   Deg         Wind                 Dom
Day Temp  High   Time   Low    Time   Days  Days  Rain  Speed High   Time    Dir
----------------------------------------------------------------------------------
 1   9,4  10,3   21:25   7,1   00:52   8,1   0,0   7,5   1,0   5,8   10:05    JV
 2  12,7  15,7   15:22  10,2   00:00   4,8   0,0   1,5   0,5   4,1   12:52     J
 3  13,3  16,5   12:35  11,3   06:21   4,2   0,0   0,6   0,6   6,1   20:38     V
 4  11,4  13,1   00:00   9,0   23:48   6,1   0,0   6,9   1,1   5,3   04:19     J
 5   7,6  12,0   12:41   1,3   23:55   9,9   0,0   0,0   1,9   9,0   09:43   VSV
 6   3,2  11,9   14:55  -0,7   03:09  14,3   0,0   0,0   0,1   2,0   12:05   JJV
 7   6,8  14,5   13:24   2,4   04:40  10,7   0,0   0,0   1,5   6,1   14:34   SSV
 8   6,5  11,0   12:29   1,8   06:13  11,0   0,0   0,0   0,7   4,9   12:51   JJZ
 9   6,2   7,6   12:15   4,8   23:14  11,3   0,0   0,0   1,1   4,4   02:18    SV
10   5,0   6,2   14:14   3,6   03:24  12,5   0,0   0,3   1,0   4,4   08:35   SSV
11   6,2   6,6   13:34   5,9   16:41  11,3   0,0   0,0   1,4   5,3   15:06   VJV
12   5,9   6,4   11:33   5,5   09:05  11,6   0,0   0,9   1,7   6,1   11:43   JJV
13   6,6   8,5   14:06   5,8   05:37  10,9   0,0   0,0   2,1   5,8   17:45     J
14   6,8   7,7   14:38   5,9   03:12  10,8   0,0   0,0   2,3   5,8   01:13     J
15   7,3   8,0   18:50   6,6   07:21  10,2   0,0   0,0   2,4  10,2   21:13   VJV
16   6,3   7,9   14:55   4,0   21:23  11,3   0,0   0,3   1,9   7,8   03:31    JV
17   7,0  12,0   12:50   3,7   04:51  10,6   0,0   0,3   0,6   4,9   12:30   JJZ
18   9,3  15,0   13:23   6,5   21:00   8,2   0,0   0,0   0,7   5,3   21:40    JV
19   6,3   8,1   00:00   5,5   07:48  11,2   0,0   1,8   2,3   9,0   05:49     J
20   4,3   8,7   12:09  -1,8   23:58  13,1   0,0   0,0   1,4   9,4   11:57    JZ
21   0,1   6,1   12:53  -4,1   07:26  17,4   0,0   0,0   0,6   4,4   14:33     J
22   1,1   5,3   12:59  -3,9   07:00  16,4   0,0   0,0   1,3   7,8   10:14     J
23   2,1   3,3   15:46   0,7   03:45  15,4   0,0   0,3   1,2   4,4   11:08   JJZ
24  -0,1   1,8   15:26  -1,9   23:36  17,6   0,0   0,3   0,6   4,1   16:45   SSZ
25   0,6   1,7   19:27  -2,0   00:27  16,9   0,0   0,0   0,8   5,3   13:48   VJV
26   1,3   1,7   00:46   0,5   20:14  16,2   0,0   0,0   2,1   5,3   01:33     J
27   0,5   1,0   20:56  -0,2   05:21  16,9   0,0   0,6   1,7   4,1   10:42   JJZ
----------------------------------------------------------------------------------
     5,7  16,5     3    -4,1    21   318,9   0,0  21,3   1,3  10,2    15     JJV

Max >=  27,0:  0
Max <=   0,0:  0
Min <=   0,0:  7
Min <= -18,0:  0
Max Rain: 7,5 on day 1
Days of Rain: 7 (>= 0,4 mm)  2 (>= 2,0 mm)  0 (>= 20,0 mm)
Heat Base: 17,5  Cool Base: 17,5  Method: Integration



Poslední aktualizace 28.11.2020 2:50:01

Měšíční a roční statistické protokoly ve fromátu NOAA (National Oceanic and Atmospheric Administration)
Original Author: Ken True webmaster@saratoga-weather.org.
Bodged by beteljuice.