Němčany počasí: NOAA reporty

 


NOAA reporty

Vyberte roční nebo měsíční report

Report pro 2021 Ún
                   Monthly Climatological Summary for 2 2021

Name: Němčany   City: Němčany   State: Czech Repulic
Elevation: 256 m  Lat: N 49° 10' 12"   Lon: E 016° 54' 59"

                  Temperature (°C), Rain (mm), Wind Speed (m/s)

                                      Heat  Cool        Avg
    Mean                              Deg   Deg         Wind                 Dom
Day Temp  High   Time   Low    Time   Days  Days  Rain  Speed High   Time    Dir
----------------------------------------------------------------------------------
 1  -3,0   2,5   14:53  -7,1   06:20  20,5   0,0   0,0   2,8   8,2   10:41     S
 2   0,7   2,4   17:36  -3,9   00:00  16,8   0,0   5,1   2,2   7,0   22:26     J
 3   3,2   5,6   13:41   1,1   02:07  14,3   0,0   3,0   2,1   7,0   21:21     J
 4   6,0   9,3   12:36   1,0   23:34  11,5   0,0   0,0   1,8   9,0   07:50   ZJZ
 5   2,5   5,4   13:55   0,1   01:58  15,0   0,0   0,6   2,7   8,2   23:13    SV
 6   0,2   1,4   00:00  -1,9   23:59  17,3   0,0   1,8   6,2  17,2   21:47    SV
 7  -3,6  -1,9   00:00  -4,8   16:25  21,1   0,0   0,3   6,6  16,7   23:34    SV
 8  -3,8  -2,1   11:37  -5,7   23:04  21,3   0,0   0,0   0,5  11,0   01:35    SV
 9  -3,1   2,8   12:43  -7,3   01:35  20,6   0,0   2,1   0,5   5,3   23:52     S
10  -3,6  -1,8   13:32  -5,7   23:53  21,1   0,0   0,0   3,9  10,6   16:48   SSV
11  -6,1  -2,4   13:13 -11,6   23:56  23,6   0,0   0,0   2,3   9,4   11:40    JZ
12  -8,2  -1,8   12:57 -13,0   07:43  25,7   0,0   0,3   0,8   7,3   11:25     J
13  -5,3   0,8   12:37 -12,6   07:23  22,8   0,0   1,5   1,0   6,5   12:23     J
14  -5,8   3,3   13:59 -12,1   06:58  23,3   0,0   1,8   0,6   5,3   15:27   JJZ
15  -6,4   2,2   15:09 -14,0   07:05  23,9   0,0   0,3   0,3   2,9   12:07   JJZ
16  -2,1   0,0   12:56  -4,8   00:00  19,6   0,0   0,9   1,1   4,4   04:19     J
17   2,4   8,4   14:44  -1,0   00:00  15,1   0,0   1,2   1,4   6,5   09:14   JJZ
18   3,8  11,1   15:16   0,5   22:49  13,7   0,0   0,0   0,2   3,2   12:06     J
19   2,7   4,3   01:17  -0,3   21:07  14,8   0,0   0,0   1,1   7,0   03:21     J
20   1,2   3,7   15:13  -0,7   21:33  16,3   0,0   0,3   1,1   5,3   19:17   SSV
21   2,6   4,7   21:03   1,0   00:00  14,9   0,0   0,0   1,4   5,3   09:36   VJV
22   5,0   6,6   12:11   1,8   00:00  12,5   0,0   0,0   1,9   8,5   02:52    JV
23   2,7   7,0   14:54   0,2   23:33  14,8   0,0   0,0   0,8   4,9   15:54     S
24   4,7  15,7   14:22  -0,9   06:53  12,8   0,0   0,3   0,2   3,7   15:09     J
25   6,9  15,4   14:19   1,8   06:18  10,6   0,0   0,0   0,6   4,4   11:22   JJZ
26   6,3  14,5   14:48   0,0   07:52  11,2   0,0   6,3   1,1   7,3   22:12   JJV
----------------------------------------------------------------------------------
     0,0  15,7    24   -14,0    15   455,1   0,0  25,8   1,7  17,2     6       V

Max >=  27,0:  0
Max <=   0,0:  6
Min <=   0,0: 18
Min <= -18,0:  0
Max Rain: 6,3 on day 26
Days of Rain: 10 (>= 0,4 mm)  4 (>= 2,0 mm)  0 (>= 20,0 mm)
Heat Base: 17,5  Cool Base: 17,5  Method: Integration



Poslední aktualizace 27.2.2021 20:00:01

Měšíční a roční statistické protokoly ve fromátu NOAA (National Oceanic and Atmospheric Administration)
Original Author: Ken True webmaster@saratoga-weather.org.
Bodged by beteljuice.