Němčany počasí: NOAA reporty

 


NOAA reporty


Report pro 2020
                   Annual Climatological Summary for 2020

Name: Němčany   City: Němčany   State: Czech Repulic
Elevation: 256 m  Lat: N 49° 10' 12"   Lon: E 016° 54' 59"

                  Temperature (°C), Heat Base: 17,5  Cool Base: 17,5
                          Dep.  Heat  Cool                       Max  Max  Min  Min
        Mean  Mean        From  Deg   Deg                        >=   <=   <=   <=
 YR MO  Max   Min   Mean  Norm  Days  Days  Hi  Date  Low  Date 27,0  0,0  0,0 -18,0
------------------------------------------------------------------------------------
 20  1   3,4  -2,2   0,4  -0,9   528     0  11,9  31  -6,8    7    0    5   27    0
 20  2   9,9   1,4   5,6   6,9   346     0  15,8   1  -3,5    8    0    0    9    0
 20  3  12,6   1,0   6,5  -1,3   341     1  21,2  19  -5,0   15    0    0   15    0
 20  4  19,3   2,8  11,1  -1,9   209    17  25,0  17  -7,4    1    0    0    5    0
 20  5  19,5   6,5  13,2  -4,4   153    21  27,3   9   1,2   13    1    0    0    0
 20  6  23,6  13,1  18,3  -3,2    39    63  30,9  28   7,4    2    6    0    0    0
 20  7  27,1  12,7  19,7  -2,1    39   108  34,0  28   7,5   12   17    0    0    0
 20  8  28,3  15,4  21,4  -1,4    15   136  33,7   7   9,1   28   19    0    0    0
 20  9  23,0  10,9  16,5  -2,1    85    54  30,7  14   3,9   27    7    0    0    0
 20 10  15,2   7,0  10,9   0,1   209     4  25,0   3   0,0   15    0    0    2    0
 20 11   8,0   2,9   5,3  -0,6   366     0  16,5   3  -4,1   21    0    0    9    0
 20 12   5,2   1,3   3,1   1,1   446     0  12,1   6  -5,3    2    0    0    9    0
------------------------------------------------------------------------------------
        16,2   6,1  11,0  -0,8  2781   407  34,0   7  -7,4    4   50    5   76    0

                                Precipitation (mm)

              Dep.   Max        Days of Rain
              From   Obs.           >=
 YR MO Total  Norm   Day Date  0,4  2,0 20,0
---------------------------------------------
 20  1  17,1 -17,3   9,3  19     6    2    0
 20  2  41,1  26,2   8,7   4    10    6    0
 20  3  22,0  -1,4  12,7   2     5    3    0
 20  4   8,1 -23,3   5,4  13     2    2    0
 20  5  85,1  32,6  23,7  23    15    9    1
 20  6 140,2  75,1  27,2  18    13   10    2
 20  7  73,9 -55,4  16,2  20     8    6    0
 20  8  61,8 -29,9  16,8   4     9    6    0
 20  9  72,0  40,3  23,4   1     6    5    1
 20 10  93,9  46,0  18,0  13    13   11    0
 20 11  21,6  12,4   7,5   1     7    2    0
 20 12  43,8  21,0  10,2  24    12    7    0
---------------------------------------------
       680,6 126,3  27,2    6  106   69    4

                                Wind Speed (m/s)
                          Dom
 YR MO   Avg.  Hi   Date  Dir
------------------------------
 20  1   1,5  12,6    4   JJZ
 20  2   2,9  21,2   23   JJZ
 20  3   2,9  17,2   24   VJV
 20  4   2,1  16,3   25   VSV
 20  5   1,9  12,6    2   JJV
 20  6   1,9  16,7   13     V
 20  7   1,5  14,3    6   JJV
 20  8   1,8  16,0   26     V
 20  9   1,8  11,9   25    JV
 20 10   1,9  17,2    4   JJV
 20 11   1,2  10,2   15   JJV
 20 12   2,2  17,5    4   VJV
------------------------------
         2,0  21,2    2    JV



Poslední aktualizace 18.1.2021 6:10:01

Měšíční a roční statistické protokoly ve fromátu NOAA (National Oceanic and Atmospheric Administration)
Original Author: Ken True webmaster@saratoga-weather.org.
Bodged by beteljuice.