Němčany počasí: NOAA reporty

 


NOAA reporty


Report pro 2013
                   Annual Climatological Summary for 2013

Name: Němčany   City: Němčany   State: Czech Repulic
Elevation: 256 m  Lat: N 49° 10' 12"   Lon: E 016° 54' 59"

                  Temperature (°C), Heat Base: 17,5  Cool Base: 17,5
                          Dep.  Heat  Cool                       Max  Max  Min  Min
        Mean  Mean        From  Deg   Deg                        >=   <=   <=   <=
 YR MO  Max   Min   Mean  Norm  Days  Days  Hi  Date  Low  Date 27,0  0,0  0,0 -18,0
------------------------------------------------------------------------------------
 13  1   1,2  -4,4  -1,6  -2,9   615     0   9,4   5 -14,7   27    0   14   26    0
 13  2   4,1  -2,3   0,3   1,6   504     0  10,3   1 -10,7   21    0    3   21    0
 13  3   6,4  -2,1   1,6  -6,2   516     0  17,4   6  -9,1   24    0    4   23    0
 13  4  17,7   4,4  10,7  -2,3   249    21  28,4  26  -5,5    1    2    0    7    0
 13  5  20,8   9,5  14,8  -2,8   132    24  28,1  19   3,1   14    3    0    0    0
 13  6  25,0  12,3  18,5  -3,0    78    83  35,9  20   5,4    1   12    0    0    0
 13  7  30,1  13,8  22,2   0,4    31   151  38,0  28   6,3    1   25    0    0    0
 13  8  28,7  14,1  21,0  -1,8    43   129  39,7   8   8,2   15   18    0    0    0
 13  9  20,4   8,8  14,1  -4,6   145    17  29,8   8   0,5   28    4    0    0    0
 13 10  16,4   5,9  10,8   0,0   234     2  22,2  22  -0,7    3    0    0    2    0
 13 11   9,3   2,0   5,6  -0,3   382     0  18,8   8  -6,4   28    0    0    6    0
 13 12   4,3  -0,1   2,0   0,0   506     0  11,1  25  -5,1   21    0    5   17    0
------------------------------------------------------------------------------------
        15,4   5,2  10,0  -1,8  3439   430  39,7   8 -14,7    1   64   26  102    0

                                Precipitation (mm)

              Dep.   Max        Days of Rain
              From   Obs.           >=
 YR MO Total  Norm   Day Date  0,4  2,0 20,0
---------------------------------------------
 13  1  18,3 -16,1   3,0  29    12    4    0
 13  2  34,2  19,3   9,9  24    11    6    0
 13  3  21,9  -1,5  12,0  19     6    3    0
 13  4  28,5  -2,9  17,1  19     6    4    0
 13  5  79,5  27,0  10,5  30    15   13    0
 13  6  55,2  -9,9  10,5  22    10    7    0
 13  7   2,4-126,9   1,5  11     2    0    0
 13  8  61,5 -30,2  23,7   4     9    6    1
 13  9  48,0  16,3   9,3  14    12    7    0
 13 10  30,6 -17,3   9,0  11    10    5    0
 13 11  18,9   9,7   4,5  21    10    3    0
 13 12   6,3 -16,5   1,5   9     4    0    0
---------------------------------------------
       405,3-149,0  23,7    8  107   58    1

                                Wind Speed (m/s)
                          Dom
 YR MO   Avg.  Hi   Date  Dir
------------------------------
 13  1   0,9  10,2   31   JJV
 13  2   1,1  11,9   26   VSV
 13  3   1,5  14,3   26     V
 13  4   1,1  11,6   20   VJV
 13  5   0,9  10,9   16   JJV
 13  6   0,7   7,8   12   JJZ
 13  7   0,7  11,2   29   SSV
 13  8   1,0  13,6   19     V
 13  9   1,1  13,1   30     Z
 13 10   1,1  12,2    1   VJV
 13 11   1,5  12,2   25    JV
 13 12   1,8  19,2    6     J
------------------------------
         1,1  19,2   12    JV



Poslední aktualizace 28.10.2020 9:50:02

Měšíční a roční statistické protokoly ve fromátu NOAA (National Oceanic and Atmospheric Administration)
Original Author: Ken True webmaster@saratoga-weather.org.
Bodged by beteljuice.