Němčany počasí: NOAA reporty

 


NOAA reporty


Report pro 2018
                   Annual Climatological Summary for 2018

Name: Němčany   City: Němčany   State: Czech Repulic
Elevation: 256 m  Lat: N 49° 10' 12"   Lon: E 016° 54' 59"

                  Temperature (°C), Heat Base: 17,5  Cool Base: 17,5
                          Dep.  Heat  Cool                       Max  Max  Min  Min
        Mean  Mean        From  Deg   Deg                        >=   <=   <=   <=
 YR MO  Max   Min   Mean  Norm  Days  Days  Hi  Date  Low  Date 27,0  0,0  0,0 -18,0
------------------------------------------------------------------------------------
 18  1   5,2   0,0   2,6   1,3   461     0  14,0  29  -7,9   22    0    2   18    0
 18  2   1,5  -4,2  -1,5  -0,2   531     0   6,4   4 -11,6   28    0    5   27    0
 18  3   7,3  -1,4   2,9  -4,9   451     0  16,4  11 -13,3    1    0    5   16    0
 18  4  21,9   8,1  15,1   2,1   113    42  28,3  29   0,9    2    3    0    0    0
 18  5  24,9  12,5  18,4   0,8    50    79  30,5  31   9,3   19   10    0    0    0
 18  6  26,4  14,2  20,1  -1,4    25   103  32,9  21   7,3   23   15    0    0    0
 18  7  28,8  14,5  21,7  -0,1    21   151  33,7  29   5,2    2   24    0    0    0
 18  8  30,9  17,0  23,9   1,1    11   210  35,6   9   7,0   27   27    0    0    0
 18  9  23,7  11,6  17,2  -1,4    74    65  29,8  12   0,2   26    7    0    0    0
 18 10  18,4   7,2  12,5   1,7   169    15  24,3  10   0,1   22    0    0    0    0
 18 11   9,5   3,3   6,3   0,4   335     0  19,8   2  -7,8   29    0    0    7    0
 18 12   4,5  -0,4   2,0   0,0   481     0  10,0   4  -5,1   14    0    3   18    0
------------------------------------------------------------------------------------
        16,9   6,9  11,8   0,0  2729   667  35,6   8 -13,3    3   86   15   86    0

                                Precipitation (mm)

              Dep.   Max        Days of Rain
              From   Obs.           >=
 YR MO Total  Norm   Day Date  0,4  2,0 20,0
---------------------------------------------
 18  1  44,2   9,8  17,1  10     9    8    0
 18  2  13,2  -1,7   3,6   1     5    3    0
 18  3  26,1   2,7   9,6  31     5    4    0
 18  4  26,1  -5,3  17,7  13     4    2    0
 18  5  34,2 -18,3  14,1  15     7    3    0
 18  6  45,3 -19,8  16,8   3    11    4    0
 18  7  37,5 -91,8  11,7  22     9    4    0
 18  8  13,2 -78,5   4,5  26     5    3    0
 18  9  64,8  33,1  23,4   1     7    5    1
 18 10  19,5 -28,4   5,4  27     9    4    0
 18 11  12,3   3,1   5,1   2     4    3    0
 18 12  28,2   5,4   7,2  24    14    4    0
---------------------------------------------
       364,6-189,7  23,4    9   89   47    1

                                Wind Speed (m/s)
                          Dom
 YR MO   Avg.  Hi   Date  Dir
------------------------------
 18  1   2,4  15,1    9   VJV
 18  2   2,8  17,2   22   VSV
 18  3   3,0  23,3   18     V
 18  4   2,6  16,0    8    JV
 18  5   2,5  13,4   29   VSV
 18  6   2,0  15,5   29     V
 18  7   1,7  13,9   25    SV
 18  8   2,2  13,1    8     V
 18  9   1,8  18,4   23   JJV
 18 10   2,5  19,2   30   VJV
 18 11   2,9  16,0   26     V
 18 12   1,2  13,1   10    JZ
------------------------------
         2,3  23,3    3   VJV



Poslední aktualizace 23.10.2020 13:40:02

Měšíční a roční statistické protokoly ve fromátu NOAA (National Oceanic and Atmospheric Administration)
Original Author: Ken True webmaster@saratoga-weather.org.
Bodged by beteljuice.