Němčany počasí: NOAA reporty

 


NOAA reporty


Report pro 2023
                   Annual Climatological Summary for 2023

Name: Němčany   City: Němčany   State: Czech Repulic
Elevation: 256 m  Lat: N 49° 10' 12"   Lon: E 016° 54' 59"

                  Temperature (°C), Heat Base: 18,3  Cool Base: 18,3
                          Dep.  Heat  Cool                       Max  Max  Min  Min
        Mean  Mean        From  Deg   Deg                        >=   <=   <=   <=
 YR MO  Max   Min   Mean  Norm  Days  Days  Hi  Date  Low  Date 25,0  0,0  0,0 -10,0
------------------------------------------------------------------------------------
 23  1   6,1   1,1   3,6   4,7   432     0  12,7   5  -5,7   30    0    0    9    0
 23  2   7,3  -1,1   3,0   2,7   405     0  15,3  21  -7,8    7    0    0   20    0
 23  3  12,6   1,6   7,0   2,8   324     1  21,7  23  -5,6    4    0    0   13    0
 23  4  13,8   4,3   9,0  -0,9   281     1  22,4  22  -4,9    5    0    0    3    0
 23  5  20,2   8,7  14,3  -0,1   143    18  27,4  21   3,1    9    3    0    0    0
 23  6  25,6  12,1  18,9   0,9    56    75  33,5  21   6,4   13   14    0    0    0
 23  7  29,7  14,8  22,2   2,4    23   144  34,9  15   9,7   27   29    0    0    0
 23  8  26,8  15,8  20,9   1,5    32   111  35,5  21   9,4   11   18    0    0    0
 23  9  26,6  13,4  19,4   5,1    44    78  32,4  12  10,2   30   22    0    0    0
 23 10  19,6   8,0  13,5   4,4   164    16  26,2   3   1,4   17    4    0    0    0
 23 11   9,5   2,4   5,9   1,6   373     0  17,2   1  -7,5   29    0    0    7    0
 23 12   6,0  -0,1   2,7   2,9   482     0  12,5  25 -10,0    4    0    0   15    1
------------------------------------------------------------------------------------
        17,0   6,7  11,7   2,3  2763   447  35,5   8 -10,0   12   90    0   67    1

                                Precipitation (mm)

              Dep.   Max        Days of Rain
              From   Obs.           >=
 YR MO Total  Norm   Day Date  0,4  4,0 16,0
---------------------------------------------
 23  1  41,1  12,1   8,7  15    15    3    0
 23  2  28,5   3,5   9,0   1     7    3    0
 23  3  18,9 -16,1   8,7  30     8    1    0
 23  4  68,7  35,7  33,6  14    11    6    1
 23  5  67,4   6,4  21,6  17     9    4    2
 23  6  21,7 -49,3   6,0   9     5    3    0
 23  7  30,4 -45,6   8,0  29    13    3    0
 23  8 151,1  85,1  28,2  29    13    8    4
 23  9  13,8 -42,2   6,6  19     4    1    0
 23 10  41,1   1,1  22,5  27     7    3    1
 23 11  52,1  16,1  25,2   3    13    3    1
 23 12  76,0  43,0  14,5   2    13    7    0
---------------------------------------------
       610,8  49,8  33,6    4  118   45    9

                                Wind Speed (m/s)
                          Dom
 YR MO   Avg.  Hi   Date  Dir
------------------------------
 23  1   1,8  12,6   24   JJV
 23  2   2,0  17,5    3   ZJZ
 23  3   2,4  15,5   11    JZ
 23  4   2,3  14,6   18     V
 23  5   2,7  16,0    8     V
 23  6   1,9  14,6   11   VSV
 23  7   1,7  18,0   29    JZ
 23  8   1,7  16,7   26     J
 23  9   1,6  13,4   21   VJV
 23 10   1,7  13,1   31   JJZ
 23 11   1,9  16,0    3   JJZ
 23 12   1,5  14,3   22    JZ
------------------------------
         1,9  18,0    7     J



Poslední aktualizace 22.5.2024 8:00:02

Měšíční a roční statistické protokoly ve fromátu NOAA (National Oceanic and Atmospheric Administration)
Original Author: Ken True webmaster@saratoga-weather.org.
Bodged by beteljuice.