Němčany počasí: NOAA reporty

 


NOAA reporty


Report pro 2024 Dub
                   Monthly Climatological Summary for 4 2024

Name: Němčany   City: Němčany   State: Czech Repulic
Elevation: 256 m  Lat: N 49° 10' 12"   Lon: E 016° 54' 59"

                  Temperature (°C), Rain (mm), Wind Speed (m/s)

                                      Heat  Cool        Avg
    Mean                              Deg   Deg         Wind                 Dom
Day Temp  High   Time   Low    Time   Days  Days  Rain  Speed High   Time    Dir
----------------------------------------------------------------------------------
 1  17,3  24,9   14:32  10,0   23:33   2,5   1,5   4,8   4,7  17,5   17:51   JJV
 2  11,0  16,3   15:00   6,8   23:55   7,3   0,0   4,5   3,2  12,6   15:52     Z
 3  11,4  17,9   13:59   4,8   06:49   6,9   0,0   0,0   3,1  12,2   11:33    JZ
 4  13,2  20,0   15:11   7,8   06:40   5,2   0,1   1,5   2,5  14,6   21:58   ZJZ
 5  14,4  20,8   17:33   7,7   05:36   4,2   0,3   0,0   2,1   9,0   13:21    JZ
 6  17,9  26,6   17:09  13,0   06:49   2,2   1,8   0,3   1,1   7,3   14:09    JZ
 7  18,9  27,5   16:15  10,3   06:22   2,4   3,0   0,0   1,7   9,8   15:36     J
 8  20,9  26,4   16:12  16,3   05:53   0,3   2,9   0,0   3,6  10,6   11:54   VJV
 9  19,6  25,0   16:21  13,5   23:56   0,9   2,2   0,0   2,3   9,4   09:31    JV
10  12,0  16,0   02:56   9,4   09:03   6,3   0,0   0,9   1,8   9,8   00:28     Z
11  13,6  20,2   15:37   6,9   06:07   5,0   0,3   0,0   1,6   7,3   11:59   VSV
12  14,2  24,7   16:51   4,0   06:15   5,5   1,4   0,0   0,9   6,1   13:57   JJZ
13  15,8  26,0   16:36   6,8   06:31   4,3   1,9   0,0   1,2   7,0   11:15   ZJZ
14  16,5  24,8   14:39   8,6   05:42   3,6   1,8   0,0   1,5   9,4   14:05   ZJZ
15  14,3  18,1   13:20  12,2   23:52   4,0   0,0   2,7   2,1   7,0   14:09     Z
16   9,1  12,5   01:30   5,1   23:46   9,2   0,0   0,0   3,0  11,0   13:26   ZJZ
17   8,1  13,5   14:11   2,5   23:58  10,2   0,0   0,0   1,9   7,3   13:18     Z
18   6,1  13,8   14:17  -0,8   06:15  12,2   0,0   0,0   1,3   8,5   17:17   ZSZ
19   5,5  12,2   15:00  -0,8   04:21  12,8   0,0   0,6   3,8  16,3   14:53    JZ
20   6,8  11,5   14:25   4,0   23:17  11,6   0,0   7,5   2,4   8,5   01:48   ZJZ
21   4,9   8,2   15:16   2,6   03:07  13,4   0,0   0,0   1,9   9,0   11:17     V
22   5,9  10,8   15:47   1,6   23:54  12,4   0,0   0,0   2,3   7,8   11:49   VSV
23   5,8  10,2   15:57   0,6   02:07  12,6   0,0   0,0   2,9   9,4   10:15   VSV
24   7,1   8,7   09:03   2,0   23:58  11,2   0,0   2,7   1,3   5,8   15:47   ZJZ
25   6,4  14,1   16:35   0,0   02:39  11,9   0,0   0,3   1,8  12,6   13:38    JZ
26   9,1  17,7   15:11  -0,6   05:34   9,2   0,0   0,0   2,3  11,9   12:08   JJV
27  13,0  21,1   16:08   2,8   05:34   5,7   0,4   0,0   2,9  12,2   14:53    JV
28  17,1  23,6   15:26  11,6   03:37   2,5   1,3   0,0   3,6  11,4   05:46    JV
29  18,9  26,7   14:21   9,6   05:59   2,3   2,9   0,0   2,8   9,8   16:19   VJV
30  19,1  25,4   14:28  10,4   03:41   1,9   2,7   0,0   3,1  11,4   14:51    JV
----------------------------------------------------------------------------------
    12,5  27,5     7    -0,8    18   199,7  24,5  25,8   2,4  17,5     1       J

Max >=  25,0:  7
Max <=   0,0:  0
Min <=   0,0:  4
Min <= -10,0:  0
Max Rain: 7,5 on day 20
Days of Rain: 8 (>= 0,4 mm)  3 (>= 4,0 mm)  0 (>= 16,0 mm)
Heat Base: 18,3  Cool Base: 18,3  Method: Integration



Poslední aktualizace 22.5.2024 6:50:01

Měšíční a roční statistické protokoly ve fromátu NOAA (National Oceanic and Atmospheric Administration)
Original Author: Ken True webmaster@saratoga-weather.org.
Bodged by beteljuice.