Němčany počasí: NOAA reporty

 


NOAA reporty


Report pro 2024 Led
                   Monthly Climatological Summary for 1 2024

Name: Němčany   City: Němčany   State: Czech Repulic
Elevation: 256 m  Lat: N 49° 10' 12"   Lon: E 016° 54' 59"

                  Temperature (°C), Rain (mm), Wind Speed (m/s)

                                      Heat  Cool        Avg
    Mean                              Deg   Deg         Wind                 Dom
Day Temp  High   Time   Low    Time   Days  Days  Rain  Speed High   Time    Dir
----------------------------------------------------------------------------------
 1   5,0   7,6   13:04   3,5   23:58  13,3   0,0   2,4   1,4   5,8   14:33    JZ
 2   3,5   5,2   23:43   1,4   04:00  14,8   0,0   6,9   1,1   6,5   23:38   JJZ
 3   8,0  10,6   16:42   5,2   00:00  10,3   0,0   3,9   1,5   6,1   09:45   ZJZ
 4   8,2  10,1   13:49   5,7   23:13  10,1   0,0   0,3   3,5  11,0   15:05   ZJZ
 5   4,4   8,3   15:16   1,8   08:10  13,9   0,0   0,0   1,1   6,1   23:31   SSV
 6   4,3   6,1   13:58   1,4   23:54  14,1   0,0  10,2   3,3   9,8   22:42   VSV
 7  -1,5   1,4   00:00  -4,3   23:39  19,8   0,0   0,6   5,9  13,9   16:24   VJV
 8  -6,0  -4,2   00:06  -8,1   23:35  24,3   0,0   0,0   6,0  14,3   11:50     V
 9  -8,7  -4,5   13:54 -10,7   21:54  27,0   0,0   0,0   4,8  13,9   02:34     V
10  -6,9   0,5   14:48 -11,1   03:45  25,2   0,0   0,0   2,3   9,8   08:47   SSV
11  -4,7   0,7   12:12 -10,4   05:54  23,0   0,0   0,0   0,7   5,8   14:15   JJZ
12  -0,8   3,6   13:30  -3,7   00:00  19,1   0,0   0,0   0,9   5,3   11:06     Z
13  -0,1   1,0   12:28  -1,3   23:37  18,4   0,0   0,0   2,4   7,0   23:40   ZJZ
14   0,5   3,0   13:27  -1,3   00:00  17,8   0,0   0,0   3,2   9,0   11:22    JZ
15  -0,4   3,6   13:57  -2,9   06:11  18,7   0,0   0,0   2,8   9,4   14:07   ZJZ
16   0,1   4,0   11:41  -3,7   23:53  18,2   0,0   0,6   1,6   9,0   09:25   ZJZ
17  -0,7   3,3   22:36  -5,5   01:54  19,0   0,0   0,0   2,0   8,5   10:49     J
18   3,0   4,9   14:56   0,3   22:06  15,3   0,0   4,8   1,3   9,0   21:43   ZJZ
19  -0,5   3,0   15:00  -4,2   23:55  18,8   0,0   0,3   1,3   6,1   13:49   ZJZ
20  -1,8   3,6   14:48  -5,7   07:21  20,1   0,0   0,0   1,1   6,5   13:08   ZJZ
21  -2,2   5,3   14:08  -8,1   07:44  20,5   0,0   0,0   0,5   4,9   20:23   JJZ
22  -0,1   3,1   11:55  -3,4   07:16  18,5   0,0   4,8   2,2   8,5   12:30   JJZ
23   1,8   5,4   14:55   0,0   00:36  16,6   0,0   2,1   0,5   6,1   15:29     Z
24   5,9  11,2   15:36   1,4   00:16  12,4   0,0   3,0   3,2  12,6   22:22   ZJZ
25   7,0   8,3   11:10   4,8   22:41  11,3   0,0   0,0   3,4  14,3   11:48     Z
26   3,2   6,2   23:58  -0,7   07:22  15,1   0,0   2,1   1,0   9,0   23:57   ZJZ
27   4,7   7,5   14:18   0,8   23:19  13,6   0,0   0,0   3,2  10,2   00:11     Z
28   2,9  10,0   14:37  -1,9   23:55  15,4   0,0   0,0   0,6   3,7   02:33     J
29   1,4   9,1   15:01  -3,3   05:23  16,9   0,0   0,0   0,5   4,9   15:55     J
30   3,0   8,1   14:41  -0,4   02:17  15,3   0,0   0,0   1,8   7,3   12:58    JV
31   1,2   2,6   11:33  -0,4   02:35  17,1   0,0   0,0   0,4   4,1   11:56    JZ
----------------------------------------------------------------------------------
     1,1  11,2    24   -11,1    10   533,9   0,0  42,0   2,1  14,3     8      JZ

Max >=  25,0:  0
Max <=   0,0:  2
Min <=   0,0: 21
Min <= -10,0:  3
Max Rain: 10,2 on day 6
Days of Rain: 11 (>= 0,4 mm)  4 (>= 4,0 mm)  0 (>= 16,0 mm)
Heat Base: 18,3  Cool Base: 18,3  Method: Integration



Poslední aktualizace 22.5.2024 8:00:02

Měšíční a roční statistické protokoly ve fromátu NOAA (National Oceanic and Atmospheric Administration)
Original Author: Ken True webmaster@saratoga-weather.org.
Bodged by beteljuice.