Němčany počasí: NOAA reporty

 


NOAA reporty


Report pro 2023 Pros
                   Monthly Climatological Summary for 12 2023

Name: Němčany   City: Němčany   State: Czech Repulic
Elevation: 256 m  Lat: N 49° 10' 12"   Lon: E 016° 54' 59"

                  Temperature (°C), Rain (mm), Wind Speed (m/s)

                                      Heat  Cool        Avg
    Mean                              Deg   Deg         Wind                 Dom
Day Temp  High   Time   Low    Time   Days  Days  Rain  Speed High   Time    Dir
----------------------------------------------------------------------------------
 1   0,5   1,6   12:48  -0,4   03:51  17,8   0,0   0,9   1,9   8,2   21:08   VSV
 2  -0,6   0,5   00:00  -2,4   23:57  18,9   0,0  14,5   3,2  11,0   08:40   VJV
 3  -2,2   0,6   11:58  -4,6   23:57  20,5   0,0   0,0   1,7   7,3   01:21   ZJZ
 4  -2,7   2,0   12:32 -10,0   07:51  21,0   0,0   0,3   2,2  10,2   18:02   VJV
 5  -0,9   1,5   10:38  -3,4   22:13  19,2   0,0   0,3   1,4   7,3   00:14   JJV
 6  -0,1   2,3   13:18  -2,6   01:43  18,4   0,0   5,8   0,1   4,4   23:07   JJZ
 7   2,1   4,3   13:06   0,0   00:49  16,2   0,0   2,1   1,2   6,5   06:41   ZSZ
 8  -0,3   1,8   13:34  -4,0   07:04  18,6   0,0   0,0   2,7  11,9   11:44   VJV
 9   0,6   1,3   14:28   0,0   07:23  17,7   0,0   1,8   2,6  12,6   21:20   JJV
10   0,5   3,3   14:08  -2,3   23:18  17,8   0,0   2,6   1,7  10,6   00:22     J
11   3,1   6,9   12:13  -1,5   00:06  15,2   0,0   2,7   1,7   9,4   03:45   JJZ
12   4,8  11,3   13:58   2,1   17:42  13,5   0,0   0,3   0,8   5,8   00:20    JZ
13   4,5   6,3   00:42   3,2   23:07  13,8   0,0   1,5   0,6   4,4   01:01     J
14   5,1   8,6   13:23   2,4   08:24  13,2   0,0   0,3   0,6   4,9   14:44     Z
15   3,2   5,8   00:00   0,2   19:49  15,1   0,0   0,3   0,9   4,1   04:53     V
16   3,3   8,4   13:44   1,2   00:00  15,0   0,0   0,3   0,6   4,4   12:30     Z
17   3,2   7,9   14:21  -0,4   23:38  15,1   0,0   0,0   1,4   5,8   11:59    JZ
18   0,8   8,6   14:51  -1,9   23:39  17,5   0,0   0,3   0,2   6,5   14:23   JJZ
19   0,9   7,8   14:16  -2,0   04:19  17,4   0,0   0,0   0,1   1,7   03:39   VJV
20   1,6   4,8   15:28  -2,4   02:39  16,7   0,0   5,1   1,0   5,8   19:21   ZJZ
21   5,1   7,6   21:17   2,2   01:49  13,2   0,0  11,1   3,4   9,8   12:55    JZ
22   3,5   6,2   11:19   1,1   23:03  14,8   0,0   4,5   4,0  14,3   11:09     Z
23   1,3   2,5   06:10   0,8   21:30  17,0   0,0   9,0   2,5  10,2   05:46   ZJZ
24   4,3   7,3   23:52   0,8   00:00  14,0   0,0  11,7   1,2   4,4   16:06     Z
25   9,8  12,5   12:57   7,3   00:00   8,5   0,0   0,0   2,3  11,0   10:55   ZJZ
26   8,5  10,2   12:09   4,7   23:58   9,8   0,0   0,0   2,0   8,5   10:40    JZ
27   5,3  10,7   13:45   2,0   03:43  13,0   0,0   0,0   0,4   3,2   13:10   JJZ
28   3,7   4,9   14:10   1,5   06:55  14,6   0,0   0,3   1,1   5,3   09:37    JZ
29   5,4   8,9   14:15   1,3   08:39  12,9   0,0   0,3   0,7   4,9   13:03   ZJZ
30   7,0  12,3   12:48   2,5   23:57  11,4   0,0   0,0   1,2  10,2   12:14   ZJZ
31   3,6   7,3   14:28   0,2   04:58  14,7   0,0   0,0   1,1   7,8   07:49     S
----------------------------------------------------------------------------------
     2,7  12,5    25   -10,0     4   482,5   0,0  76,0   1,5  14,3    22     JJZ

Max >=  25,0:  0
Max <=   0,0:  0
Min <=   0,0: 15
Min <= -10,0:  1
Max Rain: 14,5 on day 2
Days of Rain: 13 (>= 0,4 mm)  7 (>= 4,0 mm)  0 (>= 16,0 mm)
Heat Base: 18,3  Cool Base: 18,3  Method: Integration



Poslední aktualizace 22.5.2024 6:30:02

Měšíční a roční statistické protokoly ve fromátu NOAA (National Oceanic and Atmospheric Administration)
Original Author: Ken True webmaster@saratoga-weather.org.
Bodged by beteljuice.