Němčany počasí: NOAA reporty

 


NOAA reporty


Report pro 2023 List
                   Monthly Climatological Summary for 11 2023

Name: Němčany   City: Němčany   State: Czech Repulic
Elevation: 256 m  Lat: N 49° 10' 12"   Lon: E 016° 54' 59"

                  Temperature (°C), Rain (mm), Wind Speed (m/s)

                                      Heat  Cool        Avg
    Mean                              Deg   Deg         Wind                 Dom
Day Temp  High   Time   Low    Time   Days  Days  Rain  Speed High   Time    Dir
----------------------------------------------------------------------------------
 1  11,0  17,2   13:56   5,5   03:18   7,3   0,0   0,3   1,8   7,8   13:37     J
 2  13,2  16,0   15:04   9,5   06:39   5,1   0,0   1,2   4,7  15,5   18:43    JV
 3   9,9  13,6   00:11   6,6   19:03   8,4   0,0  25,2   3,3  16,0   00:31     J
 4   8,4  13,4   13:50   3,9   07:02   9,9   0,0   0,0   2,2   8,5   19:36   JJV
 5   9,9  12,8   15:16   8,1   00:27   8,5   0,0   2,7   2,5   9,0   15:13   JJZ
 6  10,0  15,9   14:32   5,7   20:40   8,3   0,0   0,0   2,3  13,1   12:44    JZ
 7   8,9  14,6   12:20   4,1   03:04   9,4   0,0   0,6   1,0   6,5   13:56    JZ
 8   7,9  12,1   12:29   3,3   23:45  10,4   0,0   0,3   1,0   6,5   12:08   ZJZ
 9   7,1  11,7   11:46   0,6   04:59  11,2   0,0   0,0   1,8   9,8   12:18   VJV
10   7,9   9,2   12:34   5,7   07:12  10,4   0,0   0,3   1,4   8,5   11:17    JV
11   6,4   8,8   15:03   4,4   04:33  11,9   0,0   0,3   1,4   7,3   18:11   ZJZ
12   4,7  10,8   13:23   0,3   22:33  13,6   0,0   0,0   1,2   6,5   01:25    JZ
13   3,1   7,4   23:59  -1,7   06:38  15,2   0,0   4,5   0,6   4,4   18:11     J
14  10,1  13,4   11:26   7,4   00:00   8,2   0,0   5,9   2,7   9,0   11:58   ZJZ
15   9,4  12,3   14:06   8,0   03:29   8,9   0,0   0,9   2,5   9,8   11:04   ZJZ
16   7,6  12,2   13:16   3,6   06:05  10,7   0,0   0,0   1,3   9,4   12:11    JZ
17   6,2   8,0   10:54   4,7   18:43  12,1   0,0   0,6   2,7   9,8   12:31   ZSZ
18   4,2   6,7   09:26   0,5   23:11  14,1   0,0   0,0   1,5   8,2   10:12     Z
19   3,0   5,5   23:19   0,6   00:00  15,3   0,0   1,8   1,2   6,5   13:02   JJZ
20   7,3  11,6   14:21   4,0   23:17  11,0   0,0   1,5   1,1   4,9   13:47   ZJZ
21   5,5  11,7   13:31   1,3   07:21  12,8   0,0   0,0   0,4   7,8   23:52   VJV
22   1,6   6,0   00:00   0,0   18:24  16,7   0,0   0,0   2,9   8,2   00:23     V
23   4,1   7,6   13:11   0,1   00:00  14,2   0,0   0,0   3,6  12,2   22:55    JZ
24   5,2   8,5   12:50   1,0   22:10  13,1   0,0   2,4   3,5  12,2   14:31   ZJZ
25   1,7   4,1   12:50   0,1   20:39  16,6   0,0   0,3   1,6   8,2   11:27     Z
26   0,4   1,9   10:45  -1,5   20:40  17,9   0,0   0,0   1,6   9,0   11:44     Z
27   1,6   3,7   14:36  -1,1   00:00  16,7   0,0   0,3   0,8   7,8   21:52   VJV
28   1,5   3,5   14:26  -1,9   23:52  16,8   0,0   1,5   1,3   9,0   19:31   VJV
29  -2,1   2,0   14:28  -7,5   07:29  20,4   0,0   1,2   1,0   6,5   09:20   JJZ
30  -0,1   2,0   12:57  -2,0   06:27  18,4   0,0   0,3   1,5   5,8   19:26    SV
----------------------------------------------------------------------------------
     5,9  17,2     1    -7,5    29   373,5   0,0  52,1   1,9  16,0     3     JJZ

Max >=  25,0:  0
Max <=   0,0:  0
Min <=   0,0:  7
Min <= -10,0:  0
Max Rain: 25,2 on day 3
Days of Rain: 13 (>= 0,4 mm)  3 (>= 4,0 mm)  1 (>= 16,0 mm)
Heat Base: 18,3  Cool Base: 18,3  Method: Integration



Poslední aktualizace 22.5.2024 6:10:01

Měšíční a roční statistické protokoly ve fromátu NOAA (National Oceanic and Atmospheric Administration)
Original Author: Ken True webmaster@saratoga-weather.org.
Bodged by beteljuice.