Němčany počasí: NOAA reporty

 


NOAA reporty


Report pro 2023 Říj
                   Monthly Climatological Summary for 10 2023

Name: Němčany   City: Němčany   State: Czech Repulic
Elevation: 256 m  Lat: N 49° 10' 12"   Lon: E 016° 54' 59"

                  Temperature (°C), Rain (mm), Wind Speed (m/s)

                                      Heat  Cool        Avg
    Mean                              Deg   Deg         Wind                 Dom
Day Temp  High   Time   Low    Time   Days  Days  Rain  Speed High   Time    Dir
----------------------------------------------------------------------------------
 1  14,1  23,4   15:55   6,7   04:06   5,0   0,8   0,0   0,9   7,3   14:08    JZ
 2  17,5  25,7   14:53  11,3   05:06   2,7   1,9   0,0   1,0   7,0   15:06    JZ
 3  19,4  26,2   15:13  11,2   06:58   1,6   2,7   0,6   2,3  11,4   12:14     J
 4  15,8  21,3   14:23   7,6   23:54   3,2   0,6   0,0   1,7   8,2   13:28     Z
 5  11,8  21,1   14:46   4,8   07:06   6,7   0,2   0,0   1,3   7,8   12:53   ZJZ
 6  12,8  21,3   14:56   5,7   07:20   5,9   0,4   0,0   1,0   6,1   12:41    JZ
 7  15,7  24,2   14:06   7,8   01:27   3,9   1,3   0,0   2,5   9,0   12:56   ZJZ
 8  13,7  18,6   08:08   7,2   20:23   4,6   0,0   0,6   2,1   8,2   08:35   ZJZ
 9  10,4  13,0   18:51   7,8   00:00   7,9   0,0   0,0   1,1   7,8   10:08     J
10  14,6  20,2   13:20  11,5   00:00   4,0   0,3   0,0   0,5   5,8   11:24   ZJZ
11  16,6  22,3   16:11  11,2   07:33   2,5   0,8   0,0   1,5   7,3   10:57   JJZ
12  16,3  23,7   13:48   9,3   05:52   2,9   0,9   0,0   1,1   6,1   08:48    JZ
13  19,0  26,2   16:13  14,2   07:32   1,3   1,9   0,3   1,5   7,8   13:01   JJZ
14  17,4  23,0   13:15  12,6   07:35   1,8   0,9   6,6   1,7   8,5   12:19   JJZ
15  10,4  15,8   14:56   5,5   20:10   7,9   0,0   0,0   1,3   9,0   12:43     Z
16   6,8  14,4   15:30   1,8   06:57  11,5   0,0   0,0   1,1   7,0   14:30   ZJZ
17   6,2  14,3   13:06   1,4   01:02  12,1   0,0   0,0   1,2   6,1   09:58    SV
18   7,8  14,7   14:30   1,8   05:50  10,5   0,0   0,0   2,1   9,0   12:47   VJV
19  11,1  13,5   15:34   7,5   01:26   7,2   0,0   0,3   1,9   6,5   05:22   VJV
20  17,3  23,1   19:47  11,2   02:57   2,9   1,9   0,0   4,6  12,6   15:38     V
21  19,3  25,0   13:47  15,0   08:10   0,7   1,7   0,0   1,4  11,0   00:46   JJV
22  14,4  19,4   15:40   6,1   23:55   3,9   0,0   1,5   1,8  11,4   09:27   ZJZ
23  11,2  20,5   14:40   4,8   03:47   7,2   0,1   0,0   1,0   6,5   23:26   SSV
24  13,4  17,7   12:16   9,8   07:52   4,9   0,0   0,0   2,3   7,8   00:44   VSV
25  13,6  18,5   15:56   7,7   22:40   4,7   0,0   0,3   1,6   7,0   00:07   ZJZ
26  13,2  19,0   15:50   9,1   00:00   5,1   0,0   1,5   2,0  11,9   13:37    JZ
27  10,2  12,1   14:31   7,8   23:55   8,2   0,0  22,5   1,4   7,3   09:29    SZ
28  10,1  16,8   16:08   4,5   06:41   8,2   0,0   0,3   1,5   9,0   12:12    JZ
29  12,5  16,3   13:26   9,4   04:19   5,8   0,0   0,0   1,3   6,5   09:41    JV
30  13,6  19,2   13:20   8,4   03:43   4,7   0,0   0,0   1,7  11,0   18:53   VJV
31  13,0  17,1   00:00   8,5   23:59   5,5   0,0   6,6   3,1  13,1   00:52     J
----------------------------------------------------------------------------------
    13,5  26,2     3     1,4    17   165,0  16,4  41,1   1,7  13,1    31     JJZ

Max >=  25,0:  4
Max <=   0,0:  0
Min <=   0,0:  0
Min <= -10,0:  0
Max Rain: 22,5 on day 27
Days of Rain: 7 (>= 0,4 mm)  3 (>= 4,0 mm)  1 (>= 16,0 mm)
Heat Base: 18,3  Cool Base: 18,3  Method: Integration



Poslední aktualizace 22.5.2024 8:00:02

Měšíční a roční statistické protokoly ve fromátu NOAA (National Oceanic and Atmospheric Administration)
Original Author: Ken True webmaster@saratoga-weather.org.
Bodged by beteljuice.