Němčany počasí: NOAA reporty

 


NOAA reporty


Report pro 2023 Zář
                   Monthly Climatological Summary for 9 2023

Name: Němčany   City: Němčany   State: Czech Repulic
Elevation: 256 m  Lat: N 49° 10' 12"   Lon: E 016° 54' 59"

                  Temperature (°C), Rain (mm), Wind Speed (m/s)

                                      Heat  Cool        Avg
    Mean                              Deg   Deg         Wind                 Dom
Day Temp  High   Time   Low    Time   Days  Days  Rain  Speed High   Time    Dir
----------------------------------------------------------------------------------
 1  17,2  23,8   17:21  11,5   00:00   2,1   1,1   0,0   1,2   9,4   13:44    JZ
 2  19,8  26,4   15:21  13,5   06:10   1,3   2,9   0,0   0,8   5,8   12:44     Z
 3  18,7  25,2   15:46  14,6   23:57   1,1   1,5   0,9   0,7   7,3   16:11   ZJZ
 4  17,4  23,8   15:38  11,5   05:47   2,2   1,4   0,0   1,8  10,2   10:53     V
 5  18,5  26,8   16:52  11,7   06:28   2,4   2,5   0,0   1,5   6,1   01:24    SV
 6  19,4  29,0   16:48  11,7   01:55   2,3   3,4   0,0   1,1   5,8   13:23   VSV
 7  20,5  28,2   14:36  13,3   05:41   1,3   3,5   0,0   1,5   7,0   10:22    SV
 8  20,9  29,5   15:45  13,7   05:38   1,2   3,8   0,0   1,3   6,1   16:15     V
 9  20,9  30,2   15:32  13,9   05:36   1,3   4,0   0,0   1,2   7,8   13:57     V
10  21,1  30,3   16:06  13,7   04:12   1,4   4,2   0,0   1,3   8,2   12:27   JJZ
11  22,2  31,7   16:21  14,3   06:30   0,9   4,9   0,0   0,8   6,1   12:19     J
12  22,9  32,4   16:07  16,2   04:21   0,4   5,0   0,0   0,8   6,1   12:25    JV
13  21,3  29,6   15:50  15,3   06:26   0,6   3,6   1,8   1,1   8,2   18:07    JZ
14  19,5  24,7   13:32  14,0   23:56   0,4   1,6   0,3   1,4   7,8   14:22   VSV
15  17,4  23,8   16:21  11,4   04:40   2,2   1,2   0,0   2,3   9,0   12:36   VSV
16  19,4  26,9   15:45  13,1   06:20   1,6   2,8   0,0   3,1   9,4   04:31   VSV
17  20,6  27,3   15:37  15,1   06:39   0,8   3,0   0,0   1,7  10,2   11:50   JJV
18  21,4  27,6   15:49  14,8   03:10   0,9   4,1   0,0   2,6  12,2   12:51    JV
19  19,4  25,9   15:39  12,7   23:46   0,9   2,0   6,6   1,5   9,4   14:51     Z
20  18,2  26,8   16:22  10,4   06:43   2,4   2,3   0,0   1,2   6,5   13:04   JJV
21  21,3  25,3   14:06  17,0   03:31   0,1   3,1   0,0   4,3  13,4   17:30   VJV
22  20,5  25,9   15:21  17,0   06:45   0,2   2,4   0,3   2,7  12,2   00:54    JV
23  16,6  19,8   16:25  13,9   23:54   1,8   0,1   0,0   0,9   4,9   20:18     Z
24  15,4  19,1   17:13  12,3   03:54   2,9   0,0   0,0   2,0   7,3   15:09    JV
25  17,8  24,9   15:33  13,6   04:42   1,8   1,3   0,0   2,3   8,5   09:11   VSV
26  20,2  28,8   15:48  15,0   03:15   1,2   3,1   0,0   1,6   7,8   06:08     V
27  19,9  29,1   14:45  14,2   23:23   1,7   3,3   0,0   1,6   7,3   15:05   VJV
28  19,3  27,5   15:33  12,2   06:55   2,0   3,0   0,0   1,7  10,2   13:40    JV
29  19,2  27,6   14:57  11,5   06:50   1,9   2,8   0,0   1,7  11,9   12:42    JZ
30  16,1  21,3   14:18  10,2   23:57   2,7   0,5   3,9   0,8   6,5   15:25   VSV
----------------------------------------------------------------------------------
    19,4  32,4    12    10,2    30    44,0  78,4  13,8   1,6  13,4    21     VJV

Max >=  25,0: 22
Max <=   0,0:  0
Min <=   0,0:  0
Min <= -10,0:  0
Max Rain: 6,6 on day 19
Days of Rain: 4 (>= 0,4 mm)  1 (>= 4,0 mm)  0 (>= 16,0 mm)
Heat Base: 18,3  Cool Base: 18,3  Method: Integration



Poslední aktualizace 22.5.2024 6:30:02

Měšíční a roční statistické protokoly ve fromátu NOAA (National Oceanic and Atmospheric Administration)
Original Author: Ken True webmaster@saratoga-weather.org.
Bodged by beteljuice.