Němčany počasí: NOAA reporty

 


NOAA reporty


Report pro 2023 Srp
                   Monthly Climatological Summary for 8 2023

Name: Němčany   City: Němčany   State: Czech Repulic
Elevation: 256 m  Lat: N 49° 10' 12"   Lon: E 016° 54' 59"

                  Temperature (°C), Rain (mm), Wind Speed (m/s)

                                      Heat  Cool        Avg
    Mean                              Deg   Deg         Wind                 Dom
Day Temp  High   Time   Low    Time   Days  Days  Rain  Speed High   Time    Dir
----------------------------------------------------------------------------------
 1  17,7  20,0   00:06  15,5   23:37   0,8   0,2  10,2   2,0   8,2   11:58    JZ
 2  19,9  25,6   17:42  13,2   05:25   1,3   2,9   0,0   3,0  11,4   19:49     J
 3  19,1  21,4   18:06  17,2   23:40   0,1   0,9   2,1   1,8   9,8   00:19   JJZ
 4  18,9  23,1   12:50  16,1   05:58   0,7   1,3   0,6   0,6   4,9   12:58   JJV
 5  18,0  21,2   12:56  16,5   02:16   0,7   0,4  28,0   2,6  10,6   13:06   VJV
 6  15,8  17,1   13:22  14,4   23:58   2,5   0,0  26,7   1,6   7,0   09:23     Z
 7  14,2  16,9   16:55  12,2   23:50   4,1   0,0  12,6   2,9   9,0   16:16   ZJZ
 8  15,2  22,5   15:35   9,8   05:33   3,5   0,4   0,0   2,2  10,2   13:32    JZ
 9  15,1  17,2   14:42  12,3   23:22   3,2   0,0  12,0   1,6   9,8   12:52    JZ
10  16,6  23,9   15:48  11,3   02:25   3,0   1,3   0,0   0,8   4,9   13:24     V
11  18,4  27,5   17:49   9,4   05:39   2,8   2,9   0,0   1,1   7,8   17:29    JZ
12  21,3  29,6   15:57  12,6   05:22   1,5   4,4   0,0   1,3   9,0   13:13   JJZ
13  24,1  31,3   16:08  17,9   06:08   0,0   5,8   0,0   1,5   7,0   16:43     J
14  25,0  31,8   17:00  17,1   06:13   0,1   6,9   0,0   2,3   8,2   08:46    JV
15  24,5  32,3   16:37  15,8   05:44   0,4   6,5   0,0   1,7   8,2   15:05    JV
16  24,8  32,3   15:26  17,7   05:37   0,0   6,5   0,0   1,0   6,5   17:25   JJV
17  22,7  29,4   15:21  19,6   04:26   0,0   4,4   0,0   2,1  10,2   16:33   SSV
18  23,5  31,2   15:24  17,1   05:58   0,1   5,3   0,0   1,5   5,8   09:43   VSV
19  25,1  33,1   15:42  17,9   06:07   0,0   6,8   0,0   0,9   6,5   12:09     J
20  25,8  34,4   16:07  17,6   05:05   0,1   7,6   0,0   0,8   5,3   14:18     V
21  25,5  35,5   15:06  18,5   06:15   0,0   7,2   0,3   1,5   9,0   16:53   ZSZ
22  26,7  34,7   15:07  21,6   06:07   0,0   8,4   0,6   1,7   7,3   07:07     S
23  25,1  31,0   15:43  20,5   06:08   0,0   6,8   0,3   1,6   6,5   08:39    SV
24  24,2  32,5   16:15  16,1   06:17   0,2   6,1   0,0   1,3   5,8   15:04    SV
25  25,9  33,8   15:33  19,0   02:06   0,0   7,6   0,0   2,0   9,0   11:23    JZ
26  23,2  30,0   16:39  18,0   05:52   0,0   4,9  22,5   1,4  16,7   22:36    SV
27  22,1  28,4   15:32  18,1   03:07   0,0   3,8   1,3   1,3   5,3   09:53   SSV
28  19,4  22,1   14:22  17,0   23:46   0,1   1,2   5,1   3,4  13,9   21:31     V
29  17,0  18,1   11:06  15,4   21:51   1,3   0,0  28,2   1,9   9,8   00:19   SSV
30  15,7  18,1   18:08  12,7   23:57   2,6   0,0   0,6   0,9   4,4   10:43     Z
31  16,6  23,4   15:58  11,4   23:38   2,9   1,2   0,0   1,6  11,0   17:09   ZJZ
----------------------------------------------------------------------------------
    20,9  35,5    21     9,4    11    32,0 111,7 151,1   1,7  16,7    26       J

Max >=  25,0: 18
Max <=   0,0:  0
Min <=   0,0:  0
Min <= -10,0:  0
Max Rain: 28,2 on day 29
Days of Rain: 13 (>= 0,4 mm)  8 (>= 4,0 mm)  4 (>= 16,0 mm)
Heat Base: 18,3  Cool Base: 18,3  Method: Integration



Poslední aktualizace 22.5.2024 6:20:01

Měšíční a roční statistické protokoly ve fromátu NOAA (National Oceanic and Atmospheric Administration)
Original Author: Ken True webmaster@saratoga-weather.org.
Bodged by beteljuice.