Němčany počasí: NOAA reporty

 


NOAA reporty


Report pro 2023 Červnc
                   Monthly Climatological Summary for 7 2023

Name: Němčany   City: Němčany   State: Czech Repulic
Elevation: 256 m  Lat: N 49° 10' 12"   Lon: E 016° 54' 59"

                  Temperature (°C), Rain (mm), Wind Speed (m/s)

                                      Heat  Cool        Avg
    Mean                              Deg   Deg         Wind                 Dom
Day Temp  High   Time   Low    Time   Days  Days  Rain  Speed High   Time    Dir
----------------------------------------------------------------------------------
 1  22,2  27,8   15:59  16,7   23:59   0,1   4,0   0,0   1,1   7,8   12:23     J
 2  20,6  27,6   14:12  13,9   04:45   1,2   3,4   0,0   2,0  13,4   15:08     Z
 3  20,4  28,1   17:05  10,0   05:12   2,0   4,1   0,0   2,2  10,6   15:50    JZ
 4  22,3  29,2   17:08  12,7   05:27   0,9   4,8   0,0   1,7  12,6   12:53    JZ
 5  20,7  29,8   14:46  14,4   03:47   0,9   3,3   4,2   1,7  14,3   15:57     J
 6  20,1  26,2   16:49  15,6   03:19   0,9   2,7   1,1   1,6   7,0   10:59   VSV
 7  21,0  28,6   16:34  11,0   04:36   1,6   4,3   0,0   1,7   8,5   12:40   VSV
 8  22,5  31,2   17:02  12,2   05:08   1,3   5,5   0,0   1,3   7,3   16:00   VJV
 9  24,6  34,6   16:37  12,6   05:15   1,1   7,4   0,0   1,5   8,2   11:54    JZ
10  23,5  33,6   13:17  16,8   05:41   0,1   5,3   0,6   1,1   9,0   14:34     V
11  24,4  32,8   15:45  15,4   03:42   0,6   6,7   0,0   1,3   7,3   17:40     J
12  25,1  32,1   14:12  18,2   04:35   0,0   6,8   0,3   1,5  12,2   11:54    JZ
13  22,7  29,3   13:57  18,3   22:42   0,0   4,4   0,6   2,2   9,0   12:20   ZJZ
14  23,2  30,6   17:00  15,3   05:51   0,3   5,2   1,5   1,3   7,3   12:20    JZ
15  25,8  34,9   16:41  15,0   05:43   0,5   8,0   0,0   2,4   9,8   17:41    JV
16  28,2  33,5   13:32  23,0   23:53   0,0   9,9   0,0   2,5   9,8   13:41     V
17  24,9  32,1   18:08  18,9   23:56   0,0   6,6   0,9   1,3   8,5   09:58     V
18  23,8  31,4   16:11  14,7   04:11   0,6   6,1   0,0   1,9   9,0   14:16   JJV
19  24,3  33,3   15:46  14,6   05:54   0,4   6,4   0,0   1,9  11,9   20:19     Z
20  21,5  27,9   15:41  13,7   05:28   0,8   3,9   0,0   1,6  10,6   13:39   ZSZ
21  20,5  28,3   14:43  12,9   04:31   1,1   3,3   5,1   2,0   9,8   20:49     V
22  21,3  27,9   17:31  15,7   06:06   0,5   3,6   0,3   1,9   8,2   14:38     Z
23  22,9  31,8   16:47  11,6   05:37   1,4   6,0   0,0   2,9  12,6   15:37   JJZ
24  24,3  33,8   15:27  16,1   05:50   0,2   6,1   0,6   1,5  17,2   17:03    JV
25  20,0  24,1   18:29  16,4   23:57   0,2   1,9   3,0   1,4   7,0   11:07    JZ
26  17,0  22,4   16:36  13,0   23:46   1,8   0,5   1,8   1,6  10,2   14:45     Z
27  18,2  25,2   16:34   9,7   05:40   2,3   2,2   0,0   2,9  11,9   21:05    JZ
28  21,1  27,6   15:13  15,2   05:37   0,7   3,5   0,6   2,3   9,8   15:17   ZJZ
29  21,0  29,6   15:05  17,1   04:07   0,2   2,9   8,0   1,3  18,0   15:28    JZ
30  20,1  27,7   17:24  15,8   06:06   0,5   2,3   1,8   1,1   6,1   13:41   ZJZ
31  20,4  27,4   14:41  13,1   05:54   1,2   3,3   0,0   1,7   7,8   17:29    JZ
----------------------------------------------------------------------------------
    22,2  34,9    15     9,7    27    23,4 144,4  30,4   1,7  18,0    29     JJZ

Max >=  25,0: 29
Max <=   0,0:  0
Min <=   0,0:  0
Min <= -10,0:  0
Max Rain: 8,0 on day 29
Days of Rain: 13 (>= 0,4 mm)  3 (>= 4,0 mm)  0 (>= 16,0 mm)
Heat Base: 18,3  Cool Base: 18,3  Method: Integration



Poslední aktualizace 22.5.2024 8:00:02

Měšíční a roční statistické protokoly ve fromátu NOAA (National Oceanic and Atmospheric Administration)
Original Author: Ken True webmaster@saratoga-weather.org.
Bodged by beteljuice.