Němčany počasí: NOAA reporty

 


NOAA reporty


Report pro 2023 Červ
                   Monthly Climatological Summary for 6 2023

Name: Němčany   City: Němčany   State: Czech Repulic
Elevation: 256 m  Lat: N 49° 10' 12"   Lon: E 016° 54' 59"

                  Temperature (°C), Rain (mm), Wind Speed (m/s)

                                      Heat  Cool        Avg
    Mean                              Deg   Deg         Wind                 Dom
Day Temp  High   Time   Low    Time   Days  Days  Rain  Speed High   Time    Dir
----------------------------------------------------------------------------------
 1  18,7  27,7   16:57   7,7   05:17   3,0   3,4   0,0   1,1   6,5   12:45   JJZ
 2  16,9  24,0   13:58   8,9   04:41   2,8   1,4   0,0   3,2  11,0   18:14   VSV
 3  15,0  21,1   16:48   8,8   05:02   3,8   0,5   0,0   3,5  13,9   10:54   VSV
 4  15,8  24,1   15:46  10,2   01:57   3,6   1,1   0,0   1,8   7,3   09:59     V
 5  14,4  18,0   13:07  10,1   02:22   3,9   0,0   5,7   1,5   7,0   19:07   SSV
 6  17,2  20,0   16:43  14,6   05:11   1,4   0,4   3,6   1,9  10,2   05:07    SV
 7  18,6  23,8   13:09  13,9   05:05   1,3   1,6   0,0   1,1   6,1   10:32   VSV
 8  19,1  25,7   16:58  15,3   05:04   0,9   1,7   0,0   1,2   7,3   08:40   VSV
 9  17,6  23,1   11:48  12,7   05:02   1,7   1,0   6,0   1,0   6,1   09:52    SV
10  19,1  24,9   15:34  15,2   01:15   0,9   1,6   0,3   2,9  13,4   15:52     V
11  19,0  24,0   15:32  15,0   23:48   1,1   1,8   0,0   4,2  14,6   13:43     V
12  16,6  21,4   14:12  11,5   04:45   2,4   0,7   0,0   4,3  13,9   14:54   VSV
13  15,8  22,5   16:08   6,4   05:16   3,4   1,0   0,0   2,6   8,5   12:25   VSV
14  15,8  21,4   14:50  11,7   05:17   3,0   0,6   0,0   2,6   9,8   09:11   VSV
15  16,9  25,0   15:17   9,5   04:22   2,8   1,5   0,0   1,5   6,5   09:26    SV
16  18,2  26,3   15:07   9,3   03:47   2,7   2,7   0,0   1,3   6,5   18:17   ZSZ
17  17,1  24,7   15:10  10,5   04:20   2,8   1,6   1,2   1,0   7,8   11:58     Z
18  19,1  28,8   17:27   8,3   04:52   2,8   3,6   0,0   1,1   7,8   15:22    JZ
19  21,3  31,3   16:18  12,4   03:18   1,5   4,6   0,0   1,1   6,5   08:24    JV
20  24,2  31,9   15:51  14,6   04:25   0,7   6,6   0,0   1,7   9,4   15:24   VJV
21  23,1  33,5   14:57  17,1   04:58   0,1   4,9   4,6   1,2  11,0   16:23   JJZ
22  23,8  31,2   17:21  15,7   05:25   0,4   5,9   0,3   1,5   7,0   11:52     V
23  23,9  28,8   14:50  17,9   22:39   0,0   5,6   0,0   2,3  10,2   15:45     Z
24  19,0  21,7   12:46  13,6   23:57   0,4   1,1   0,0   1,6   6,5   12:24   ZJZ
25  20,3  27,8   15:49  10,2   04:40   2,0   4,0   0,0   1,5   8,2   10:36   VSV
26  22,0  28,3   16:11  12,5   04:55   1,0   4,7   0,0   1,3   6,5   12:08   VJV
27  19,7  22,9   17:07  14,4   23:59   0,3   1,7   0,0   1,6   7,3   17:55     Z
28  17,9  24,6   14:52  12,1   05:07   2,0   1,6   0,0   1,7   9,8   14:11     Z
29  20,0  27,9   15:52  11,1   05:35   1,9   3,6   0,0   1,4   7,8   15:57    JV
30  22,0  30,2   15:49  11,5   04:58   1,7   5,4   0,0   1,9   7,3   10:53    JV
----------------------------------------------------------------------------------
    18,9  33,5    21     6,4    13    56,3  75,9  21,7   1,9  14,6    11     VSV

Max >=  25,0: 14
Max <=   0,0:  0
Min <=   0,0:  0
Min <= -10,0:  0
Max Rain: 6,0 on day 9
Days of Rain: 5 (>= 0,4 mm)  3 (>= 4,0 mm)  0 (>= 16,0 mm)
Heat Base: 18,3  Cool Base: 18,3  Method: Integration



Poslední aktualizace 22.5.2024 7:30:02

Měšíční a roční statistické protokoly ve fromátu NOAA (National Oceanic and Atmospheric Administration)
Original Author: Ken True webmaster@saratoga-weather.org.
Bodged by beteljuice.