Němčany počasí: NOAA reporty

 


NOAA reporty


Report pro 2023 Květ
                   Monthly Climatological Summary for 5 2023

Name: Němčany   City: Němčany   State: Czech Repulic
Elevation: 256 m  Lat: N 49° 10' 12"   Lon: E 016° 54' 59"

                  Temperature (°C), Rain (mm), Wind Speed (m/s)

                                      Heat  Cool        Avg
    Mean                              Deg   Deg         Wind                 Dom
Day Temp  High   Time   Low    Time   Days  Days  Rain  Speed High   Time    Dir
----------------------------------------------------------------------------------
 1  13,0  21,4   15:20   3,6   06:06   5,7   0,4   0,0   3,1  11,0   11:46   VSV
 2  13,9  18,7   11:03   8,9   05:17   4,4   0,0   0,3   1,9   7,0   12:37    JZ
 3  13,1  17,2   15:39   8,2   23:38   5,2   0,0   0,0   3,6  11,9   09:57     V
 4  13,0  19,5   16:12   5,5   05:41   5,5   0,1   0,0   3,0   9,4   10:34    SV
 5  15,5  24,3   17:03   5,9   06:08   4,3   1,5   0,0   1,4   6,5   01:31   SSZ
 6  14,6  21,4   15:57  10,5   05:34   4,0   0,3   0,6   2,0   8,5   09:32    JZ
 7  11,6  16,2   11:02   7,8   23:53   6,7   0,0   0,3   5,3  14,6   23:49   VSV
 8  10,3  15,9   14:45   6,4   05:55   8,0   0,0   0,0   6,1  16,0   10:31     V
 9  11,3  19,6   16:43   3,1   03:22   7,0   0,0   0,0   2,6   9,4   23:53     V
10  14,7  19,6   14:06   8,8   05:31   3,7   0,1   0,0   4,5  12,2   11:36   VJV
11  14,9  21,6   17:24   7,1   05:23   3,9   0,6   0,0   2,1   9,4   14:27   VJV
12  11,6  17,5   11:49   5,4   04:59   6,7   0,0   1,8   1,4   7,3   14:30    JZ
13  13,0  17,2   14:51  10,0   00:00   5,3   0,0   0,3   1,2   6,5   14:16   VJV
14  11,7  15,5   10:06   8,5   05:35   6,6   0,0  11,1   1,8   6,1   15:01    SV
15  13,1  18,0   18:21   9,0   23:54   5,2   0,0   2,7   1,8   9,8   13:35   ZJZ
16  12,3  17,1   12:53   6,9   05:20   6,0   0,0  18,3   1,5   8,2   21:34     V
17   9,8  11,4   00:00   8,6   23:51   8,5   0,0  21,6   2,2  10,2   15:56    JV
18  11,0  15,1   15:21   8,1   00:54   7,3   0,0   2,1   4,2  12,2   12:51     V
19  11,9  17,8   16:49   8,5   02:26   6,4   0,0   0,0   3,8  10,6   19:21     V
20  15,2  21,6   16:46  10,0   04:35   3,5   0,4   0,0   4,4  13,4   16:26     V
21  19,3  27,4   16:42  13,9   05:06   1,3   2,3   0,9   2,7  15,5   18:08   SSV
22  19,4  26,1   15:02  13,7   03:30   1,5   2,6   0,0   2,3   8,2   00:47    SV
23  17,5  25,2   13:26  12,5   05:52   2,0   1,2   7,1   1,6   8,2   16:32     Z
24  14,8  19,1   15:50  10,8   04:36   3,6   0,0   0,3   1,8   8,5   17:07   VSV
25  14,7  21,3   17:00   8,9   05:21   4,0   0,4   0,0   3,4  10,6   20:46   VSV
26  16,1  22,7   14:07   9,1   04:47   3,3   1,1   0,0   1,6  10,6   11:26     V
27  15,4  20,9   16:44   9,8   01:16   3,5   0,6   0,0   2,9  10,6   13:52   VSV
28  16,0  23,1   17:31   7,8   03:38   3,6   1,3   0,0   2,6   8,5   09:25    SV
29  17,7  24,4   16:24  10,1   03:27   2,5   1,9   0,0   2,6   9,0   10:54   VSV
30  17,8  23,5   15:40  12,0   01:32   2,2   1,7   0,0   2,8   9,8   14:53   VSV
31  18,2  24,5   15:09  11,3   04:57   2,1   2,0   0,0   3,2  11,0   08:52    SV
----------------------------------------------------------------------------------
    14,3  27,4    21     3,1     9   143,5  18,5  67,4   2,7  16,0     8       V

Max >=  25,0:  3
Max <=   0,0:  0
Min <=   0,0:  0
Min <= -10,0:  0
Max Rain: 21,6 on day 17
Days of Rain: 9 (>= 0,4 mm)  4 (>= 4,0 mm)  2 (>= 16,0 mm)
Heat Base: 18,3  Cool Base: 18,3  Method: Integration



Poslední aktualizace 22.5.2024 7:10:02

Měšíční a roční statistické protokoly ve fromátu NOAA (National Oceanic and Atmospheric Administration)
Original Author: Ken True webmaster@saratoga-weather.org.
Bodged by beteljuice.