Němčany počasí: NOAA reporty

 


NOAA reporty


Report pro 2023 Dub
                   Monthly Climatological Summary for 4 2023

Name: Němčany   City: Němčany   State: Czech Repulic
Elevation: 256 m  Lat: N 49° 10' 12"   Lon: E 016° 54' 59"

                  Temperature (°C), Rain (mm), Wind Speed (m/s)

                                      Heat  Cool        Avg
    Mean                              Deg   Deg         Wind                 Dom
Day Temp  High   Time   Low    Time   Days  Days  Rain  Speed High   Time    Dir
----------------------------------------------------------------------------------
 1  10,3  15,8   17:26   6,1   06:20   8,0   0,0   0,3   1,8   9,8   14:25     Z
 2   7,6  10,0   13:07   5,0   23:43  10,7   0,0   1,2   2,7  11,9   15:18     V
 3   4,5   6,9   13:52   1,5   23:55  13,8   0,0   0,0   3,3  13,1   16:25   VJV
 4   2,6   7,3   15:18  -1,8   23:59  15,7   0,0   0,0   3,6  13,9   15:55   VJV
 5   1,6   7,3   13:03  -4,9   04:10  16,7   0,0   0,0   1,4  10,2   12:56   VSV
 6   4,3  11,6   15:18  -4,6   06:37  14,0   0,0   0,0   1,9   8,5   14:48   VSV
 7   4,6   7,0   16:54   1,5   23:56  13,7   0,0   4,5   1,4   5,8   03:23   VSV
 8   3,9   7,1   15:08   1,4   00:26  14,4   0,0   8,4   1,9   5,8   22:53   SSV
 9   7,2  11,5   13:42   3,2   06:45  11,1   0,0   0,0   1,7   8,2   09:43    SV
10   9,1  16,1   16:06   2,1   06:27   9,2   0,0   0,0   2,3   8,5   15:13    SV
11   7,0  11,8   17:05   2,7   05:27  11,3   0,0   5,4   1,7   8,2   18:43   ZJZ
12   8,4  15,4   16:08   0,3   05:55   9,9   0,0   0,3   1,4   7,3   16:35     J
13   8,8  10,5   13:02   7,4   23:30   9,5   0,0   5,4   1,3   6,1   13:42    JZ
14   8,5  10,1   18:06   6,2   23:59   9,8   0,0  33,6   3,0  11,4   10:16   VSV
15   7,4  11,4   15:38   5,3   02:15  10,3   0,0   0,6   2,5  10,6   01:26   VJV
16  10,0  16,0   15:38   4,8   04:48   8,3   0,0   0,3   0,9   4,4   08:59   SSZ
17  12,6  17,7   15:06   9,3   05:48   5,7   0,0   0,0   3,5  11,9   16:35     V
18  12,5  16,9   16:07  10,0   05:39   5,8   0,0   0,0   4,4  14,6   16:59     V
19   9,4  11,9   14:10   5,6   23:54   8,9   0,0   1,2   3,2  10,2   16:15     V
20  10,7  17,5   15:36   5,5   00:36   7,6   0,0   0,0   4,1  11,4   10:13   VSV
21  13,7  18,8   12:13   9,2   06:42   4,6   0,0   0,3   3,0   7,3   02:59   SSV
22  14,3  22,4   15:54   5,9   05:39   4,9   0,9   0,0   2,0   6,5   14:22   SSV
23  15,3  21,4   14:41   7,2   05:54   3,7   0,7   0,0   2,9  11,4   12:18     J
24  13,5  15,9   10:59   9,7   23:57   4,8   0,0   0,9   1,9   9,4   00:19    JV
25  11,1  15,8   14:35   7,8   23:31   7,2   0,0   2,1   1,5   8,2   14:58     Z
26   7,1  12,6   14:08   1,7   06:25  11,2   0,0   0,0   1,8   9,8   08:36     Z
27   7,9  15,5   15:40   0,1   02:07  10,4   0,0   0,0   1,4   6,1   10:38   VJV
28   9,7  17,1   13:19   1,3   03:27   8,5   0,0   0,0   2,3  10,6   11:12    JV
29  12,4  15,9   13:52  10,4   01:27   5,9   0,0   4,2   1,3   5,8   22:43   JJV
30  12,7  18,4   16:13   7,7   23:57   5,6   0,0   0,0   2,5   7,0   10:17   VSV
----------------------------------------------------------------------------------
     9,0  22,4    22    -4,9     5   281,2   1,6  68,7   2,3  14,6    18       V

Max >=  25,0:  0
Max <=   0,0:  0
Min <=   0,0:  3
Min <= -10,0:  0
Max Rain: 33,6 on day 14
Days of Rain: 11 (>= 0,4 mm)  6 (>= 4,0 mm)  1 (>= 16,0 mm)
Heat Base: 18,3  Cool Base: 18,3  Method: Integration



Poslední aktualizace 22.5.2024 6:50:01

Měšíční a roční statistické protokoly ve fromátu NOAA (National Oceanic and Atmospheric Administration)
Original Author: Ken True webmaster@saratoga-weather.org.
Bodged by beteljuice.