Němčany počasí: NOAA reporty

 


NOAA reporty


Report pro 2023 Břez
                   Monthly Climatological Summary for 3 2023

Name: Němčany   City: Němčany   State: Czech Repulic
Elevation: 256 m  Lat: N 49° 10' 12"   Lon: E 016° 54' 59"

                  Temperature (°C), Rain (mm), Wind Speed (m/s)

                                      Heat  Cool        Avg
    Mean                              Deg   Deg         Wind                 Dom
Day Temp  High   Time   Low    Time   Days  Days  Rain  Speed High   Time    Dir
----------------------------------------------------------------------------------
 1   2,6   9,7   15:27  -1,9   06:06  14,9   0,0   0,0   2,9  12,2   09:07    SV
 2   4,3  11,7   15:17  -0,3   00:57  13,2   0,0   0,0   2,4   9,8   09:21    SV
 3   2,4  10,5   13:41  -2,2   23:35  15,1   0,0   0,0   2,1   7,8   09:41   SSV
 4   1,5   8,3   13:19  -5,6   05:54  16,0   0,0   0,0   1,6   7,0   14:25     Z
 5   3,3   4,7   12:38   1,9   22:30  14,2   0,0   0,0   1,9   7,3   12:10     Z
 6   2,9   7,1   14:27  -1,6   06:19  14,6   0,0   0,0   1,6  13,9   12:25    JZ
 7   4,4  10,6   14:30  -0,4   04:21  13,1   0,0   0,0   3,6  14,3   13:38    JZ
 8   6,5  10,1   14:21   1,3   02:37  11,0   0,0   0,0   3,3  12,6   15:34    JZ
 9  10,6  14,2   13:21   7,7   22:24   6,9   0,0   1,5   3,0  14,6   09:31   ZJZ
10  10,2  16,1   11:52   2,3   04:39   7,3   0,0   0,3   1,6   8,2   23:43    JZ
11   3,4   8,2   00:00  -1,5   21:33  14,1   0,0   1,5   4,4  15,5   03:55     Z
12   2,7   8,5   14:19  -5,2   06:07  14,8   0,0   0,0   2,6   9,8   11:37    JZ
13   9,4  12,8   14:28   3,9   05:27   8,1   0,0   0,0   3,2  12,6   22:27   JJV
14   9,6  11,3   00:00   7,1   06:26   7,9   0,0   1,5   2,7  12,6   01:27   JJZ
15   5,5   9,9   14:35   1,4   22:57  12,0   0,0   0,0   2,4   9,0   00:13     Z
16   3,7  10,8   13:45  -2,7   06:21  13,8   0,0   0,0   1,2   6,5   10:13   SSV
17   5,9  13,0   14:20  -2,4   02:32  11,6   0,0   0,0   3,8  12,2   14:06   VJV
18   9,2  15,5   14:46   3,9   06:07   8,3   0,0   0,0   3,7   9,0   03:59    JV
19   9,4  17,0   14:35   1,6   06:20   8,1   0,0   0,0   2,0   7,8   12:12   JJV
20   8,6  15,4   15:52   3,7   03:30   6,8   0,0   0,6   0,3   2,4   19:41   SSZ
21  11,7  16,8   11:30   7,0   06:36   5,8   0,0   0,3   1,4   7,3   11:02   SSV
22  13,3  19,3   13:22   8,6   04:34   4,5   0,2   0,0   1,9   7,3   13:46   JJZ
23  13,9  21,7   14:46   6,0   04:06   4,2   0,7   0,0   2,1   9,4   13:30   JJZ
24  14,2  18,6   13:30  11,2   05:14   3,4   0,1   1,5   2,0  11,4   13:00    JZ
25  10,8  16,1   14:59   5,7   23:57   6,7   0,0   0,3   2,8  10,2   12:19   ZJZ
26   8,7  14,6   12:13   2,2   05:40   8,5   0,0   0,0   2,7  12,2   10:13    JZ
27   5,0   9,1   10:22  -0,6   23:57  12,5   0,0   0,3   1,9  12,2   16:06     Z
28   2,2   7,2   13:24  -3,6   23:49  15,3   0,0   0,9   2,9  11,4   13:06     Z
29   2,8  10,0   14:47  -5,5   04:58  14,7   0,0   0,0   2,0   9,8   11:29    JZ
30   8,2  14,7   13:58   3,3   02:21   9,3   0,0   8,7   2,0  11,0   12:25   JJZ
31   9,7  16,0   15:47   4,0   05:54   8,0   0,0   1,5   1,4  13,1   19:16    JZ
----------------------------------------------------------------------------------
     7,0  21,7    23    -5,6     4   324,7   1,0  18,9   2,4  15,5    11      JZ

Max >=  25,0:  0
Max <=   0,0:  0
Min <=   0,0: 13
Min <= -10,0:  0
Max Rain: 8,7 on day 30
Days of Rain: 8 (>= 0,4 mm)  1 (>= 4,0 mm)  0 (>= 16,0 mm)
Heat Base: 18,3  Cool Base: 18,3  Method: Integration



Poslední aktualizace 22.5.2024 6:40:01

Měšíční a roční statistické protokoly ve fromátu NOAA (National Oceanic and Atmospheric Administration)
Original Author: Ken True webmaster@saratoga-weather.org.
Bodged by beteljuice.