Němčany počasí: NOAA reporty

 


NOAA reporty


Report pro 2023 Ún
                   Monthly Climatological Summary for 2 2023

Name: Němčany   City: Němčany   State: Czech Repulic
Elevation: 256 m  Lat: N 49° 10' 12"   Lon: E 016° 54' 59"

                  Temperature (°C), Rain (mm), Wind Speed (m/s)

                                      Heat  Cool        Avg
    Mean                              Deg   Deg         Wind                 Dom
Day Temp  High   Time   Low    Time   Days  Days  Rain  Speed High   Time    Dir
----------------------------------------------------------------------------------
 1   3,4   5,0   15:25   1,8   06:33  14,1   0,0   9,0   3,2  12,6   22:12   ZJZ
 2   3,5   7,6   14:38   1,0   23:46  14,0   0,0   0,6   2,2  10,2   01:25   ZJZ
 3   2,5   5,6   21:54  -1,0   01:33  15,0   0,0   9,0   2,6  17,5   17:34   ZJZ
 4   2,2   5,5   03:38  -1,1   23:50  15,3   0,0   0,0   3,5  12,6   15:43   ZJZ
 5  -1,6   1,9   10:10  -6,0   23:34  19,1   0,0   0,0   2,1   9,8   13:45     V
 6  -3,4   0,8   14:39  -6,2   00:15  20,9   0,0   0,0   1,4   7,8   15:06   VSV
 7  -3,7   0,4   14:48  -7,8   07:26  21,2   0,0   0,0   2,2  11,4   15:43   VSV
 8  -1,4   5,1   15:16  -5,9   23:59  18,9   0,0   0,0   1,4   5,8   03:13    SV
 9  -1,3   5,2   14:45  -7,3   05:14  18,8   0,0   0,0   1,5   9,8   12:17   JJV
10  -1,8   5,5   15:03  -6,8   07:28  19,4   0,0   0,0   1,1   7,0   12:22    JZ
11   0,9   5,6   15:57  -5,9   02:48  16,6   0,0   0,0   1,5   7,8   21:32   ZJZ
12   5,1  11,9   13:30  -1,0   23:27  12,4   0,0   0,0   0,9   6,5   13:17    SZ
13   3,9   8,2   13:56  -1,7   01:12  13,6   0,0   0,0   0,4   3,7   11:01    JZ
14   4,4   6,0   10:56   0,0   23:59  13,1   0,0   0,0   1,4   5,8   11:55    SV
15   0,6   4,6   15:27  -4,4   05:28  16,9   0,0   0,0   0,9   4,9   14:24    JZ
16   0,8   1,7   14:47  -0,4   21:37  16,7   0,0   0,0   1,2   5,8   10:39    JZ
17   4,1  10,6   23:59  -1,0   07:03  13,4   0,0   0,6   0,9   5,8   23:13    JZ
18  10,9  13,3   14:40   8,1   06:56   6,6   0,0   1,2   3,1  12,6   17:44   ZJZ
19   7,5  12,0   11:04  -0,2   23:48  10,0   0,0   0,0   2,2  10,2   12:15     Z
20   6,2  13,1   12:31  -0,1   00:00  11,3   0,0   0,0   1,8  10,2   12:10    JZ
21   9,2  15,3   14:21   4,5   02:21   8,3   0,0   0,0   2,5  10,6   12:53     Z
22   7,4  11,5   13:47   3,9   03:05  10,1   0,0   0,0   2,1   6,5   23:57   SSV
23   8,0  12,2   12:24   4,6   07:07   9,5   0,0   0,0   3,1   8,2   00:37    SV
24   8,3  12,7   14:11   6,3   07:09   9,2   0,0   7,2   1,7  10,2   23:59    JZ
25   5,0   8,4   12:07   1,2   23:28  12,5   0,0   0,6   3,6  13,9   13:21     Z
26   1,8   5,5   12:28  -0,5   01:35  15,7   0,0   0,3   2,2  10,6   10:39   VJV
27   0,7   3,5   12:06  -3,1   03:50  16,8   0,0   0,0   2,9  11,9   10:31     V
28   1,2   6,2   15:17  -2,7   03:03  16,2   0,0   0,0   2,8   9,8   10:23    SV
----------------------------------------------------------------------------------
     3,0  15,3    21    -7,8     7   405,6   0,0  28,5   2,0  17,5     3     ZJZ

Max >=  25,0:  0
Max <=   0,0:  0
Min <=   0,0: 20
Min <= -10,0:  0
Max Rain: 9,0 on day 1
Days of Rain: 7 (>= 0,4 mm)  3 (>= 4,0 mm)  0 (>= 16,0 mm)
Heat Base: 18,3  Cool Base: 18,3  Method: Integration



Poslední aktualizace 22.5.2024 6:20:01

Měšíční a roční statistické protokoly ve fromátu NOAA (National Oceanic and Atmospheric Administration)
Original Author: Ken True webmaster@saratoga-weather.org.
Bodged by beteljuice.