Němčany počasí: NOAA reporty

 


NOAA reporty


Report pro 2023 Led
                   Monthly Climatological Summary for 1 2023

Name: Němčany   City: Němčany   State: Czech Repulic
Elevation: 256 m  Lat: N 49° 10' 12"   Lon: E 016° 54' 59"

                  Temperature (°C), Rain (mm), Wind Speed (m/s)

                                      Heat  Cool        Avg
    Mean                              Deg   Deg         Wind                 Dom
Day Temp  High   Time   Low    Time   Days  Days  Rain  Speed High   Time    Dir
----------------------------------------------------------------------------------
 1   6,6  12,0   13:53   3,0   23:36  10,9   0,0   0,0   0,6   5,8   11:15    JZ
 2   6,5   9,4   12:30   1,7   00:58  11,0   0,0   0,0   1,3   8,5   13:09    JZ
 3   4,8   6,8   00:00   1,6   22:54  12,7   0,0   0,0   0,8   5,8   00:38    JZ
 4   2,2   6,7   23:59  -0,7   07:03  15,3   0,0   1,2   0,7   4,9   18:59    JZ
 5   9,4  12,7   12:07   6,7   00:00   8,1   0,0   3,0   2,6  10,2   12:59   ZJZ
 6   6,5   8,7   15:07   2,2   08:09  11,0   0,0   0,6   0,5   4,4   00:49    JZ
 7   7,0  11,6   11:54   1,8   08:08  10,5   0,0   0,3   0,7   4,4   21:40    JV
 8   6,4   7,6   12:47   4,5   23:57  11,1   0,0   0,0   1,4   8,2   00:56   JJV
 9   5,9   8,1   10:06   4,3   02:12  11,6   0,0   1,5   1,8  12,2   10:21   JJZ
10   6,3   8,5   14:32   4,4   23:29  11,2   0,0   0,6   2,2   8,5   14:31     Z
11   3,4   6,4   11:47  -2,0   07:29  14,1   0,0   0,6   0,9   5,3   13:48    JZ
12   5,7   9,8   12:48   2,8   09:07  11,8   0,0   1,2   1,0   7,3   12:39   JJZ
13   6,5   8,5   12:55   4,5   23:58  11,0   0,0   3,0   1,2   7,3   14:09   JJZ
14   6,2  10,5   14:24   3,1   02:47  11,3   0,0   0,0   2,3  11,0   21:37     J
15   4,8   5,8   00:00   3,6   23:59  12,7   0,0   8,7   2,7  12,2   12:06     J
16   3,5   6,7   13:11   1,4   05:31  14,0   0,0   3,3   1,8   9,4   21:11   JJV
17   3,3   6,8   13:46   0,7   08:07  14,2   0,0   1,8   1,7   7,3   19:55   JJV
18   2,5   5,1   15:44   0,1   21:42  15,0   0,0   3,9   1,4   8,2   12:14   ZJZ
19   1,0   3,3   14:30  -1,5   23:57  16,5   0,0   0,0   0,5   4,4   12:53     Z
20  -0,5   2,3   12:24  -4,4   06:22  18,0   0,0   0,0   1,5   8,2   14:37    JV
21   0,7   3,0   13:43  -0,7   05:33  16,8   0,0   5,0   1,1   5,3   03:24   JJZ
22   1,1   2,2   13:26   0,0   00:06  16,5   0,0   5,5   2,8   9,4   14:50   VJV
23   2,5   4,5   13:56   1,1   03:42  15,0   0,0   0,0   5,0  11,9   11:34     V
24   3,1   3,5   12:46   2,6   23:54  14,4   0,0   0,0   3,7  12,6   03:10     V
25   1,7   2,6   00:00   0,7   20:43  15,8   0,0   0,0   2,5   8,5   03:21   VSV
26   0,8   1,6   12:42   0,2   23:14  16,9   0,0   0,0   0,6   3,7   01:33   VSV
27   0,2   0,7   10:07  -0,6   03:42  17,3   0,0   0,0   2,2   9,0   19:52   VJV
28   0,8   2,1   11:47   0,1   02:28  16,7   0,0   0,0   2,9   9,4   11:06   VJV
29  -1,3   1,4   14:23  -3,7   20:07  18,8   0,0   0,0   1,4   5,3   08:20     Z
30  -0,3   3,5   19:42  -5,7   04:58  17,9   0,0   0,9   3,0  11,0   23:13    JZ
31   3,4   5,3   09:42   1,2   05:44  14,1   0,0   0,0   2,7   9,4   04:11   ZJZ
----------------------------------------------------------------------------------
     3,6  12,7     5    -5,7    30   432,2   0,0  41,1   1,8  12,6    24       J

Max >=  25,0:  0
Max <=   0,0:  0
Min <=   0,0:  9
Min <= -10,0:  0
Max Rain: 8,7 on day 15
Days of Rain: 15 (>= 0,4 mm)  3 (>= 4,0 mm)  0 (>= 16,0 mm)
Heat Base: 18,3  Cool Base: 18,3  Method: Integration



Poslední aktualizace 22.5.2024 8:00:02

Měšíční a roční statistické protokoly ve fromátu NOAA (National Oceanic and Atmospheric Administration)
Original Author: Ken True webmaster@saratoga-weather.org.
Bodged by beteljuice.