Němčany počasí: NOAA reporty

 


NOAA reporty


Report pro 2022 Pros
                   Monthly Climatological Summary for 12 2022

Name: Němčany   City: Němčany   State: Czech Repulic
Elevation: 256 m  Lat: N 49° 10' 12"   Lon: E 016° 54' 59"

                  Temperature (°C), Rain (mm), Wind Speed (m/s)

                                      Heat  Cool        Avg
    Mean                              Deg   Deg         Wind                 Dom
Day Temp  High   Time   Low    Time   Days  Days  Rain  Speed High   Time    Dir
----------------------------------------------------------------------------------
 1   1,0   2,6   11:59  -0,2   05:15  16,5   0,0   0,0   4,5  12,2   12:07     V
 2   0,7   1,5   13:18   0,2   06:57  16,8   0,0   0,0   3,6  10,6   09:59   VSV
 3   3,1   5,9   21:14   0,3   00:00  14,4   0,0   3,0   3,1  10,2   20:58     V
 4   6,6   9,1   11:59   5,3   16:33  10,9   0,0   0,3   2,9  10,6   23:13    JV
 5   5,6   6,5   00:48   5,0   23:27  11,9   0,0   2,1   1,7   9,4   04:29    JV
 6   3,2   5,0   00:00   2,5   06:07  14,3   0,0   5,7   2,7   7,0   01:52    JZ
 7   3,2   6,2   12:24   1,6   19:40  14,3   0,0   0,0   1,7   7,8   13:45    JZ
 8   1,6   3,0   10:36  -0,2   06:48  15,9   0,0   5,1   0,2   3,7   22:57   VJV
 9   2,1   2,9   15:05   1,5   21:35  15,4   0,0   6,0   2,0   6,5   19:40    SV
10   2,0   4,0   10:30   0,1   04:20  15,5   0,0   0,3   1,1   5,3   09:50    JV
11   0,8   2,0   01:29  -1,6   23:33  16,7   0,0   0,3   1,9   7,8   14:19     Z
12  -1,5   0,1   12:44  -3,1   05:42  19,0   0,0   0,0   1,8   7,8   10:14   ZJZ
13  -2,5   2,1   14:45  -6,3   23:21  20,0   0,0   0,0   0,6   4,4   23:35   JJZ
14  -3,0  -0,7   23:52  -6,8   01:16  20,5   0,0   0,0   3,4   9,4   11:33     V
15  -0,5   1,7   12:30  -2,0   19:04  18,0   0,0   2,0   1,9   7,0   22:39   SSV
16  -0,8   0,7   11:53  -1,8   00:00  18,3   0,0  10,5   2,3   9,4   09:35   VSV
17  -2,5   2,0   13:51  -9,8   22:18  20,0   0,0   6,4   0,3   4,1   12:39    JV
18  -4,8  -3,0   10:29  -8,6   23:44  22,3   0,0   0,3   1,2   6,1   11:24   VSV
19  -2,5   0,1   12:09  -8,7   00:06  20,1   0,0   0,0   2,9  10,6   09:53    JV
20  -0,3   0,3   12:17  -0,6   00:00  17,8   0,0   0,0   2,2   7,8   13:13     J
21   0,4   1,0   13:39  -0,2   00:00  17,1   0,0   0,6   2,1   5,3   01:07    JZ
22   1,2   2,5   20:45   0,5   04:34  16,3   0,0   0,6   2,7   8,5   12:21    JZ
23   3,1   5,3   23:57   1,2   01:02  14,4   0,0   5,7   0,4   7,8   23:54     J
24   5,2  10,8   14:06   1,1   07:59  12,3   0,0   0,6   0,7   6,5   00:12    JZ
25   4,2   9,9   12:51   0,2   07:16  13,3   0,0   0,0   0,6   6,5   16:35   SSZ
26   6,5   7,7   01:13   5,0   20:26  11,0   0,0   0,0   1,5   7,0   03:41    JZ
27   5,0   7,6   13:28   1,4   23:43  12,5   0,0   0,9   1,6   7,8   11:50   ZJZ
28   1,8   5,6   13:25  -1,8   07:46  15,8   0,0   0,0   1,0   6,5   14:13   JJZ
29   2,6   5,8   14:53   0,6   07:26  14,9   0,0   0,0   1,9   6,5   10:52    JZ
30   2,6   6,7   14:06   0,6   19:30  14,9   0,0   0,0   0,5   4,9   21:55    JZ
31   6,8  12,2   14:37   4,1   00:00  10,7   0,0   0,3   2,6   7,8   11:19    JZ
----------------------------------------------------------------------------------
     1,6  12,2    31    -9,8    17   491,8   0,0  50,7   1,9  12,2     1     JJV

Max >=  25,0:  0
Max <=   0,0:  2
Min <=   0,0: 14
Min <= -10,0:  0
Max Rain: 10,5 on day 16
Days of Rain: 13 (>= 0,4 mm)  6 (>= 4,0 mm)  0 (>= 16,0 mm)
Heat Base: 18,3  Cool Base: 18,3  Method: Integration



Poslední aktualizace 22.5.2024 6:30:02

Měšíční a roční statistické protokoly ve fromátu NOAA (National Oceanic and Atmospheric Administration)
Original Author: Ken True webmaster@saratoga-weather.org.
Bodged by beteljuice.