Němčany počasí: NOAA reporty

 


NOAA reporty


Report pro 2022 List
                   Monthly Climatological Summary for 11 2022

Name: Němčany   City: Němčany   State: Czech Repulic
Elevation: 256 m  Lat: N 49° 10' 12"   Lon: E 016° 54' 59"

                  Temperature (°C), Rain (mm), Wind Speed (m/s)

                                      Heat  Cool        Avg
    Mean                              Deg   Deg         Wind                 Dom
Day Temp  High   Time   Low    Time   Days  Days  Rain  Speed High   Time    Dir
----------------------------------------------------------------------------------
 1  11,4  12,3   15:01  10,8   00:00   6,1   0,0   0,0   1,6   6,1   11:01   JJZ
 2  10,7  17,1   14:44   4,0   23:56   6,8   0,0   0,0   0,7   5,8   12:42    JZ
 3   8,9  16,0   13:41   1,8   04:17   8,6   0,0   0,3   3,9  13,1   23:38   VJV
 4  10,5  11,6   00:54   8,8   23:48   7,0   0,0   2,1   3,6  13,1   00:47    JV
 5   8,9  12,4   13:18   4,1   23:58   8,6   0,0   0,0   1,1   7,3   12:08     Z
 6   6,8  13,1   14:19   0,8   07:00  10,7   0,0   0,0   1,3   6,5   13:20    SV
 7   7,9  14,6   14:29   3,6   01:12   9,6   0,0   0,0   0,8   5,3   11:29    JZ
 8   7,4  14,7   13:44   1,7   07:11  10,1   0,0   0,0   0,8   6,1   21:42    JV
 9   9,5  10,5   13:17   6,3   20:48   8,0   0,0   0,0   0,8   9,0   09:26   JJV
10   8,1  13,8   14:32   3,6   23:48   9,4   0,0   0,3   0,8   4,9   06:21    JZ
11   5,9  12,8   13:49   1,6   06:30  11,6   0,0   0,3   0,5   5,8   13:12    JZ
12   5,7  13,8   12:34   1,4   07:22  11,8   0,0   0,0   0,8   5,3   14:52     S
13   5,4  12,5   15:25   1,6   03:38  12,1   0,0   0,0   1,3   7,0   12:19     S
14   7,5  14,6   13:36   1,8   03:35  10,0   0,0   0,3   1,8   9,4   12:43   VJV
15   6,7   9,9   14:25   1,9   06:31  10,8   0,0   0,3   0,5   4,9   17:00   VSV
16   7,9   8,8   12:21   7,0   23:56   9,6   0,0   0,9   0,4   4,4   11:24   SSV
17   4,7   7,0   00:00   3,1   23:24  12,8   0,0   1,5   2,5  10,2   08:48   VSV
18   2,1   3,2   00:00  -0,5   23:43  15,4   0,0   5,7   3,4   9,8   10:48   VSV
19  -0,7   2,0   11:26  -2,1   07:15  18,3   0,0   0,0   1,2   7,3   01:11     V
20   0,4   1,8   13:55  -1,6   02:17  17,1   0,0   0,3   0,9   4,9   14:36    JZ
21   3,5   7,9   11:49   0,0   01:09  14,0   0,0   0,9   0,8   7,8   11:55    JZ
22   4,0   5,9   12:34   0,5   00:31  13,5   0,0   0,0   1,4   7,3   12:15   VJV
23   4,1   7,3   13:44   2,5   21:42  13,4   0,0   0,9   1,2   6,5   17:11   VSV
24   4,2   7,9   13:10   2,0   07:05  13,3   0,0   0,0   0,3   4,4   12:47   ZSZ
25   5,1  11,0   14:51   0,7   23:44  12,4   0,0   0,0   0,5   4,9   12:23    JZ
26   5,5   9,7   15:15   0,4   00:54  12,0   0,0   1,5   0,5   4,1   05:00   ZJZ
27   4,3   9,9   12:19   0,9   05:37  13,2   0,0   0,0   1,1   6,5   23:30    SV
28   4,4   5,6   12:28   3,4   00:00  13,1   0,0   0,0   3,8  10,6   14:23   VJV
29   3,0   4,9   14:14   0,0   22:59  14,5   0,0   0,0   1,9   7,0   00:06   VJV
30   1,0   3,2   13:22  -0,1   07:40  16,5   0,0   0,0   3,6  10,6   22:27   VSV
----------------------------------------------------------------------------------
     5,8  17,1     2    -2,1    19   350,3   0,0  15,3   1,5  13,1     3     VJV

Max >=  25,0:  0
Max <=   0,0:  0
Min <=   0,0:  6
Min <= -10,0:  0
Max Rain: 5,7 on day 18
Days of Rain: 7 (>= 0,4 mm)  1 (>= 4,0 mm)  0 (>= 16,0 mm)
Heat Base: 18,3  Cool Base: 18,3  Method: Integration



Poslední aktualizace 22.5.2024 6:10:01

Měšíční a roční statistické protokoly ve fromátu NOAA (National Oceanic and Atmospheric Administration)
Original Author: Ken True webmaster@saratoga-weather.org.
Bodged by beteljuice.