Němčany počasí: NOAA reporty

 


NOAA reporty


Report pro 2022 Říj
                   Monthly Climatological Summary for 10 2022

Name: Němčany   City: Němčany   State: Czech Repulic
Elevation: 256 m  Lat: N 49° 10' 12"   Lon: E 016° 54' 59"

                  Temperature (°C), Rain (mm), Wind Speed (m/s)

                                      Heat  Cool        Avg
    Mean                              Deg   Deg         Wind                 Dom
Day Temp  High   Time   Low    Time   Days  Days  Rain  Speed High   Time    Dir
----------------------------------------------------------------------------------
 1  12,8  17,8   13:23  10,6   00:00   4,7   0,0   0,3   1,8   8,5   15:01   ZJZ
 2  12,8  18,2   13:01   9,2   07:08   4,7   0,0   0,3   1,9  10,6   15:10   ZJZ
 3  11,8  16,2   15:13   7,8   05:08   5,7   0,0   0,6   2,1  10,6   15:13     Z
 4  12,1  18,1   15:36   6,2   23:54   5,4   0,0   0,3   1,1   7,3   12:58     Z
 5  11,7  18,5   14:27   4,0   04:06   5,9   0,0   0,0   1,1   8,2   10:39     J
 6  15,1  25,4   15:56   7,9   05:13   3,7   1,3   0,0   0,9   5,8   12:15    JZ
 7  15,7  22,7   14:37  10,7   23:40   3,0   1,2   0,0   1,8   8,2   16:47     V
 8  13,1  14,6   16:06  11,1   00:00   4,4   0,0   0,0   0,9   5,3   13:08   JJZ
 9  12,0  17,8   13:55   7,0   07:37   5,5   0,0   0,0   2,1   9,0   15:24   VSV
10  12,2  19,4   16:07   5,3   05:14   5,4   0,2   0,0   2,5   9,4   11:15   VJV
11  13,3  19,8   14:07   7,8   07:46   4,4   0,2   0,0   1,4   8,5   12:34    SV
12  11,3  17,5   15:10   7,4   07:00   6,2   0,0   0,0   2,0   7,3   09:11   SSV
13  10,9  14,8   13:28   6,8   06:53   6,6   0,0   0,0   1,0   4,9   07:14     S
14  11,6  14,9   15:15   7,6   22:09   5,9   0,0   0,0   0,6   4,9   11:05   JJZ
15  12,8  16,3   14:10   8,7   02:06   4,7   0,0   0,3   1,8   8,2   18:27    JV
16  16,4  21,8   15:30  13,6   00:00   1,8   0,7   0,0   1,7   9,0   12:18     J
17  16,5  22,6   15:57   9,4   07:39   2,2   1,2   0,0   2,2   8,5   19:54   VJV
18  15,2  21,4   15:19   7,8   07:28   2,9   0,7   0,9   1,5   8,2   13:26   JJZ
19  11,7  16,3   14:57   3,7   23:59   5,8   0,0   0,3   0,9   7,3   13:08     Z
20   7,8  16,5   15:30   1,2   05:42   9,7   0,0   0,0   1,2   5,8   15:40     V
21  10,5  13,6   12:43   7,5   00:00   7,0   0,0   0,0   2,7   9,4   04:21    JV
22   8,2  10,5   13:45   5,2   23:55   9,3   0,0   1,8   0,5   4,4   13:24    JZ
23  10,5  19,5   16:00   4,7   01:28   7,1   0,1   0,3   0,4   3,7   15:43   JJV
24  13,4  15,9   14:41   9,3   00:11   4,1   0,0   4,8   0,6   6,5   10:29    JZ
25  13,5  20,0   14:06   7,3   23:45   4,2   0,2   0,3   0,9   5,8   13:54   ZJZ
26  10,6  16,9   14:48   5,1   05:35   6,9   0,0   0,0   0,8   5,8   10:49   SSZ
27  11,9  20,0   16:09   8,5   23:45   5,7   0,2   0,0   0,3   4,1   21:06    JZ
28  10,9  12,3   14:07   8,1   02:41   6,6   0,0   0,6   1,1   5,8   13:36    JZ
29  12,3  13,3   14:46  11,6   03:26   5,2   0,0   0,3   1,8   5,8   02:58    JZ
30  11,5  12,5   15:08  10,5   23:26   6,3   0,0   0,0   0,8   4,4   09:41    JZ
31  10,5  11,3   14:38   9,9   04:52   7,0   0,0   0,3   0,6   4,4   21:44     J
----------------------------------------------------------------------------------
    12,3  25,4     6     1,2    20   168,0   6,0  11,4   1,3  10,6     2       J

Max >=  25,0:  1
Max <=   0,0:  0
Min <=   0,0:  0
Min <= -10,0:  0
Max Rain: 4,8 on day 24
Days of Rain: 5 (>= 0,4 mm)  1 (>= 4,0 mm)  0 (>= 16,0 mm)
Heat Base: 18,3  Cool Base: 18,3  Method: Integration



Poslední aktualizace 22.5.2024 8:00:02

Měšíční a roční statistické protokoly ve fromátu NOAA (National Oceanic and Atmospheric Administration)
Original Author: Ken True webmaster@saratoga-weather.org.
Bodged by beteljuice.