Němčany počasí: NOAA reporty

 


NOAA reporty


Report pro 2022 Zář
                   Monthly Climatological Summary for 9 2022

Name: Němčany   City: Němčany   State: Czech Repulic
Elevation: 256 m  Lat: N 49° 10' 12"   Lon: E 016° 54' 59"

                  Temperature (°C), Rain (mm), Wind Speed (m/s)

                                      Heat  Cool        Avg
    Mean                              Deg   Deg         Wind                 Dom
Day Temp  High   Time   Low    Time   Days  Days  Rain  Speed High   Time    Dir
----------------------------------------------------------------------------------
 1  17,5  22,8   14:44  12,8   23:43   1,3   1,3   0,0   2,6  11,0   13:28     V
 2  16,3  23,0   14:28  10,9   05:50   2,6   1,4   0,0   3,1  12,2   10:47    SV
 3  17,3  26,3   15:40  10,1   06:06   2,4   2,1   0,0   2,3   8,5   22:42    SV
 4  16,8  20,1   16:30  14,4   06:17   1,2   0,5   4,8   1,7   6,5   00:29   SSV
 5  18,2  25,0   14:40  13,3   05:54   1,5   2,2   0,0   1,9   7,0   10:30    SV
 6  18,4  25,5   15:19  13,0   05:53   1,3   2,2   0,0   2,4   9,0   01:12   SSV
 7  19,7  28,0   14:53  12,8   06:22   1,1   3,3   0,0   1,4   6,1   01:50   VSV
 8  20,2  28,0   13:52  15,7   23:59   0,3   3,1   0,0   2,6  11,0   13:53    SZ
 9  17,3  23,9   14:11  13,1   02:07   1,8   1,6   3,3   0,8   4,9   20:36    JZ
10  16,7  23,6   13:29  13,3   07:01   1,9   1,1   0,6   1,2   9,0   15:50   ZJZ
11  16,0  22,4   14:59  12,4   22:43   2,0   0,5   2,4   1,2   7,0   10:56   ZJZ
12  15,8  22,4   13:43  10,1   23:52   2,4   0,7   0,0   1,1   9,8   13:47     V
13  15,1  22,9   15:20   7,4   06:15   3,7   1,3   0,0   1,2   9,0   14:19    JZ
14  15,2  17,8   17:21  12,0   02:50   2,3   0,0   7,5   0,2   2,9   12:20   VJV
15  17,4  22,8   14:08  14,3   23:58   0,9   0,8   3,3   2,0  12,2   13:59    JZ
16  14,6  20,2   15:52  10,7   06:34   3,1   0,2   0,0   1,3   7,3   12:53   ZJZ
17  10,8  13,5   13:12   7,3   05:00   6,7   0,0   0,0   1,5   6,1   11:21     Z
18  10,7  16,1   16:34   6,5   02:41   6,8   0,0   0,6   2,6  10,2   13:44     Z
19  10,6  14,6   12:38   7,4   07:14   6,9   0,0   1,8   2,0   8,2   12:43     Z
20  10,1  16,2   15:32   6,3   23:59   7,4   0,0   6,9   0,7   8,2   16:11   ZJZ
21   9,6  17,9   13:23   3,4   06:49   7,9   0,0   0,3   0,6   7,3   15:23   VJV
22   9,9  17,9   15:54   4,3   06:11   7,6   0,0   0,0   0,6   9,8   13:47   VSV
23   9,5  19,5   15:51   1,8   05:57   8,1   0,2   0,0   0,5   5,8   10:59   SSV
24  11,6  20,2   15:57   4,3   01:23   6,1   0,3   0,0   1,3   7,0   06:35     V
25  13,2  16,7   12:42  10,6   06:58   4,3   0,0   4,2   0,9   4,9   09:07    SV
26  14,0  19,8   17:23   9,5   23:41   3,7   0,2   0,9   0,7   5,8   11:32   ZJZ
27  11,0  15,1   17:20   7,4   23:51   6,5   0,0   3,3   1,4   7,0   15:11    JZ
28  11,2  17,1   14:57   5,3   07:20   6,3   0,0   0,3   1,9  13,4   14:49   JJZ
29  12,3  18,2   13:33   9,3   06:06   5,2   0,0   0,3   0,9   4,4   13:03   VSV
30  11,7  16,3   16:06   9,8   21:50   5,8   0,0   0,6   1,3   6,1   00:51   VSV
----------------------------------------------------------------------------------
    14,3  28,0     7     1,8    23   119,1  23,0  41,1   1,5  13,4    28       S

Max >=  25,0:  5
Max <=   0,0:  0
Min <=   0,0:  0
Min <= -10,0:  0
Max Rain: 7,5 on day 14
Days of Rain: 13 (>= 0,4 mm)  4 (>= 4,0 mm)  0 (>= 16,0 mm)
Heat Base: 18,3  Cool Base: 18,3  Method: Integration



Poslední aktualizace 22.5.2024 6:30:02

Měšíční a roční statistické protokoly ve fromátu NOAA (National Oceanic and Atmospheric Administration)
Original Author: Ken True webmaster@saratoga-weather.org.
Bodged by beteljuice.