Němčany počasí: NOAA reporty

 


NOAA reporty


Report pro 2022 Srp
                   Monthly Climatological Summary for 8 2022

Name: Němčany   City: Němčany   State: Czech Repulic
Elevation: 256 m  Lat: N 49° 10' 12"   Lon: E 016° 54' 59"

                  Temperature (°C), Rain (mm), Wind Speed (m/s)

                                      Heat  Cool        Avg
    Mean                              Deg   Deg         Wind                 Dom
Day Temp  High   Time   Low    Time   Days  Days  Rain  Speed High   Time    Dir
----------------------------------------------------------------------------------
 1  21,1  28,5   17:30  14,2   03:32   0,6   4,2   0,0   0,9   6,1   12:12   JJZ
 2  22,8  29,2   15:22  16,4   05:49   0,1   5,4   0,0   1,4   7,0   14:24   VSV
 3  23,5  32,3   16:56  14,9   03:37   0,5   6,6   0,0   1,2   5,3   18:16   VSV
 4  25,6  34,2   16:37  16,5   05:53   0,1   8,2   0,0   1,2   5,8   14:17     V
 5  26,6  36,1   16:47  17,2   05:32   0,0   9,1   0,0   1,7   9,0   13:18   JJV
 6  20,7  25,6   01:33  15,1   22:47   0,2   3,4  12,0   2,4  11,0   13:06   VJV
 7  19,6  24,5   16:09  15,3   06:09   0,5   2,6   0,0   3,5  12,6   13:22     V
 8  20,4  26,6   15:44  15,6   23:59   0,3   3,2   0,0   2,3  10,6   12:21     V
 9  20,7  27,6   16:39  13,3   05:00   1,0   4,2   0,0   2,8  11,9   10:48   VSV
10  20,9  27,0   15:53  14,3   05:26   0,5   3,9   0,0   3,5  12,2   12:49    SV
11  20,4  27,1   16:37  11,8   05:31   0,9   3,8   0,0   3,0  11,4   12:55   VSV
12  20,7  28,5   15:07  14,3   05:08   0,8   4,1   0,0   2,9  11,9   08:36   VSV
13  21,3  26,6   14:11  16,4   05:59   0,1   3,9   0,0   3,3   9,8   14:40   VSV
14  23,1  29,7   17:39  19,7   02:06   0,0   5,6   0,0   2,2   7,3   14:41     V
15  24,3  32,3   15:47  17,2   05:12   0,0   6,8   0,0   2,1  10,6   13:31   JJZ
16  24,1  32,9   15:10  15,1   06:06   0,3   6,9   0,0   1,3   7,8   12:52   VSV
17  25,9  34,6   15:52  16,3   06:06   0,1   8,6   0,0   1,4   7,0   17:23    SV
18  26,9  35,8   16:16  19,9   06:23   0,0   9,4   0,6   2,8   9,4   19:37    SV
19  23,0  32,4   13:17  18,0   05:53   0,0   5,5   0,0   1,7   8,5   14:50   JJV
20  21,5  27,4   13:19  18,3   06:25   0,0   4,0   0,9   1,4   6,5   13:17    JZ
21  18,9  21,8   12:34  15,8   23:13   0,3   1,7  17,7   2,0   7,8   08:23    JZ
22  16,9  18,6   13:40  15,4   05:56   0,8   0,2  21,4   1,4   6,1   12:54    JV
23  19,5  24,8   16:29  16,6   03:53   0,2   2,2  10,8   0,7   5,8   18:38     V
24  21,3  26,0   14:16  17,3   02:31   0,0   3,8   0,3   1,7   9,4   15:53     V
25  23,8  30,1   15:59  19,3   01:09   0,0   6,3   0,0   2,2   8,2   09:47   VSV
26  24,6  33,4   16:24  19,0   05:22   0,0   7,1   0,0   1,6   6,5   14:48    SV
27  22,0  28,0   17:28  18,1   08:45   0,0   4,5   7,2   1,1   6,1   07:18   ZSZ
28  20,7  23,2   15:27  18,7   21:36   0,0   3,2   5,4   0,8   5,3   12:21   ZSZ
29  21,2  27,6   16:19  16,2   06:38   0,1   3,8   0,0   1,1   6,5   09:31   VSV
30  19,7  26,3   15:22  13,6   06:06   0,8   3,0   0,0   2,3   8,2   16:42    SV
31  18,2  22,1   15:09  14,7   06:12   0,7   1,4   0,0   2,6   9,8   10:39   VSV
----------------------------------------------------------------------------------
    21,9  36,1     5    11,8    11     8,9 146,6  76,3   2,0  12,6     7       V

Max >=  25,0: 25
Max <=   0,0:  0
Min <=   0,0:  0
Min <= -10,0:  0
Max Rain: 21,4 on day 22
Days of Rain: 8 (>= 0,4 mm)  6 (>= 4,0 mm)  2 (>= 16,0 mm)
Heat Base: 18,3  Cool Base: 18,3  Method: Integration



Poslední aktualizace 22.5.2024 6:20:01

Měšíční a roční statistické protokoly ve fromátu NOAA (National Oceanic and Atmospheric Administration)
Original Author: Ken True webmaster@saratoga-weather.org.
Bodged by beteljuice.