Němčany počasí: NOAA reporty

 


NOAA reporty


Report pro 2022 Červnc
                   Monthly Climatological Summary for 7 2022

Name: Němčany   City: Němčany   State: Czech Repulic
Elevation: 256 m  Lat: N 49° 10' 12"   Lon: E 016° 54' 59"

                  Temperature (°C), Rain (mm), Wind Speed (m/s)

                                      Heat  Cool        Avg
    Mean                              Deg   Deg         Wind                 Dom
Day Temp  High   Time   Low    Time   Days  Days  Rain  Speed High   Time    Dir
----------------------------------------------------------------------------------
 1  26,1  33,4   15:33  17,8   23:59   0,0   8,6   3,9   2,8  12,2   14:22    JZ
 2  20,0  24,9   17:39  15,3   23:56   0,3   2,8   0,0   2,3   8,5   12:32    SV
 3  21,9  31,5   17:12  12,3   04:51   1,1   5,5   0,0   1,8   7,0   15:04   SSZ
 4  23,0  31,9   15:33  14,1   04:44   0,6   6,1   0,0   1,3   9,0   11:19    JZ
 5  19,5  22,4   08:53  12,5   23:57   0,4   2,4   5,1   1,2   7,0   16:40   VSV
 6  18,3  26,0   17:21  10,3   04:32   2,1   2,9   0,0   1,5   9,0   10:38     S
 7  18,2  24,4   15:50  12,2   04:24   1,4   2,1   0,0   1,9   7,8   16:24     Z
 8  18,7  23,5   13:54  13,9   05:08   0,9   2,1   0,0   2,1   9,8   15:01     Z
 9  17,7  26,1   14:21  10,0   03:47   2,1   2,3   1,8   1,6   8,2   13:47     Z
10  16,4  20,5   11:45  13,4   05:27   1,6   0,6   0,3   2,2  10,2   14:51     Z
11  17,2  24,0   16:47  11,0   05:22   2,1   1,7   0,0   1,7   9,0   13:19     Z
12  17,6  25,6   17:14   9,9   02:28   2,6   2,8   0,0   1,5  11,9   14:50     Z
13  21,7  31,3   17:04   9,7   02:06   1,7   5,9   0,0   1,5   8,2   12:29     Z
14  23,1  33,6   15:24  15,5   03:00   0,2   5,8  21,3   2,0  11,4   19:15   ZJZ
15  19,4  24,6   15:37  12,9   23:58   0,9   2,7   0,6   1,5   7,3   14:40     Z
16  18,4  26,2   15:34   9,9   04:37   2,1   3,0   0,0   1,8  10,2   14:57   ZJZ
17  18,2  27,5   16:32   8,0   05:33   2,6   3,3   0,0   1,3   7,3   18:51     J
18  20,4  30,4   16:06   8,3   05:01   2,3   5,3   0,0   1,3   6,1   12:52   JJV
19  23,8  33,9   16:48  12,8   04:55   1,0   7,3   0,0   0,8   5,3   15:20     J
20  26,0  36,0   16:41  14,7   04:46   0,4   8,9   0,0   1,3   6,1   13:08   VJV
21  27,4  36,1   16:37  17,3   05:00   0,0   9,9   0,0   1,6  10,2   15:39     J
22  27,8  35,1   17:23  20,0   06:06   0,0  10,3   0,0   1,6   6,5   14:14   ZJZ
23  27,1  35,4   13:46  20,6   05:00   0,0   9,6   0,0   2,3   7,8   15:22   ZSZ
24  24,9  31,6   16:25  18,2   05:32   0,0   7,4   0,0   1,5   8,5   12:57    SZ
25  25,3  34,1   16:16  14,7   05:38   0,3   8,2   0,0   1,8   9,4   15:57   JJV
26  21,9  24,5   17:22  17,4   23:55   0,0   4,4  14,7   1,6  10,6   05:21    JZ
27  20,1  27,1   14:43  15,8   05:25   0,3   2,9   4,5   1,7   7,8   11:40    SV
28  21,2  28,1   16:23  14,5   05:41   0,5   4,3   0,0   2,5  10,6   09:52   VSV
29  21,8  25,8   12:06  17,5   05:49   0,0   4,3   0,0   2,4   8,2   00:09    SV
30  19,1  22,3   16:22  17,7   05:13   0,0   1,6  11,4   1,8   6,1   16:17   ZJZ
31  21,1  27,7   16:09  17,1   06:25   0,1   3,7   0,0   2,4  10,6   16:23     Z
----------------------------------------------------------------------------------
    21,4  36,1    21     8,0    17    27,6 148,7  63,6   1,8  12,2     1       Z

Max >=  25,0: 22
Max <=   0,0:  0
Min <=   0,0:  0
Min <= -10,0:  0
Max Rain: 21,3 on day 14
Days of Rain: 8 (>= 0,4 mm)  5 (>= 4,0 mm)  1 (>= 16,0 mm)
Heat Base: 18,3  Cool Base: 18,3  Method: Integration



Poslední aktualizace 22.5.2024 8:00:02

Měšíční a roční statistické protokoly ve fromátu NOAA (National Oceanic and Atmospheric Administration)
Original Author: Ken True webmaster@saratoga-weather.org.
Bodged by beteljuice.