Němčany počasí: NOAA reporty

 


NOAA reporty


Report pro 2021 Srp
                   Monthly Climatological Summary for 8 2021

Name: Němčany   City: Němčany   State: Czech Repulic
Elevation: 256 m  Lat: N 49° 10' 12"   Lon: E 016° 54' 59"

                  Temperature (°C), Rain (mm), Wind Speed (m/s)

                                      Heat  Cool        Avg
    Mean                              Deg   Deg         Wind                 Dom
Day Temp  High   Time   Low    Time   Days  Days  Rain  Speed High   Time    Dir
----------------------------------------------------------------------------------
 1  19,5  25,7   14:30  15,7   23:48   0,2   2,1  10,8   2,3  12,6   09:40   JJZ
 2  19,0  25,1   14:39  15,0   05:05   0,8   2,3   1,5   2,0   9,4   14:05   ZJZ
 3  19,3  26,3   16:29  11,8   05:48   1,3   3,1  19,5   1,6  12,6   23:42   JJZ
 4  18,0  23,4   15:16  12,9   04:42   1,1   1,6   0,6   1,0   6,5   00:09   ZJZ
 5  16,4  17,6   00:00  15,5   05:27   1,1   0,0  59,4   1,5   6,1   05:21   SSZ
 6  18,2  24,5   14:10  12,0   06:00   1,4   2,0   0,0   2,0   9,8   15:22    JZ
 7  21,4  28,1   16:17  13,5   06:16   0,9   4,8   0,0   2,3  11,0   22:35    JV
 8  19,8  24,2   14:23  15,8   23:56   0,3   2,6   8,7   2,1  11,9   01:11    JZ
 9  20,0  28,3   16:39  13,4   04:52   1,2   3,7   0,3   1,0   5,8   11:15   VSV
10  21,7  29,1   16:58  14,7   06:10   0,4   4,7   0,0   2,1   9,0   17:08    JZ
11  21,4  28,7   16:52  14,9   04:27   0,5   4,4   0,0   1,3   7,8   15:17   ZSZ
12  21,1  28,9   16:58  13,1   05:52   0,7   4,4   0,0   1,4   5,3   09:05    SV
13  23,1  30,7   16:29  16,2   06:21   0,1   5,7   0,0   1,9   6,5   04:21   VSV
14  24,5  30,8   14:20  16,7   06:12   0,0   7,1   4,8   1,5   9,0   14:50     J
15  25,2  33,5   15:42  17,8   05:44   0,0   7,7   0,0   1,0   5,8   15:50    JZ
16  22,0  30,8   15:03  16,8   05:30   0,0   4,5  18,3   2,1   9,4   16:21    JZ
17  16,2  19,5   13:41  12,2   23:54   1,5   0,2   0,6   2,2   9,8   05:28     Z
18  16,4  22,3   16:26  11,9   03:32   2,1   1,0   0,3   1,9   9,4   15:58   ZJZ
19  17,9  25,2   16:19  13,1   01:07   1,5   1,9   0,0   1,4   7,8   14:36    JZ
20  18,7  25,5   13:40  12,5   02:30   1,3   2,5   0,0   0,8   6,1   13:43    JZ
21  19,6  27,6   15:31  12,0   05:57   1,3   3,4   0,0   0,9   6,1   09:50     V
22  20,2  26,9   12:20  13,9   02:35   0,9   3,6   2,1   1,1   4,9   14:53   JJZ
23  18,8  24,3   16:44  14,6   23:35   0,5   1,8   5,1   1,6   6,1   05:39   ZJZ
24  15,9  19,6   15:40  10,8   23:37   1,8   0,3   0,0   1,9  14,6   15:27     V
25  14,7  22,3   15:36   8,2   03:34   3,9   1,1   0,0   1,2   8,2   09:59   SSV
26  13,1  17,5   15:29   8,7   01:25   4,4   0,0   7,8   1,9   9,8   17:49    JZ
27  13,3  18,2   15:17   9,4   23:15   4,3   0,0   2,4   1,0   8,2   13:41    JZ
28  13,4  19,7   16:16   8,9   01:21   4,3   0,2   0,0   0,6   4,9   12:20   JJV
29  13,3  19,1   11:57   9,1   02:06   4,3   0,1  15,0   0,6   5,8   10:57    SV
30  13,7  22,3   14:41   7,7   05:54   4,4   0,6   0,3   0,8   7,0   16:17    JZ
31  14,8  19,6   14:06  11,4   00:43   2,9   0,1   4,5   2,0   7,3   13:59   ZJZ
----------------------------------------------------------------------------------
    18,4  33,5    15     7,7    30    49,4  77,5 162,0   1,5  14,6    24      JZ

Max >=  27,0: 10
Max <=   0,0:  0
Min <=   0,0:  0
Min <= -18,0:  0
Max Rain: 59,4 on day 5
Days of Rain: 15 (>= 0,4 mm)  12 (>= 2,0 mm)  1 (>= 20,0 mm)
Heat Base: 17,5  Cool Base: 17,5  Method: Integration



Poslední aktualizace 20.9.2021 12:10:01

Měšíční a roční statistické protokoly ve fromátu NOAA (National Oceanic and Atmospheric Administration)
Original Author: Ken True webmaster@saratoga-weather.org.
Bodged by beteljuice.