Němčany počasí: NOAA reporty

 


NOAA reporty


Report pro 2020 Břez
                   Monthly Climatological Summary for 3 2020

Name: Němčany   City: Němčany   State: Czech Repulic
Elevation: 256 m  Lat: N 49° 10' 12"   Lon: E 016° 54' 59"

                  Temperature (°C), Rain (mm), Wind Speed (m/s)

                                      Heat  Cool        Avg
    Mean                              Deg   Deg         Wind                 Dom
Day Temp  High   Time   Low    Time   Days  Days  Rain  Speed High   Time    Dir
----------------------------------------------------------------------------------
 1   7,4  10,8   15:09   4,6   06:08  10,1   0,0   0,0   3,1  12,2   23:39    JV
 2   9,1  13,5   16:22   6,1   06:21   8,4   0,0  12,7   4,1  11,9   00:23   JJV
 3   8,2  10,2   00:08   4,8   23:55   9,3   0,0   1,8   3,7  11,9   12:27     J
 4   5,3  12,0   15:09  -0,6   23:48  12,2   0,0   0,0   1,1   8,5   12:44     Z
 5   4,9  12,1   14:38  -3,0   06:35  12,6   0,0   0,0   3,0  12,6   22:13   VJV
 6   5,7   6,9   00:00   4,4   06:09  11,8   0,0   3,0   3,8  12,2   04:10   VJV
 7   6,1   8,1   14:51   4,1   06:29  11,4   0,0   0,3   3,1   9,8   15:04   ZJZ
 8   5,3  11,6   14:17  -1,1   23:42  12,2   0,0   0,0   1,7   9,4   02:18   ZJZ
 9   4,6  13,2   15:15  -2,1   03:30  12,9   0,0   0,0   1,0   6,1   15:26   JJZ
10   7,6  12,8   13:31   2,0   06:44   9,9   0,0   0,0   2,8  11,4   15:20   JJZ
11   9,5  13,0   10:06   7,2   00:36   8,0   0,0   2,1   1,9   9,4   10:11   JJZ
12  12,5  20,6   15:07   5,4   04:07   5,4   0,4   0,3   3,5  15,1   13:49    JZ
13   9,1  14,1   14:21   3,4   22:37   8,4   0,0   0,3   4,4  15,5   13:30   ZJZ
14   5,0  12,1   14:18   0,0   22:35  12,5   0,0   0,0   2,1   8,2   10:06    SV
15   3,9  11,3   15:05  -5,0   05:06  13,6   0,0   0,0   2,2   8,2   13:37   VJV
16   7,0  14,7   14:46   1,5   01:16  10,5   0,0   0,0   3,4  12,6   13:25    JV
17   7,1  13,9   12:31  -0,7   05:30  10,4   0,0   0,0   1,3   6,5   13:52   JJZ
18   9,6  19,5   15:26   1,6   05:17   8,1   0,2   0,0   1,3   6,1   12:14   JJZ
19  12,0  21,2   15:31   3,0   03:42   6,1   0,6   0,0   1,2   6,1   12:40   JJZ
20  13,6  20,3   15:15  10,0   01:16   4,2   0,3   0,0   2,7   9,0   09:09    SV
21   5,0  10,6   00:21   1,4   23:55  12,5   0,0   1,5   5,2  14,6   09:01     V
22   0,9   4,5   10:59  -3,0   22:55  16,6   0,0   0,0   3,1  12,2   14:28     V
23   0,9   5,1   14:14  -3,8   04:16  16,6   0,0   0,0   4,8  16,3   11:48   VSV
24   2,1   7,0   14:24  -2,3   05:55  15,4   0,0   0,0   6,2  17,2   09:29    SV
25   2,1   8,8   14:56  -3,5   05:57  15,4   0,0   0,0   3,0  10,6   12:44    SV
26   5,4  12,0   14:53  -2,6   00:08  12,1   0,0   0,0   4,1  11,0   10:42   SSV
27  10,5  19,2   13:49   3,9   06:08   7,1   0,1   0,0   2,5   8,2   04:26     S
28  10,8  19,9   14:38   4,0   04:24   6,9   0,3   0,0   1,9   7,0   10:58   SSV
29   7,6  15,0   14:44  -0,3   06:59   9,4   0,0   0,0   2,4   9,8   23:29   ZJZ
30   3,0   8,1   15:55  -3,6   23:59  14,6   0,0   0,0   3,4  11,0   03:44   VSV
31   0,8   7,2   13:33  -4,9   01:55  16,7   0,0   0,0   1,4   7,8   18:14   VJV
----------------------------------------------------------------------------------
     6,5  21,2    19    -5,0    15   341,3   1,9  22,0   2,9  17,2    24     VJV

Max >=  27,0:  0
Max <=   0,0:  0
Min <=   0,0: 15
Min <= -18,0:  0
Max Rain: 12,7 on day 2
Days of Rain: 5 (>= 0,4 mm)  3 (>= 2,0 mm)  0 (>= 20,0 mm)
Heat Base: 17,5  Cool Base: 17,5  Method: Integration



Poslední aktualizace 9.7.2020 22:10:02

Měšíční a roční statistické protokoly ve fromátu NOAA (National Oceanic and Atmospheric Administration)
Original Author: Ken True webmaster@saratoga-weather.org.
Bodged by beteljuice.