Němčany počasí: NOAA reporty

 


NOAA reporty


Report pro 2019 Zář
                   Monthly Climatological Summary for 9 2019

Name: Němčany   City: Němčany   State: Czech Repulic
Elevation: 256 m  Lat: N 49° 10' 12"   Lon: E 016° 54' 59"

                  Temperature (°C), Rain (mm), Wind Speed (m/s)

                                      Heat  Cool        Avg
    Mean                              Deg   Deg         Wind                 Dom
Day Temp  High   Time   Low    Time   Days  Days  Rain  Speed High   Time    Dir
----------------------------------------------------------------------------------
 1  24,7  32,4   15:06  18,1   04:25   0,0   7,2   0,0   1,9   8,5   11:59     J
 2  18,3  21,3   00:37  14,0   22:31   0,7   1,5  29,3   1,1   7,0   15:15   VJV
 3  17,0  24,4   15:55  11,0   07:14   2,4   1,8   0,3   1,0   6,5   12:56    SV
 4  16,9  26,0   16:11   8,5   06:11   3,2   2,6   0,0   1,0   5,3   14:13   JJV
 5  19,0  27,9   16:24  10,9   06:25   2,0   3,5   0,3   1,3   5,3   16:37     J
 6  17,4  20,6   14:53  14,3   23:56   0,8   0,7   0,9   2,5   9,0   13:01   VSV
 7  14,8  16,4   16:52  13,4   06:06   2,7   0,0  15,3   1,1   6,5   01:16     V
 8  14,6  16,9   17:10  13,2   06:28   2,9   0,0   2,1   1,2   5,3   20:20    SV
 9  14,9  18,3   14:48  12,9   23:47   2,6   0,0  21,1   3,2   9,4   08:05   JJZ
10  14,8  20,2   13:04   9,3   06:59   3,3   0,6   0,0   1,6   9,0   14:18     J
11  17,0  25,5   15:33  11,2   06:33   2,7   2,2   0,0   1,7   6,1   07:45   SSV
12  16,8  25,6   14:53   9,4   05:32   3,0   2,3   0,0   1,4   8,2   11:50    JZ
13  18,3  26,0   15:14  11,9   04:49   1,6   2,5   0,0   1,4   7,3   12:57   ZJZ
14  16,6  22,0   15:53  11,1   23:58   1,9   0,9   0,0   2,1   7,8   11:45    SV
15  15,0  23,8   15:59   6,5   06:11   4,0   1,6   0,0   1,4   8,5   15:35   JJZ
16  17,5  25,9   15:00  10,3   06:45   2,2   2,2   0,0   1,0   7,0   14:35   ZJZ
17  16,7  21,0   15:47  12,6   21:47   1,5   0,7   0,0   2,0   9,4   13:27   ZJZ
18  13,0  18,5   14:44   6,0   23:46   4,6   0,1   0,0   2,5  11,0   08:42     Z
19  10,0  17,0   16:36   4,4   05:48   7,5   0,0   0,0   1,3   7,8   12:10     Z
20   9,9  19,4   15:37   1,7   06:40   7,8   0,1   0,0   0,9   6,5   14:57   JJZ
21  11,6  21,3   16:07   3,2   05:47   6,5   0,7   0,0   1,1   6,5   13:48   JJV
22  14,3  22,4   15:44   6,7   02:45   4,2   1,0   0,0   2,6  11,0   12:52     V
23  16,3  21,8   16:20  12,3   07:00   2,2   1,0   0,0   2,0   7,3   08:16    SV
24  16,2  23,8   15:32   9,7   06:45   2,7   1,5   0,0   1,2   5,3   12:08   SSV
25  16,0  21,6   15:42  12,7   06:05   2,1   0,6   0,0   1,9   7,8   15:06    JZ
26  14,9  22,9   16:09  10,0   06:17   3,5   0,8   0,0   1,0   9,8   16:14   JJZ
27  15,1  21,8   15:57   8,3   03:23   3,2   0,8   2,7   1,4   8,5   22:33   JJV
28  15,3  19,1   15:36  11,1   23:59   2,3   0,1   0,0   1,8   9,0   17:17   JJZ
29  16,0  23,0   16:06   9,9   06:34   2,8   1,3   0,0   2,6  10,6   15:08     J
30  17,5  22,0   11:02  11,7   23:55   0,9   1,0   0,3   5,0  17,5   13:31   ZJZ
----------------------------------------------------------------------------------
    15,9  32,4     1     1,7    20    87,8  39,3  72,3   1,7  17,5    30       J

Max >=  27,0:  2
Max <=   0,0:  0
Min <=   0,0:  0
Min <= -18,0:  0
Max Rain: 29,3 on day 2
Days of Rain: 6 (>= 0,4 mm)  5 (>= 2,0 mm)  2 (>= 20,0 mm)
Heat Base: 17,5  Cool Base: 17,5  Method: Integration



Poslední aktualizace 21.9.2020 22:10:02

Měšíční a roční statistické protokoly ve fromátu NOAA (National Oceanic and Atmospheric Administration)
Original Author: Ken True webmaster@saratoga-weather.org.
Bodged by beteljuice.