Němčany počasí: NOAA reporty

 


NOAA reporty


Report pro 2018 Červnc
                   Monthly Climatological Summary for 7 2018

Name: Němčany   City: Němčany   State: Czech Repulic
Elevation: 256 m  Lat: N 49° 10' 12"   Lon: E 016° 54' 59"

                  Temperature (°C), Rain (mm), Wind Speed (m/s)

                                      Heat  Cool        Avg
    Mean                              Deg   Deg         Wind                 Dom
Day Temp  High   Time   Low    Time   Days  Days  Rain  Speed High   Time    Dir
----------------------------------------------------------------------------------
 1  15,1  21,0   16:19   8,8   02:26   3,1   0,7   0,0   1,7  10,6   10:49    SV
 2  16,1  24,7   16:51   5,2   05:14   3,5   2,2   0,0   1,4   5,8   17:22     V
 3  19,7  28,6   17:02   8,4   05:08   2,2   4,4   0,0   1,5  10,2   13:25     Z
 4  21,8  32,2   16:43   8,6   05:06   2,0   6,3   0,0   1,4   7,8   15:23   JJZ
 5  23,2  32,7   14:27  12,6   05:46   0,9   6,6   0,0   1,7   9,4   15:56   JJZ
 6  21,6  28,4   16:35  16,1   05:09   0,1   4,2   7,2   1,2   7,8   19:26   SSV
 7  21,2  28,7   16:06  13,5   05:41   0,6   4,3   0,0   1,5   7,0   12:23     Z
 8  20,0  27,8   16:16  12,7   05:09   1,2   3,7   0,0   1,2   7,3   15:55   ZJZ
 9  21,2  28,8   15:42  13,2   05:12   0,8   4,5   0,0   1,2   7,8   14:42     V
10  19,4  24,2   14:07  16,4   05:29   0,1   2,1   1,2   1,1  11,9   14:43     S
11  18,3  23,7   17:20  11,9   23:54   0,9   1,7   0,6   1,4  11,4   17:38   JJZ
12  18,0  24,0   16:22  11,3   00:23   1,8   2,3   0,0   2,8  11,9   13:23    JZ
13  21,2  27,9   17:40  15,6   05:39   0,4   4,1   0,0   2,1   9,0   12:52   ZJZ
14  21,8  29,9   14:24  12,1   05:05   1,0   5,3   0,0   1,6  10,2   17:23     Z
15  22,3  30,1   13:44  12,0   05:25   0,9   5,7   0,0   1,5   7,3   14:48    SV
16  22,4  29,0   12:07  12,6   05:23   0,7   5,6   0,0   1,9  10,6   12:57    JZ
17  20,7  27,3   11:18  13,5   05:40   0,4   3,7   0,3   1,7   9,8   11:56     Z
18  19,0  22,7   10:29  17,3   04:36   0,0   1,6   8,4   1,2  10,6   10:41     Z
19  22,8  29,1   16:06  18,1   00:38   0,0   5,3   0,3   2,0  10,2   16:41     Z
20  21,9  29,5   15:24  14,8   03:53   0,5   5,0   0,0   1,3   7,8   14:56   VSV
21  24,1  31,9   14:54  16,5   05:50   0,0   6,7   0,0   2,9   9,0   19:48     V
22  20,2  25,9   13:02  18,2   04:32   0,0   2,7  11,7   0,8   8,5   13:27     J
23  23,3  30,8   16:59  17,9   05:26   0,0   5,8   1,8   1,6   9,8   14:13     V
24  23,3  31,0   15:31  15,1   04:49   0,3   6,1   0,0   1,2   7,3   13:41   VSV
25  22,1  29,1   12:30  15,5   05:29   0,2   4,8   3,9   1,4  13,9   14:37    SV
26  23,0  30,4   14:42  16,7   05:08   0,0   5,5   0,6   2,0   9,8   17:04   VSV
27  24,0  32,2   16:19  18,1   05:36   0,0   6,5   1,5   2,3  11,0   19:28    SV
28  24,4  32,0   16:17  18,6   04:36   0,0   6,9   0,0   2,3   9,4   16:28   VSV
29  25,8  33,7   16:24  18,2   05:49   0,0   8,3   0,0   1,7  10,2   16:43    SV
30  26,7  33,4   17:03  20,4   05:19   0,0   9,2   0,0   2,9   9,4   14:38    SV
31  26,9  33,4   15:04  20,2   05:43   0,0   9,4   0,0   3,4  11,4   13:26   VSV
----------------------------------------------------------------------------------
    21,7  33,7    29     5,2     2    21,6 151,2  37,5   1,7  13,9    25     VSV

Max >=  27,0: 24
Max <=   0,0:  0
Min <=   0,0:  0
Min <= -18,0:  0
Max Rain: 11,7 on day 22
Days of Rain: 9 (>= 0,4 mm)  4 (>= 2,0 mm)  0 (>= 20,0 mm)
Heat Base: 17,5  Cool Base: 17,5  Method: Integration



Poslední aktualizace 9.7.2020 23:20:01

Měšíční a roční statistické protokoly ve fromátu NOAA (National Oceanic and Atmospheric Administration)
Original Author: Ken True webmaster@saratoga-weather.org.
Bodged by beteljuice.