Němčany počasí: NOAA reporty

 


NOAA reporty


Report pro 2018 Led
                   Monthly Climatological Summary for 1 2018

Name: Němčany   City: Němčany   State: Czech Repulic
Elevation: 256 m  Lat: N 49° 10' 12"   Lon: E 016° 54' 59"

                  Temperature (°C), Rain (mm), Wind Speed (m/s)

                                      Heat  Cool        Avg
    Mean                              Deg   Deg         Wind                 Dom
Day Temp  High   Time   Low    Time   Days  Days  Rain  Speed High   Time    Dir
----------------------------------------------------------------------------------
 1   2,5   5,3   00:25  -0,8   23:48  15,0   0,0   0,3   1,0   5,8   00:18   JJZ
 2   1,5   5,4   14:40  -2,0   04:41  16,0   0,0   0,0   0,9   5,3   21:57    JZ
 3   1,8   3,5   10:36  -1,3   05:50  15,7   0,0   4,5   2,2  12,2   14:10   JJV
 4   5,0   7,7   12:49   2,8   08:18  12,5   0,0   0,3   1,8   7,3   02:58    JZ
 5   6,2   8,1   14:16   4,1   02:34  11,3   0,0   3,9   1,8   7,8   17:31     J
 6   7,6  11,0   11:20   4,5   08:14   9,9   0,0   0,3   1,6   6,1   18:40   SSV
 7   7,2   8,8   10:34   4,5   23:40  10,3   0,0   0,0   4,1  13,1   20:22   VSV
 8   3,0   4,5   00:00   2,4   13:15  14,5   0,0   3,9   5,7  14,6   13:19   VSV
 9   5,5  10,4   11:39   0,9   07:20  12,0   0,0   0,0   5,1  15,1   19:22   VSV
10   4,7   7,1   00:00   3,0   23:59  12,9   0,0  17,1   2,0  13,1   01:51    JV
11   3,5   5,2   13:38   2,4   07:52  14,0   0,0   0,0   0,4   2,9   14:07   VSV
12   3,5   4,4   02:41   1,4   23:39  14,0   0,0   0,0   3,9  11,4   23:21     V
13   0,8   1,4   00:00  -0,3   23:39  16,7   0,0   0,0   5,0  13,1   10:22   VSV
14  -1,0  -0,1   14:54  -1,9   06:40  18,5   0,0   0,0   4,4   9,4   05:21   SSV
15  -1,1  -0,1   09:36  -2,0   22:45  18,6   0,0   0,0   3,1   9,4   23:16    JV
16  -1,3   0,5   20:59  -2,3   03:42  18,8   0,0   2,5   4,0  11,4   03:13   JJV
17   1,4   4,0   13:05  -1,2   21:59  16,1   0,0   4,5   2,3  11,0   14:34   ZJZ
18   1,4   4,8   22:50  -3,0   07:53  16,1   0,0   2,1   2,7  12,6   14:11   JJZ
19   1,6   4,6   15:21  -0,2   07:23  15,9   0,0   0,3   1,8   7,0   00:09   ZJZ
20   0,2   1,3   12:27  -2,2   04:35  17,3   0,0   0,3   1,7   6,5   11:06   JJZ
21   0,7   3,5   13:08  -3,7   21:07  16,8   0,0   3,3   1,7   6,5   03:13    SV
22  -2,8   1,8   12:59  -7,9   05:23  20,3   0,0   0,0   1,2   5,3   13:59   VSV
23   0,4   2,6   14:15  -0,8   00:00  17,1   0,0   0,3   0,5   2,4   03:47     J
24   2,3   3,9   13:36  -0,6   03:38  14,9   0,0   0,0   1,4   7,0   17:41   JJV
25   2,8   5,8   13:50   0,3   23:31  14,7   0,0   0,0   2,0   6,5   04:29   JJV
26   2,4   3,6   14:11   0,0   00:14  15,1   0,0   0,0   1,0   4,9   23:26    JV
27   2,8   3,5   12:36   2,3   23:27  14,7   0,0   0,0   1,2   5,8   01:14   SSV
28   4,4   8,1   14:43   0,5   06:30  13,1   0,0   0,0   1,9   7,0   14:30    JZ
29   8,3  14,0   14:47   5,8   22:05   9,2   0,0   0,0   2,9  10,6   12:47    JZ
30   5,4   9,9   13:53  -1,9   23:54  12,2   0,0   0,6   2,6  14,3   04:47     Z
31   0,7   6,2   16:06  -4,2   06:13  16,8   0,0   0,0   1,5   9,0   15:29     J
----------------------------------------------------------------------------------
     2,6  14,0    29    -7,9    22   461,0   0,0  44,2   2,4  15,1     9     VJV

Max >=  27,0:  0
Max <=   0,0:  2
Min <=   0,0: 18
Min <= -18,0:  0
Max Rain: 17,1 on day 10
Days of Rain: 9 (>= 0,4 mm)  8 (>= 2,0 mm)  0 (>= 20,0 mm)
Heat Base: 17,5  Cool Base: 17,5  Method: Integration



Poslední aktualizace 23.10.2020 13:50:02

Měšíční a roční statistické protokoly ve fromátu NOAA (National Oceanic and Atmospheric Administration)
Original Author: Ken True webmaster@saratoga-weather.org.
Bodged by beteljuice.