Němčany počasí: NOAA reporty

 


NOAA reporty


Report pro 2017 Dub
                   Monthly Climatological Summary for 4 2017

Name: Němčany   City: Němčany   State: Czech Repulic
Elevation: 256 m  Lat: N 49° 10' 12"   Lon: E 016° 54' 59"

                  Temperature (°C), Rain (mm), Wind Speed (m/s)

                                      Heat  Cool        Avg
    Mean                              Deg   Deg         Wind                 Dom
Day Temp  High   Time   Low    Time   Days  Days  Rain  Speed High   Time    Dir
----------------------------------------------------------------------------------
 1  17,1  23,1   16:26  11,1   07:08   1,8   1,4   0,0   3,8  14,3   14:13   VJV
 2  17,2  25,1   15:39  10,7   23:44   2,3   2,0   0,0   1,9  13,1   01:35     J
 3  14,8  21,8   15:08   9,7   23:50   3,5   0,7   0,0   3,2  12,2   12:08   VSV
 4  13,3  22,1   15:40   7,2   05:08   4,7   0,6   0,0   1,3   9,4   05:35   VSV
 5  12,4  18,0   14:38   9,2   06:38   5,1   0,0   0,3   1,0   8,5   15:55     Z
 6   8,4  11,3   16:51   4,7   22:49   9,1   0,0   0,0   2,2  13,9   13:28     Z
 7   7,5   9,6   15:59   4,8   06:18  10,0   0,0   1,8   1,5  11,4   02:19     Z
 8  12,0  17,3   15:57   8,9   03:07   5,5   0,0   0,0   1,2  10,6   11:33     Z
 9  11,7  18,5   13:50   4,3   06:39   5,9   0,0   0,0   0,8   4,9   13:47   VJV
10  12,8  22,7   16:25   2,1   05:46   5,7   1,1   0,6   1,5   8,5   11:55   JJZ
11  10,2  13,7   00:00   5,0   07:31   7,4   0,0   0,3   1,8  10,6   22:26   ZSZ
12   9,4  14,5   16:30   3,3   02:14   8,2   0,0   0,9   2,2   7,8   11:35     S
13  10,0  14,1   16:55   6,0   21:59   7,6   0,0   2,1   1,2   9,4   15:15   ZJZ
14  10,1  15,9   15:14   4,4   23:27   7,3   0,0   0,0   1,3  10,6   11:24   ZSZ
15   9,6  15,7   17:09   3,0   01:14   7,9   0,0   0,0   1,9   9,4   15:09     S
16   8,4  13,2   15:44   1,1   23:59   9,1   0,0   0,9   1,8  13,4   14:34   ZSZ
17   4,8  10,6   12:14  -0,8   05:24  12,7   0,0   9,9   0,8   7,0   13:39    JZ
18   5,3  10,5   12:08   2,1   23:49  12,4   0,0   3,6   1,6  10,6   16:53    JV
19   2,4   3,0   18:38   1,7   12:19  15,1   0,0   1,5   2,9  15,1   15:50   JJV
20   2,8   5,6   16:09  -2,0   23:57  14,7   0,0   0,0   1,9  12,6   00:42   JJV
21   4,6  12,9   15:34  -4,5   05:53  12,9   0,0   0,0   1,2   9,0   12:38     Z
22   8,2  13,5   11:41   2,2   23:42   9,3   0,0   0,3   1,7  13,1   10:42     Z
23   6,3  12,0   14:22   0,9   23:59  11,2   0,0   0,0   1,6  13,1   16:33     Z
24   7,7  14,8   16:58   0,0   00:31   9,8   0,0   0,0   1,6  11,0   13:27   JJZ
25  11,5  18,4   17:07   2,8   04:12   6,1   0,0   0,0   1,0   7,0   09:26   JJZ
26   7,8  11,5   00:00   5,3   23:46   9,7   0,0   0,0   2,3  11,9   08:42   VSV
27   5,5   7,5   14:38   4,0   05:11  12,0   0,0  11,4   1,4   7,8   13:41     V
28   4,4   5,8   14:29   3,5   20:31  13,1   0,0  11,4   1,4   7,0   02:14     V
29   7,7  15,1   15:13   1,9   04:14   9,8   0,0   0,0   1,0   7,8   16:17    JZ
30  10,1  15,6   16:25   4,3   00:00   7,4   0,0   0,0   1,9   9,4   08:30    SV
----------------------------------------------------------------------------------
     9,1  25,1     2    -4,5    21   257,3   5,8  45,0   1,7  15,1    19       J

Max >=  27,0:  0
Max <=   0,0:  0
Min <=   0,0:  4
Min <= -18,0:  0
Max Rain: 11,4 on day 27
Days of Rain: 10 (>= 0,4 mm)  5 (>= 2,0 mm)  0 (>= 20,0 mm)
Heat Base: 17,5  Cool Base: 17,5  Method: Integration



Poslední aktualizace 28.10.2020 8:50:01

Měšíční a roční statistické protokoly ve fromátu NOAA (National Oceanic and Atmospheric Administration)
Original Author: Ken True webmaster@saratoga-weather.org.
Bodged by beteljuice.