Němčany počasí: NOAA reporty

 


NOAA reporty


Report pro 2017 Ún
                   Monthly Climatological Summary for 2 2017

Name: Němčany   City: Němčany   State: Czech Repulic
Elevation: 256 m  Lat: N 49° 10' 12"   Lon: E 016° 54' 59"

                  Temperature (°C), Rain (mm), Wind Speed (m/s)

                                      Heat  Cool        Avg
    Mean                              Deg   Deg         Wind                 Dom
Day Temp  High   Time   Low    Time   Days  Days  Rain  Speed High   Time    Dir
----------------------------------------------------------------------------------
 1  -1,5   1,8   13:17  -3,7   00:00  19,0   0,0   0,0   1,5   5,3   19:18   SSV
 2  -0,2   2,1   13:53  -1,4   07:26  17,7   0,0   0,6   0,6   3,7   14:57    JZ
 3   1,1   3,5   12:09  -0,1   02:35  16,4   0,0   5,1   1,2   7,0   21:50     S
 4   1,7   4,3   12:54   0,9   05:53  15,8   0,0   0,6   0,7   6,5   02:33   SSV
 5   1,7   6,9   13:30  -0,2   19:36  15,8   0,0   0,0   1,5   9,0   22:26     S
 6   1,1   2,6   08:34  -0,7   21:26  16,4   0,0   0,0   2,7   9,4   11:41   VSV
 7  -1,2   2,0   12:50  -2,9   23:34  18,7   0,0   0,0   2,8   9,8   20:41     V
 8  -4,2  -2,8   00:20  -5,3   20:44  21,7   0,0   0,0   3,3  10,6   17:46     V
 9  -4,5  -2,9   13:15  -5,5   01:27  22,0   0,0   0,0   3,4  11,0   04:42     V
10  -1,0   3,4   13:38  -4,7   00:00  18,5   0,0   0,0   2,9  11,0   03:13    SV
11   1,2   2,8   13:23   0,0   01:55  16,3   0,0   0,0   2,1  11,0   13:10   VJV
12   1,8   5,9   12:52  -2,7   23:51  15,7   0,0   0,0   2,0   9,0   22:32   VSV
13  -3,2   1,1   13:21  -6,8   22:19  20,8   0,0   0,0   2,9  10,6   20:47   SSV
14  -3,1   5,6   14:35  -8,4   06:50  20,7   0,0   0,0   1,3  10,6   01:11     S
15   0,4  11,2   15:45  -5,5   05:23  17,2   0,0   0,0   0,4   3,2   03:17     Z
16   0,0   7,1   15:17  -4,8   07:07  17,5   0,0   0,0   0,6   4,1   11:32    JZ
17  -1,2  -0,1   15:10  -2,5   03:22  18,7   0,0   0,3   1,6   4,4   00:45   JJZ
18   1,8   8,3   14:58  -1,0   00:00  15,7   0,0   0,6   0,3   5,8   14:37    JZ
19   0,7   3,7   15:20  -2,2   21:07  16,8   0,0   0,0   0,3   3,2   14:43    JZ
20   1,9   6,7   15:37  -1,4   02:33  15,6   0,0   2,1   0,8   5,8   14:14   JJZ
21   5,1   9,2   15:53   1,7   23:53  12,4   0,0   2,7   0,9   4,9   00:55   ZJZ
22   5,0  10,4   15:59  -1,2   05:07  12,6   0,0   2,1   1,0   8,5   21:16    JZ
23   9,4  12,2   14:51   7,0   01:07   8,1   0,0   0,0   2,1   8,2   21:41    JZ
24   7,0  10,2   04:57   1,6   23:22  10,5   0,0   0,0   3,0  16,3   11:54     Z
25   1,9   8,6   14:21  -3,0   06:58  15,6   0,0   0,0   1,0   7,8   12:57     Z
26   3,2   7,7   14:26  -0,8   22:59  14,3   0,0   0,0   1,6   8,5   11:46   JJZ
27   5,8  13,6   13:18  -3,3   05:18  11,7   0,0   0,0   1,7  10,2   20:16    JV
28   8,1  10,7   10:26   3,3   06:09   9,5   0,0   0,0   2,4  10,2   20:59   JJV
----------------------------------------------------------------------------------
     1,4  13,6    27    -8,4    14   451,7   0,0  14,1   1,7  16,3    24       V

Max >=  27,0:  0
Max <=   0,0:  3
Min <=   0,0: 23
Min <= -18,0:  0
Max Rain: 5,1 on day 3
Days of Rain: 7 (>= 0,4 mm)  4 (>= 2,0 mm)  0 (>= 20,0 mm)
Heat Base: 17,5  Cool Base: 17,5  Method: Integration



Poslední aktualizace 8.7.2020 13:30:02

Měšíční a roční statistické protokoly ve fromátu NOAA (National Oceanic and Atmospheric Administration)
Original Author: Ken True webmaster@saratoga-weather.org.
Bodged by beteljuice.