Němčany počasí: NOAA reporty

 


NOAA reporty


Report pro 2016 Červ
                   Monthly Climatological Summary for 6 2016

Name: Němčany   City: Němčany   State: Czech Repulic
Elevation: 256 m  Lat: N 49° 10' 12"   Lon: E 016° 54' 59"

                  Temperature (°C), Rain (mm), Wind Speed (m/s)

                                      Heat  Cool        Avg
    Mean                              Deg   Deg         Wind                 Dom
Day Temp  High   Time   Low    Time   Days  Days  Rain  Speed High   Time    Dir
----------------------------------------------------------------------------------
 1  17,2  25,2   16:18   9,7   05:08   2,7   1,6   5,1   0,9   9,4   15:29     J
 2  16,6  25,0   14:14   9,9   04:55   2,8   1,1   0,9   1,1   8,5   18:25   VSV
 3  18,4  25,4   16:35  13,6   01:51   1,8   1,8   0,6   0,3   4,9   17:52   SSV
 4  19,9  26,8   14:49  12,2   04:53   1,5   3,1   0,0   1,0   9,4   13:31    SV
 5  20,6  28,1   16:30  13,8   23:57   1,0   3,3   0,0   1,7   6,5   11:31     V
 6  18,2  24,3   15:52  12,3   03:19   1,8   1,7   0,0   2,3  10,2   15:30   VJV
 7  16,9  24,2   16:28   7,3   05:34   3,2   1,7   0,0   1,4   8,2   15:46    SV
 8  17,7  27,3   16:54   6,9   04:46   3,6   3,0   0,0   0,8   7,3   14:41   JJZ
 9  17,2  25,3   15:43   9,2   03:42   2,9   1,8  22,5   0,9   6,5   15:46    SV
10  18,0  25,3   15:42  11,6   04:34   2,2   1,9   2,7   0,8   6,1   16:11   ZJZ
11  16,8  22,0   16:15  12,0   03:26   2,1   0,6   0,0   0,8   8,5   16:18    SV
12  18,3  25,6   17:31  13,0   05:14   1,7   1,6   0,0   0,5   4,9   08:36   SSV
13  17,8  24,3   16:09  12,9   05:26   1,6   1,1   2,7   0,8   8,2   12:49    JZ
14  18,3  26,1   16:37  10,2   04:29   2,6   2,6   0,0   0,9   7,0   12:33   ZJZ
15  15,7  19,9   18:51  10,6   23:58   2,7   0,1   0,9   0,6   7,0   15:20   ZJZ
16  19,5  27,6   15:49   8,6   03:41   2,6   3,8   0,3   2,5  13,1   23:18    JV
17  20,2  23,5   15:29  12,1   23:51   0,6   2,5   0,0   3,0  13,1   12:48    JZ
18  18,5  27,5   17:44   9,2   04:38   2,7   2,9   0,0   0,7   7,3   11:58   JJZ
19  19,8  28,6   15:08  10,8   03:21   1,9   3,3   0,0   1,1   7,0   15:12     V
20  17,1  20,1   16:44  15,6   08:13   1,4   0,2   6,9   0,8   6,1   15:49   VJV
21  19,3  26,5   18:47  11,9   04:42   1,8   2,7   0,0   1,0   6,5   14:32    JZ
22  22,1  30,1   18:21  13,8   03:07   1,0   4,8   0,0   0,7   5,8   04:40   JJZ
23  24,8  32,9   16:58  15,1   04:36   0,5   7,0   0,0   1,0   8,2   11:32    SV
24  26,8  34,3   16:27  18,5   03:07   0,0   8,4   0,0   1,4   7,8   13:22   VJV
25  27,8  34,3   15:58  20,2   04:20   0,0   9,6   0,0   2,0  10,6   13:25   VJV
26  21,3  26,1   15:49  16,2   23:28   0,1   3,1   0,6   1,3  11,9   02:40    JZ
27  18,1  21,2   08:51  15,5   23:55   0,8   0,5   0,6   0,7   7,8   15:45    JZ
28  19,7  28,0   16:57   9,5   05:19   2,2   3,6   0,0   0,6   7,0   14:55   ZSZ
29  21,4  31,3   16:07  11,3   03:38   1,7   4,9   0,0   1,2   7,8   13:28   JJZ
30  23,9  32,2   13:10  16,1   01:35   0,4   6,0   2,7   1,8  10,2   14:43     J
----------------------------------------------------------------------------------
    19,6  34,3    24     6,9     8    51,9  90,3  46,5   1,2  13,1    16     JJV

Max >=  27,0: 12
Max <=   0,0:  0
Min <=   0,0:  0
Min <= -18,0:  0
Max Rain: 22,5 on day 9
Days of Rain: 11 (>= 0,4 mm)  6 (>= 2,0 mm)  1 (>= 20,0 mm)
Heat Base: 17,5  Cool Base: 17,5  Method: Integration



Poslední aktualizace 21.9.2020 21:00:02

Měšíční a roční statistické protokoly ve fromátu NOAA (National Oceanic and Atmospheric Administration)
Original Author: Ken True webmaster@saratoga-weather.org.
Bodged by beteljuice.