Němčany počasí: NOAA reporty

 


NOAA reporty


Report pro 2014 Dub
                   Monthly Climatological Summary for 4 2014

Name: Němčany   City: Němčany   State: Czech Repulic
Elevation: 256 m  Lat: N 49° 10' 12"   Lon: E 016° 54' 59"

                  Temperature (°C), Rain (mm), Wind Speed (m/s)

                                      Heat  Cool        Avg
    Mean                              Deg   Deg         Wind                 Dom
Day Temp  High   Time   Low    Time   Days  Days  Rain  Speed High   Time    Dir
----------------------------------------------------------------------------------
 1  11,3  21,7   15:30   1,9   06:42   7,3   0,3   0,0   0,7   5,8   16:18   VSV
 2  12,6  21,8   16:48   6,1   06:48   6,2   0,6   0,0   1,6   9,0   08:54   SSV
 3  13,2  23,1   15:22   4,7   06:52   5,8   0,8   0,0   1,0   7,8   10:24    JZ
 4  14,1  22,0   16:41   8,0   04:09   4,8   0,5   0,0   1,3   7,8   22:46   SSV
 5  11,4  15,8   14:38   8,0   23:58   6,9   0,0   0,0   1,7   8,2   17:16   VSV
 6  10,8  18,4   17:28   5,1   03:48   7,5   0,0   0,0   0,8   6,1   14:20    JZ
 7  12,1  23,1   15:16   2,7   05:58   7,0   0,8   0,0   0,7   6,5   16:10   JJZ
 8  13,9  22,5   14:22   7,5   02:11   4,9   0,5   3,3   1,4  13,4   18:22    JZ
 9   9,2  13,4   15:22   2,4   23:35   9,1   0,0   0,0   1,9  11,4   09:15   ZSZ
10   6,6  12,2   14:53   1,6   23:33  11,7   0,0   0,6   1,1   9,4   12:01     Z
11   7,1  16,6   15:56  -1,2   06:34  11,2   0,0   0,6   0,7  11,0   13:11   SSV
12   8,7  17,8   14:54   0,8   05:46   9,6   0,0   0,0   0,8   7,0   15:42   VSV
13   7,8  17,1   17:19   1,7   04:36  10,6   0,0   0,3   0,5   5,8   02:46   ZJZ
14   7,3  14,0   14:11   2,3   01:27  11,0   0,0   2,1   1,9  13,9   14:20   ZJZ
15   5,2  11,1   16:06   1,7   06:14  13,1   0,0   1,5   1,5  11,0   10:43     Z
16   6,9  14,0   15:46   1,7   22:20  11,4   0,0   0,0   1,7  11,9   17:40     V
17   8,2  15,6   16:34   1,1   06:21  10,1   0,0   0,0   2,3  11,9   14:14   VSV
18   8,9  18,8   16:01  -2,0   06:13   9,4   0,0   0,0   0,8   7,3   14:39   JJZ
19  13,0  20,4   15:05   7,2   05:48   5,5   0,2   0,0   3,1  16,7   16:55   VSV
20  12,7  21,0   16:38   7,8   05:50   5,8   0,2   0,6   2,3   9,0   02:20    SV
21  12,5  16,9   15:46   7,0   02:21   5,8   0,0   0,0   1,8   9,8   12:30     V
22  13,1  15,9   10:53  10,4   22:59   5,3   0,0   4,2   1,0   5,3   03:43     S
23  14,9  24,1   16:10   2,3   04:55   4,4   1,0   0,0   0,7   5,8   15:19    SV
24  16,7  23,9   14:47  10,5   05:39   3,0   1,5   5,4   1,8   9,4   15:30   VSV
25  14,7  20,3   15:27  12,2   23:20   3,7   0,1   0,6   1,1   7,8   17:10    SV
26  15,4  20,4   12:29  11,9   05:47   3,3   0,4   0,0   1,1   7,3   14:34    JV
27  16,8  22,0   15:07  12,9   02:52   2,3   0,9   0,0   1,9   9,8   13:52   VJV
28  14,2  21,3   13:14   8,0   05:22   4,3   0,3   0,0   0,6   6,5   14:17     J
29  16,3  22,9   15:09  10,5   00:17   3,0   1,1   0,0   1,6  11,9   11:10   VSV
30  15,9  24,7   16:30   5,5   05:34   4,2   1,8   0,0   1,1   7,0   12:38    SV
----------------------------------------------------------------------------------
    11,7  24,7    30    -2,0    18   208,2  11,0  19,2   1,3  16,7    19     VSV

Max >=  27,0:  0
Max <=   0,0:  0
Min <=   0,0:  2
Min <= -18,0:  0
Max Rain: 5,4 on day 24
Days of Rain: 10 (>= 0,2 mm)  4 (>= 2,0 mm)  0 (>= 20,0 mm)
Heat Base: 18,3  Cool Base: 18,3  Method: Integration



Poslední aktualizace 8.7.2020 11:50:01

Měšíční a roční statistické protokoly ve fromátu NOAA (National Oceanic and Atmospheric Administration)
Original Author: Ken True webmaster@saratoga-weather.org.
Bodged by beteljuice.