Němčany počasí: NOAA reporty

 


NOAA reporty


Report pro 2013 Zář
                   Monthly Climatological Summary for 9 2013

Name: Němčany   City: Němčany   State: Czech Repulic
Elevation: 256 m  Lat: N 49° 10' 12"   Lon: E 016° 54' 59"

                  Temperature (°C), Rain (mm), Wind Speed (m/s)

                                      Heat  Cool        Avg
    Mean                              Deg   Deg         Wind                 Dom
Day Temp  High   Time   Low    Time   Days  Days  Rain  Speed High   Time    Dir
----------------------------------------------------------------------------------
 1  15,7  21,9   15:12   8,9   22:58   3,0   0,4   1,5   0,8   7,8   17:43   ZSZ
 2  13,9  20,7   13:08   6,4   05:43   4,8   0,3   0,0   1,8  10,5   12:39   ZJZ
 3  17,3  21,5   16:35  15,3   20:27   1,3   0,3   0,0   1,5   8,8   00:32     Z
 4  18,4  25,2   17:18  13,7   22:53   1,6   1,7   0,0   0,3   3,1   12:26   VJV
 5  19,5  27,7   15:53  13,7   06:56   1,5   2,7   0,0   1,2   5,4   09:13    SV
 6  18,8  27,7   16:31  11,2   06:11   2,2   2,7   0,0   1,4   5,8   09:08    SV
 7  19,3  29,2   16:07  11,6   06:55   2,3   3,2   0,0   1,6   6,1   07:46    SV
 8  19,9  29,8   15:53  12,0   06:59   1,7   3,3   0,0   2,2   8,5   12:58   VSV
 9  17,2  20,6   18:11   9,5   23:52   1,7   0,6   3,9   1,3   8,8   07:09     J
10  15,3  24,9   15:59   5,9   06:15   4,4   1,4   7,2   1,6   9,5   22:09    JV
11  14,3  21,3   16:22   9,2   23:49   4,2   0,2   1,8   0,4   4,4   15:49   ZJZ
12  13,5  20,3   15:15   9,1   00:18   4,8   0,1   0,6   0,9   7,5   18:47    JZ
13  12,6  16,6   16:05  11,0   04:28   5,7   0,0   3,9   0,6   5,8   16:40    JZ
14  14,2  19,3   14:53  11,4   23:53   4,1   0,0   9,3   1,7   9,2   13:58     Z
15  14,8  21,8   15:08   9,6   03:43   3,9   0,4   0,6   0,2   2,7   12:39     J
16  14,2  19,7   17:42  11,5   08:02   4,1   0,0   5,7   1,1   7,1   14:22   ZJZ
17  11,4  13,5   00:16   5,5   23:58   6,9   0,0   9,3   0,8  12,8   10:06     Z
18   9,4  14,2   12:39   3,4   06:51   8,9   0,0   2,4   0,9   8,5   14:05     J
19  11,7  17,5   13:24   7,3   23:59   6,6   0,0   0,3   1,0   9,8   12:55     Z
20   9,9  14,1   14:17   5,4   03:32   8,4   0,0   0,9   0,4   4,1   06:49   JJZ
21  12,9  16,1   17:11  10,3   03:42   5,4   0,0   0,3   0,6   7,8   10:36     Z
22  12,5  18,5   12:04   6,1   06:58   5,8   0,0   0,0   0,4   4,9   12:05    JZ
23  14,7  19,1   15:09  10,9   06:11   3,6   0,0   0,0   1,7  11,4   10:45     Z
24  15,5  18,1   14:28  12,6   23:46   2,8   0,0   0,0   1,7   9,0   09:49     Z
25  13,1  18,9   17:22  10,4   05:15   5,3   0,0   0,0   0,6   9,0   01:28     V
26  13,0  21,1   15:10   7,7   23:59   5,4   0,1   0,0   1,0  10,2   13:31   ZJZ
27   9,4  17,0   14:28   2,8   23:57   8,9   0,0   0,3   0,6   6,1   12:13    SV
28   9,0  19,6   15:22   0,5   05:41   9,4   0,1   0,0   0,6   5,3   21:57    SV
29  10,5  18,2   13:30   5,1   05:27   7,8   0,0   0,0   1,8   9,4   10:51    SV
30   9,6  17,3   15:46   4,7   06:54   8,7   0,0   0,0   2,3  13,1   09:09   VSV
----------------------------------------------------------------------------------
    14,1  29,8     8     0,5    28   145,2  17,5  48,0   1,1  13,1    30       Z

Max >=  27,0:  4
Max <=   0,0:  0
Min <=   0,0:  0
Min <= -18,0:  0
Max Rain: 9,3 on day 14
Days of Rain: 12 (>= 0,4 mm)  7 (>= 2,0 mm)  0 (>= 20,0 mm)
Heat Base: 17,5  Cool Base: 17,5  Method: Integration



Poslední aktualizace 23.10.2020 14:30:01

Měšíční a roční statistické protokoly ve fromátu NOAA (National Oceanic and Atmospheric Administration)
Original Author: Ken True webmaster@saratoga-weather.org.
Bodged by beteljuice.