Němčany počasí: NOAA reporty

 


NOAA reporty


Report pro 2013 Srp
                   Monthly Climatological Summary for 8 2013

Name: Němčany   City: Němčany   State: Czech Repulic
Elevation: 256 m  Lat: N 49° 10' 12"   Lon: E 016° 54' 59"

                  Temperature (°C), Rain (mm), Wind Speed (m/s)

                                      Heat  Cool        Avg
    Mean                              Deg   Deg         Wind                 Dom
Day Temp  High   Time   Low    Time   Days  Days  Rain  Speed High   Time    Dir
----------------------------------------------------------------------------------
 1  23,3  31,5   14:30  15,0   05:21   0,5   5,5   0,0   0,4   4,4   13:58   VJV
 2  25,5  36,4   15:46  14,6   04:21   0,7   7,9   0,0   0,4   5,1   12:50     J
 3  28,1  39,6   16:34  16,9   04:50   0,2  10,0   0,0   0,8   5,8   14:23   ZJZ
 4  26,7  36,2   15:11  17,8   05:06   0,0   8,5  23,7   0,9  11,6   20:45   VSV
 5  23,9  33,4   16:12  16,3   05:49   0,2   5,8   0,3   0,4   3,7   00:42     V
 6  27,7  36,8   16:30  18,8   05:29   0,0   9,4   0,0   1,0   7,1   05:39   VSV
 7  27,8  36,3   17:33  20,5   06:35   0,0   9,5   0,6   0,8   7,5   15:59     J
 8  30,8  39,7   17:26  22,1   04:46   0,0  12,6   0,0   1,0   7,5   10:38     J
 9  25,4  31,8   15:18  18,9   23:54   0,0   7,1   2,4   1,8   8,8   13:16     V
10  19,5  25,5   17:43  14,6   23:54   0,8   2,0  14,4   0,9   6,8   14:53    SZ
11  20,6  29,8   16:18  11,7   05:44   1,8   4,1   0,0   0,9   8,8   15:14   ZJZ
12  21,1  28,7   15:19  13,1   05:45   0,8   3,6   0,0   0,8   5,8   13:23   JJZ
13  20,5  26,6   15:58  15,3   23:54   0,5   2,7   0,0   1,5   7,5   11:54   ZJZ
14  18,5  25,9   15:58  11,1   23:55   2,1   2,3   0,0   0,8   6,5   14:46     Z
15  17,4  26,9   16:05   8,2   05:38   3,5   2,6   0,0   0,7   4,1   11:58    SV
16  18,7  28,9   15:43   8,3   05:31   3,3   3,6   0,0   0,7   5,1   11:36     V
17  21,0  31,1   17:58  12,2   03:19   1,9   4,7   0,0   1,1   7,1   13:40     J
18  23,4  33,8   16:34  13,5   05:42   1,3   6,4   0,0   0,9   5,8   11:37     J
19  23,7  33,1   16:14  17,3   05:46   0,1   5,5   9,3   1,1  13,6   19:38   JJV
20  18,5  21,9   12:18  16,6   05:29   0,5   0,7   0,3   0,8   6,1   09:48     Z
21  17,8  24,0   14:18  11,8   06:28   1,9   1,4   0,0   1,1   6,8   12:53   VSV
22  17,7  25,4   14:30  11,0   05:41   2,5   1,9   0,0   1,2   6,1   12:05    SV
23  19,1  27,0   16:45  12,4   05:39   1,8   2,6   0,0   1,5   7,8   10:22   VSV
24  19,3  24,3   17:53  14,9   23:38   0,8   1,8   0,0   1,1   6,1   08:30   VSV
25  16,2  18,7   15:06  14,9   08:46   2,1   0,0   5,4   1,7   6,8   14:00   SSV
26  14,9  16,1   10:58  13,9   22:22   3,4   0,0   2,7   1,5   7,1   10:31   VSV
27  15,7  19,0   14:32  11,8   09:51   2,7   0,1   1,2   1,2   7,1   10:58   VSV
28  16,5  19,7   14:05  13,3   05:18   2,0   0,3   1,2   0,9   5,1   11:14     V
29  18,4  25,8   12:25  12,0   06:43   1,8   2,0   0,0   0,9   6,5   11:33    SV
30  17,3  28,0   16:40   8,5   05:55   3,5   2,5   0,0   0,4   3,4   14:08   VJV
31  17,4  27,0   14:13  10,6   02:07   2,8   1,9   0,0   1,0   7,1   14:53   JJZ
----------------------------------------------------------------------------------
    21,0  39,7     8     8,2    15    43,5 129,0  61,5   1,0  13,6    19       V

Max >=  27,0: 18
Max <=   0,0:  0
Min <=   0,0:  0
Min <= -18,0:  0
Max Rain: 23,7 on day 4
Days of Rain: 9 (>= 0,4 mm)  6 (>= 2,0 mm)  1 (>= 20,0 mm)
Heat Base: 17,5  Cool Base: 17,5  Method: Integration



Poslední aktualizace 28.10.2020 10:00:02

Měšíční a roční statistické protokoly ve fromátu NOAA (National Oceanic and Atmospheric Administration)
Original Author: Ken True webmaster@saratoga-weather.org.
Bodged by beteljuice.