Němčany počasí: NOAA reporty

 


NOAA reporty


Report pro 2013 Červnc
                   Monthly Climatological Summary for 7 2013

Name: Němčany   City: Němčany   State: Czech Repulic
Elevation: 256 m  Lat: N 49° 10' 12"   Lon: E 016° 54' 59"

                  Temperature (°C), Rain (mm), Wind Speed (m/s)

                                      Heat  Cool        Avg
    Mean                              Deg   Deg         Wind                 Dom
Day Temp  High   Time   Low    Time   Days  Days  Rain  Speed High   Time    Dir
----------------------------------------------------------------------------------
 1  17,7  25,9   16:50   6,3   02:07   3,4   2,8   0,0   0,7   5,8   10:25    JZ
 2  19,7  28,8   18:55   8,7   04:21   2,6   4,0   0,0   0,7   7,1   13:09   JJZ
 3  22,5  30,0   16:30  14,2   03:58   0,8   5,0   0,0   0,7   7,1   14:25    JV
 4  21,9  30,1   16:56  13,1   05:05   1,0   4,6   0,0   0,7   5,8   15:22    JZ
 5  20,9  27,7   11:10  14,7   05:18   0,8   3,4   0,6   0,4   4,1   14:10   VJV
 6  21,9  26,6   15:17  15,6   05:26   0,3   3,9   0,0   0,6   6,8   11:53   VSV
 7  22,3  28,6   15:09  16,5   04:25   0,3   4,4   0,0   1,0   7,5   11:17     V
 8  21,3  28,5   15:48  14,2   05:49   1,0   4,0   0,0   0,9   7,8   12:49    SV
 9  22,3  30,2   16:09  13,2   05:30   0,9   4,9   0,0   0,8   6,8   12:28   VSV
10  22,4  31,2   16:21  13,5   05:19   1,1   5,2   0,0   0,3   4,1   17:07   ZJZ
11  18,8  24,0   13:35  15,5   23:26   0,8   1,4   1,5   0,7   7,5   16:39   ZSZ
12  18,0  23,2   13:38  12,6   04:07   1,6   1,3   0,0   0,8   8,8   15:11     Z
13  19,6  26,3   17:21  13,3   05:06   1,4   2,7   0,0   0,6   6,1   10:13   ZSZ
14  20,9  27,4   14:58  14,0   05:58   0,9   3,4   0,0   0,6   7,5   14:31   ZSZ
15  19,2  25,3   15:54  11,9   23:54   1,4   2,3   0,0   0,7   8,2   18:39   ZSZ
16  19,2  29,1   16:40   9,1   05:44   2,8   3,8   0,0   0,4   6,8   11:26    JZ
17  22,3  31,8   15:45  11,6   04:45   1,6   5,7   0,0   0,4   4,1   13:58     J
18  23,3  31,6   15:54  15,9   05:42   0,2   5,2   0,0   0,8   5,1   12:23   SSV
19  24,2  33,2   15:42  14,8   05:30   0,4   6,2   0,0   0,6   4,4   08:14   SSV
20  21,3  29,3   16:31  13,7   04:54   1,0   4,0   0,0   0,6   6,1   09:19   VSV
21  21,2  29,6   15:42  10,7   05:11   1,5   4,4   0,0   1,0   6,8   13:54    SV
22  22,4  32,6   18:10  10,7   05:10   1,6   5,7   0,0   0,4   4,4   14:14     J
23  23,5  33,9   16:59  12,6   05:05   1,2   6,5   0,0   0,5   6,5   14:13   SSV
24  23,7  34,5   16:19  11,8   05:52   1,0   6,4   0,0   0,7   4,4   12:37    SV
25  22,9  30,3   18:05  16,4   03:21   0,3   4,9   0,0   0,7   5,1   02:20   SSV
26  24,1  33,8   16:38  14,8   05:21   0,7   6,4   0,0   0,3   4,8   12:38     J
27  26,6  36,3   16:30  17,2   04:05   0,1   8,4   0,0   0,6   5,1   14:24   JJZ
28  29,2  38,0   17:18  18,9   05:33   0,0  10,9   0,0   1,0   7,8   13:28   JJV
29  29,6  36,8   15:18  21,7   23:54   0,0  11,4   0,0   1,1  11,2   21:08   JJV
30  22,4  28,7   15:55  16,9   23:55   0,0   4,1   0,3   1,1   7,8   19:38     Z
31  21,6  28,9   13:34  13,7   04:59   1,0   4,3   0,0   0,8   9,9   11:51     Z
----------------------------------------------------------------------------------
    22,2  38,0    28     6,3     1    31,7 151,6   2,4   0,7  11,2    29     VJV

Max >=  27,0: 25
Max <=   0,0:  0
Min <=   0,0:  0
Min <= -18,0:  0
Max Rain: 1,5 on day 11
Days of Rain: 3 (>= 0,2 mm)  0 (>= 2,0 mm)  0 (>= 20,0 mm)
Heat Base: 18,3  Cool Base: 18,3  Method: Integration



Poslední aktualizace 9.7.2020 23:20:01

Měšíční a roční statistické protokoly ve fromátu NOAA (National Oceanic and Atmospheric Administration)
Original Author: Ken True webmaster@saratoga-weather.org.
Bodged by beteljuice.