Němčany počasí: NOAA reporty

 


NOAA reporty


Report pro 2013 Břez
                   Monthly Climatological Summary for 3 2013

Name: Němčany   City: Němčany   State: Czech Repulic
Elevation: 256 m  Lat: N 49° 10' 12"   Lon: E 016° 54' 59"

                  Temperature (°C), Rain (mm), Wind Speed (m/s)

                                      Heat  Cool        Avg
    Mean                              Deg   Deg         Wind                 Dom
Day Temp  High   Time   Low    Time   Days  Days  Rain  Speed High   Time    Dir
----------------------------------------------------------------------------------
 1   2,3   4,4   11:56  -0,1   23:08  16,0   0,0   0,0   0,6   5,1   15:34     Z
 2   2,4  11,0   15:32  -3,3   23:57  15,9   0,0   0,0   0,5   4,4   12:51   ZJZ
 3   1,3   6,9   12:00  -4,1   06:40  17,0   0,0   0,0   0,7   5,4   17:30   ZJZ
 4   2,6  11,0   14:41  -3,5   06:39  15,8   0,0   0,0   0,5   6,1   12:55    SV
 5   5,8  12,2   14:28  -2,7   00:08  12,6   0,0   0,0   1,8  10,5   14:59    JV
 6   9,4  17,4   14:20   4,5   01:16   8,9   0,0   0,0   1,6   8,2   10:32    JV
 7  10,8  15,7   13:45   7,7   04:44   7,5   0,0   0,0   1,4   6,8   00:53   VJV
 8   7,9  11,2   13:07   3,8   23:45  10,4   0,0   0,3   1,9   7,1   18:28    SV
 9   4,5   7,1   12:56   2,9   23:47  13,8   0,0   2,1   1,2   6,5   02:36     V
10   5,2   8,1   15:09   2,8   01:12  13,2   0,0   0,0   0,4   3,7   00:39   SSZ
11   4,7  10,2   14:17  -1,6   23:45  13,6   0,0   0,3   1,1   7,1   18:29   JJV
12  -0,5   5,1   12:29  -2,9   05:08  18,8   0,0   0,0   1,9   7,1   14:09     V
13   0,6   5,5   11:53  -1,9   23:55  17,7   0,0   0,0   1,5   7,5   00:09     V
14  -2,5  -1,1   13:40  -3,9   22:47  20,9   0,0   0,0   1,6   8,2   11:13   JJV
15  -1,9   2,6   13:49  -6,3   23:58  20,2   0,0   0,0   1,9  11,2   08:07     Z
16  -2,1   5,1   16:19  -7,5   06:25  20,4   0,0   0,0   0,8   5,1   11:37    SV
17  -1,2   4,7   14:52  -8,1   04:49  19,6   0,0   0,0   2,4  12,6   14:36   VJV
18   0,4   4,1   08:52  -0,7   00:00  17,9   0,0   0,0   1,7  10,2   00:45   VJV
19   2,7   7,4   15:52   0,2   05:57  15,6   0,0  12,0   1,5   7,8   11:49    JZ
20   5,3  13,7   15:17  -3,6   06:09  13,0   0,0   0,0   0,8   5,8   20:37     S
21   3,4   9,3   12:37  -0,2   23:53  14,9   0,0   1,2   1,1   7,8   13:10   ZSZ
22   0,4   4,3   10:49  -2,5   23:53  17,9   0,0   0,0   1,3   7,1   22:54    JV
23  -3,7  -0,4   14:10  -8,0   23:58  22,0   0,0   0,0   3,5  10,9   23:45     V
24  -4,2   4,0   13:30  -9,1   04:58  22,5   0,0   0,0   3,2  12,2   08:40   VSV
25  -3,8  -0,9   19:08  -5,8   09:06  22,1   0,0   0,0   3,4  11,2   23:46   VSV
26  -3,0  -1,1   13:50  -4,3   22:33  21,3   0,0   0,0   4,3  14,3   05:26   VSV
27  -1,8   2,3   16:34  -5,0   04:15  20,1   0,0   0,0   2,0   7,8   00:21   VSV
28   0,4   4,0   09:44  -2,4   04:17  17,9   0,0   0,0   1,6   8,8   10:01   VJV
29   1,8   4,6   15:21   0,7   09:24  16,6   0,0   4,2   0,8   6,5   04:42   JJV
30   3,4   7,9   12:52   0,5   05:26  14,9   0,0   0,6   0,7   5,1   23:36   VSV
31   0,4   2,1   13:08  -1,7   23:09  17,1   0,0   1,2   0,5   8,2   13:29     J
----------------------------------------------------------------------------------
     1,6  17,4     6    -9,1    24   516,1   0,0  21,9   1,5  14,3    26       V

Max >=  27,0:  0
Max <=   0,0:  4
Min <=   0,0: 23
Min <= -18,0:  0
Max Rain: 12,0 on day 19
Days of Rain: 8 (>= 0,2 mm)  3 (>= 2,0 mm)  0 (>= 20,0 mm)
Heat Base: 18,3  Cool Base: 18,3  Method: Integration



Poslední aktualizace 9.7.2020 21:40:02

Měšíční a roční statistické protokoly ve fromátu NOAA (National Oceanic and Atmospheric Administration)
Original Author: Ken True webmaster@saratoga-weather.org.
Bodged by beteljuice.