Němčany počasí: NOAA reporty

 


NOAA reporty


Report pro 2013 Led
                   Monthly Climatological Summary for 1 2013

Name: Němčany   City: Němčany   State: Czech Repulic
Elevation: 256 m  Lat: N 49° 10' 12"   Lon: E 016° 54' 59"

                  Temperature (°C), Rain (mm), Wind Speed (m/s)

                                      Heat  Cool        Avg
    Mean                              Deg   Deg         Wind                 Dom
Day Temp  High   Time   Low    Time   Days  Days  Rain  Speed High   Time    Dir
----------------------------------------------------------------------------------
 1   0,6   3,1   02:11  -1,6   23:54  17,7   0,0   0,0   0,9   6,8   02:58   JJV
 2  -1,3  -0,1   11:50  -2,4   22:53  19,7   0,0   0,0   1,2   5,1   04:26    JZ
 3   0,7   3,7   19:53  -3,4   06:09  17,6   0,0   0,6   1,1   5,1   19:51   ZJZ
 4   5,6   7,7   10:18   3,6   00:18  12,8   0,0   0,9   1,0   8,2   16:05   ZJZ
 5   6,5   9,4   15:07   0,7   23:26  11,8   0,0   0,0   1,0   7,5   12:49     Z
 6   2,5   5,2   21:36   0,2   00:22  15,8   0,0   2,1   0,4   6,1   23:52   ZJZ
 7  -0,3   3,1   00:00  -4,6   21:12  18,6   0,0   1,2   0,7   6,8   01:43   VSV
 8  -3,3  -2,3   13:01  -4,6   01:11  21,6   0,0   0,0   0,6   3,1   10:14    JZ
 9  -0,3   3,9   12:42  -2,7   00:00  18,6   0,0   2,1   0,3   5,4   20:54     J
10   1,5   6,0   11:53  -1,5   03:17  16,8   0,0   1,5   0,6   4,8   01:15    JZ
11  -0,7   2,9   11:17  -4,7   23:58  19,0   0,0   0,9   0,6   7,8   15:42     Z
12  -4,2   1,3   14:45  -7,9   19:22  22,5   0,0   0,0   0,9   5,4   02:58     Z
13  -5,0   0,1   10:43  -9,0   02:59  23,3   0,0   0,0   0,9   4,8   20:42   SSV
14  -3,7  -2,0   18:15  -4,8   05:47  22,0   0,0   0,0   1,2   6,8   08:53   SSV
15  -1,4   3,0   14:29  -6,2   01:57  19,7   0,0   1,5   0,6   6,1   17:27     V
16   0,1   1,1   10:12  -1,7   23:51  18,2   0,0   1,2   0,2   4,4   14:19     V
17  -2,1  -0,7   11:58  -4,3   23:54  20,4   0,0   0,0   1,2  10,2   16:15     V
18  -4,8  -3,8   12:55  -5,7   06:42  23,1   0,0   0,0   1,9   8,2   07:49    JV
19  -5,3  -3,8   12:52  -5,9   20:46  23,6   0,0   0,0   1,6   6,1   09:19     V
20  -4,5  -3,1   14:58  -5,9   02:09  22,8   0,0   0,0   1,8   9,2   20:12    SV
21  -2,6  -1,6   12:08  -3,7   23:09  20,9   0,0   0,0   0,3   7,1   00:36     V
22  -4,6  -2,6   12:45  -6,9   23:57  22,9   0,0   0,0   0,0   0,0   00:00     V
23  -5,3  -3,0   13:28  -7,2   01:30  23,6   0,0   0,0   0,0   0,0   00:00     V
24  -3,3   0,5   14:35  -4,6   23:05  21,6   0,0   0,0   0,8   7,8   21:05     V
25  -5,2  -2,7   14:54  -6,2   20:05  23,4   0,0   0,0   2,0   8,8   11:39    JV
26  -7,5  -2,1   14:35 -14,4   23:52  25,8   0,0   0,0   1,3   7,5   04:50   VSV
27  -8,1  -5,7   23:41 -14,7   00:20  26,4   0,0   0,0   0,5   3,4   08:37    JZ
28  -3,4  -0,7   14:57  -5,7   00:00  21,7   0,0   0,0   0,4   3,1   01:18    JZ
29   0,4   3,7   14:27  -3,7   05:54  17,9   0,0   3,0   0,7   4,8   13:57    JZ
30   4,7   8,3   13:44   1,9   02:36  13,6   0,0   2,7   0,6   6,8   22:59   ZJZ
31   5,8   9,0   12:33   2,2   04:58  12,5   0,0   0,6   1,8  10,2   13:06     Z
----------------------------------------------------------------------------------
    -1,6   9,4     5   -14,7    27   615,9   0,0  18,3   0,9  10,2    17     JJV

Max >=  27,0:  0
Max <=   0,0: 14
Min <=   0,0: 26
Min <= -18,0:  0
Max Rain: 3,0 on day 29
Days of Rain: 12 (>= 0,2 mm)  4 (>= 2,0 mm)  0 (>= 20,0 mm)
Heat Base: 18,3  Cool Base: 18,3  Method: Integration



Poslední aktualizace 8.7.2020 13:10:01

Měšíční a roční statistické protokoly ve fromátu NOAA (National Oceanic and Atmospheric Administration)
Original Author: Ken True webmaster@saratoga-weather.org.
Bodged by beteljuice.