Němčany počasí: NOAA reporty

 


NOAA reporty


Report pro 2012 List
                   Monthly Climatological Summary for 11 2012

Name: Němčany   City: Němčany   State: Czech Repulic
Elevation: 256 m  Lat: N 49° 10' 12"   Lon: E 016° 54' 59"

                  Temperature (°C), Rain (mm), Wind Speed (m/s)

                                      Heat  Cool        Avg
    Mean                              Deg   Deg         Wind                 Dom
Day Temp  High   Time   Low    Time   Days  Days  Rain  Speed High   Time    Dir
----------------------------------------------------------------------------------
 1   7,1   9,3   08:35   4,4   04:30  11,2   0,0   2,7   1,2   9,9   12:40    JV
 2   6,3   9,1   14:21   4,4   20:52  12,0   0,0   0,6   0,7   5,1   22:43   JJZ
 3   7,7  10,8   10:59   4,3   04:52  10,6   0,0   0,0   1,3   7,5   11:28   JJZ
 4   9,6  13,2   21:25   6,0   05:47   8,7   0,0   0,0   0,9   5,4   20:40    SV
 5   8,1  13,1   00:12   2,9   22:56  10,2   0,0   7,2   0,9   5,4   04:20   ZJZ
 6   4,5  10,6   14:08   0,9   20:31  13,8   0,0   0,3   0,7   6,8   14:13   ZJZ
 7   5,2   8,2   15:08   0,7   02:48  13,1   0,0   0,0   1,4   7,8   14:51   ZJZ
 8   7,5  11,8   14:07   4,8   23:29  10,8   0,0   0,0   1,1   6,1   10:59    JZ
 9   6,3  13,6   10:33   1,0   23:52  12,0   0,0   0,0   0,2   4,1   08:53   VJV
10   6,9  11,3   13:14   0,6   00:25  11,4   0,0   0,0   1,9  10,5   18:37    JV
11   9,6  13,6   12:06   7,6   04:31   8,7   0,0   0,0   1,4   8,8   16:11    JV
12   8,4  10,7   12:31   6,6   06:21   9,9   0,0   2,1   0,2   2,4   00:01   ZSZ
13   7,0  11,7   10:46   1,2   22:11  11,3   0,0   0,3   0,7   5,4   14:21   VSV
14   2,5   9,8   14:26  -1,6   23:47  15,9   0,0   0,0   0,6   5,8   09:46    SV
15   3,2  10,0   13:37  -1,8   03:11  15,1   0,0   0,3   0,5   5,8   11:05    JV
16   6,3   7,9   12:35   2,7   01:48  12,1   0,0   0,0   1,0   5,8   23:31    JV
17   6,8   7,6   12:40   6,0   07:13  11,6   0,0   0,0   1,3   5,1   03:09    JV
18   6,2   7,4   02:47   5,4   20:11  12,3   0,0   0,0   0,7   4,8   06:56   JJZ
19   7,6  11,8   12:39   5,3   00:33  10,7   0,0   0,0   0,8   4,4   10:22    SV
20   6,8  16,1   14:07   1,4   23:02  11,6   0,0   0,0   0,4   4,8   00:22   SSV
21   5,5   9,2   15:28   1,1   01:52  12,8   0,0   0,0   1,2   6,5   05:53   SSV
22   6,9   8,9   13:11   4,3   20:29  11,4   0,0   0,0   0,4   3,7   11:54    JZ
23   6,4   7,1   13:03   5,4   00:04  12,0   0,0   2,4   0,4   3,4   05:33    SV
24   6,3   7,7   23:37   5,3   07:10  12,0   0,0   0,3   0,5   4,8   00:46    JZ
25   7,8   8,9   13:56   6,9   23:39  10,5   0,0   0,0   1,1   6,1   11:46   JJZ
26   7,5   8,8   23:58   6,6   01:46  10,8   0,0   0,0   0,7   4,1   02:11   JJV
27   8,6  10,8   13:07   4,1   23:35   9,7   0,0   0,0   0,5   3,7   05:36   VJV
28   9,6  15,8   13:05   2,9   01:41   8,7   0,0   0,0   1,0   6,5   17:39   VJV
29   8,5  12,6   09:47   3,4   22:51   9,8   0,0   0,6   2,2  10,5   16:43   JJZ
30   2,6   4,7   12:11  -0,4   23:18  15,7   0,0   0,0   0,9   6,1   01:00   ZJZ
----------------------------------------------------------------------------------
     6,8  16,1    20    -1,8    15   346,4   0,0  16,8   0,9  10,5    10     JJV

Max >=  27,0:  0
Max <=   0,0:  0
Min <=   0,0:  3
Min <= -18,0:  0
Max Rain: 7,2 on day 5
Days of Rain: 10 (>= 0,2 mm)  4 (>= 2,0 mm)  0 (>= 20,0 mm)
Heat Base: 18,3  Cool Base: 18,3  Method: Integration



Poslední aktualizace 9.7.2020 23:40:01

Měšíční a roční statistické protokoly ve fromátu NOAA (National Oceanic and Atmospheric Administration)
Original Author: Ken True webmaster@saratoga-weather.org.
Bodged by beteljuice.