Němčany počasí: NOAA reporty

 


NOAA reporty


Report pro 2012 Břez
                   Monthly Climatological Summary for 3 2012

Name: Němčany   City: Němčany   State: Czech Repulic
Elevation: 256 m  Lat: N 49° 10' 12"   Lon: E 016° 54' 59"

                  Temperature (°C), Rain (mm), Wind Speed (m/s)

                                      Heat  Cool        Avg
    Mean                              Deg   Deg         Wind                 Dom
Day Temp  High   Time   Low    Time   Days  Days  Rain  Speed High   Time    Dir
----------------------------------------------------------------------------------
 1   9,6  14,6   12:09   5,8   07:07   8,7   0,0   0,0   0,5   5,1   11:40   ZJZ
 2   7,0  13,9   12:17   0,9   22:29  11,3   0,0   0,0   0,5   6,5   12:56     Z
 3   3,5  12,0   15:21  -3,3   06:29  14,8   0,0   0,0   0,9   7,1   10:22   VSV
 4   2,4   7,3   15:33  -1,4   06:32  15,9   0,0   0,0   1,3   7,1   13:53   VSV
 5   1,8   9,5   13:36  -3,6   23:56  16,5   0,0   0,0   1,5   7,5   10:12    SV
 6  -1,1   4,8   16:12  -5,6   03:20  19,4   0,0   0,0   1,6   8,8   10:40   VSV
 7  -0,4   6,3   15:09  -8,1   05:10  18,7   0,0   0,0   1,2   6,5   13:20    JV
 8  -0,6   0,4   08:56  -1,7   06:36  18,9   0,0   0,0   0,6   4,4   01:20     J
 9   2,6  11,6   15:32  -4,5   23:56  15,7   0,0   1,2   0,5   6,8   11:40   ZSZ
10   2,8  12,4   16:25  -6,5   06:09  15,4   0,0   0,0   0,6   6,5   12:19    JZ
11   6,0   9,3   15:10   3,1   21:09  12,4   0,0   0,0   1,0   8,2   11:19     Z
12   6,5   8,3   13:22   3,4   00:00  11,8   0,0   0,0   0,7   7,8   13:31     Z
13   7,4  10,3   11:29   3,3   13:48  10,9   0,0   0,0   0,7   5,8   11:34     Z
14   6,2   7,3   11:01   5,3   05:52  12,1   0,0   0,0   0,9   6,1   14:04     Z
15   6,8  16,3   15:32  -1,4   23:59  11,5   0,0   0,0   0,4   4,4   00:00   ZJZ
16   6,6  18,9   15:33  -4,2   05:46  11,7   0,0   0,0   0,5   6,8   13:47    JZ
17  10,4  22,9   14:36   0,0   06:11   8,4   0,6   0,0   0,4   4,8   14:05   JJZ
18  11,2  22,1   15:05   0,5   06:12   7,7   0,5   0,0   0,4   5,8   14:41   JJV
19   8,0  16,3   15:54  -0,9   23:56  10,3   0,0   0,0   0,8   6,5   14:47   ZSZ
20   5,5  17,0   15:13  -4,8   05:43  12,8   0,0   0,0   0,6   7,1   13:21    JZ
21   9,3  22,1   15:12  -3,2   05:12   9,4   0,4   0,0   0,5   5,4   12:13   ZJZ
22  11,2  19,7   15:32   3,7   05:33   7,2   0,1   0,0   1,1   6,1   12:51    SV
23  12,1  21,6   14:42   4,4   05:37   6,5   0,4   0,0   1,1   7,5   08:50    SV
24  13,4  22,4   15:53   6,9   04:39   5,4   0,5   0,0   1,1   7,1   11:50   SSV
25  11,9  22,4   15:50   0,4   06:56   6,8   0,6   0,0   0,7   7,1   13:22   ZSZ
26   8,7  16,0   16:11   0,0   06:45   9,6   0,0   0,0   1,5   7,5   14:52   VSV
27   8,8  20,4   15:32  -3,2   04:34   9,6   0,1   0,0   1,0   9,5   18:23     Z
28  12,9  22,8   17:02   4,4   04:24   6,1   0,7   0,0   0,9   9,5   15:33     Z
29   8,7  13,1   13:33   5,8   20:18   9,6   0,0   0,0   1,3   9,9   14:16     Z
30   8,1  12,3   12:05   5,0   05:46  10,2   0,0   0,3   1,7  10,5   12:44     Z
31   7,5  10,6   13:47   0,8   23:53  10,8   0,0   1,2   2,3  12,2   15:17     Z
----------------------------------------------------------------------------------
     6,9  22,9    17    -8,1     7   356,1   3,9   2,7   0,9  12,2    31     ZSZ

Max >=  27,0:  0
Max <=   0,0:  0
Min <=   0,0: 16
Min <= -18,0:  0
Max Rain: 1,2 on day 9
Days of Rain: 3 (> 0,2 mm)  0 (> 2,0 mm)  0 (> 20,0 mm)
Heat Base: 18,3  Cool Base: 18,3  Method: Integration



Poslední aktualizace 9.7.2020 21:50:01

Měšíční a roční statistické protokoly ve fromátu NOAA (National Oceanic and Atmospheric Administration)
Original Author: Ken True webmaster@saratoga-weather.org.
Bodged by beteljuice.