Němčany počasí: NOAA reporty

 


NOAA reporty


Report pro 2012 Led
                   Monthly Climatological Summary for 1 2012

Name: Němčany   City: Němčany   State: Czech Repulic
Elevation: 256 m  Lat: N 49° 10' 12"   Lon: E 016° 54' 59"

                  Temperature (°C), Rain (mm), Wind Speed (m/s)

                                      Heat  Cool        Avg
    Mean                              Deg   Deg         Wind                 Dom
Day Temp  High   Time   Low    Time   Days  Days  Rain  Speed High   Time    Dir
----------------------------------------------------------------------------------
 1  -0,2   1,4   23:30  -4,1   00:33  18,5   0,0   0,9   0,6   4,4   12:02   JJZ
 2   2,3   4,6   14:24   0,7   08:20  16,2   0,0   0,3   1,6   5,8   13:02    JZ
 3   4,0   9,4   13:48   1,3   07:13  14,3   0,0   0,6   0,9   8,2   22:53   JJZ
 4   4,4   6,6   13:25   1,6   22:41  13,9   0,0   3,3   1,3   8,5   13:30   ZJZ
 5   3,5   5,8   16:57   1,4   08:46  14,9   0,0   4,8   3,0  15,3   07:09    JZ
 6   2,8   4,7   12:32   1,4   20:48  15,6   0,0   0,0   2,2  11,2   14:38     Z
 7   1,6   4,6   11:54  -1,5   04:33  16,8   0,0   0,9   1,1   6,1   17:20    JZ
 8   3,6   7,2   14:37   2,1   00:00  14,7   0,0   0,3   1,1   6,1   09:39     Z
 9   3,3   5,4   12:36   1,5   21:59  15,1   0,0   0,0   0,8   8,8   10:50     Z
10   3,8   7,0   10:39   1,6   01:40  14,5   0,0   0,6   1,0   7,5   10:45     Z
11   3,7   5,8   13:30   1,7   04:22  14,6   0,0   0,0   0,7   5,4   19:22   ZJZ
12   4,7   8,7   13:20   2,4   01:49  13,6   0,0   0,0   1,4   7,8   23:31    JZ
13   2,3   6,6   00:00  -0,5   23:27  16,0   0,0   0,6   1,8  11,2   15:59     Z
14   1,2   3,9   14:14  -2,6   22:36  17,2   0,0   0,0   1,8  10,2   04:49   ZSZ
15  -1,4   2,4   11:20  -4,4   04:55  19,9   0,0   0,0   1,1  11,6   03:13     Z
16  -2,0   3,4   11:10  -6,5   04:30  20,5   0,0   0,0   0,6   6,1   13:43     Z
17   0,6   2,9   13:34  -3,1   00:00  17,8   0,0   0,0   0,9   6,8   13:52     Z
18   1,0   6,1   13:23  -3,5   21:52  17,3   0,0   0,0   0,7   5,4   10:45     Z
19   1,3   5,1   22:34  -2,8   00:55  17,0   0,0   4,8   1,2   5,1   07:42    JZ
20   2,3   5,3   13:46   0,1   21:27  16,0   0,0   1,8   1,4  13,9   15:59     Z
21   0,7   3,2   13:24  -2,6   07:23  17,6   0,0   0,0   1,6   8,5   16:47    JZ
22   2,6   4,9   13:54   0,5   00:04  16,0   0,0   7,2   1,5   7,8   10:37   ZJZ
23   3,6   7,5   13:18   0,4   23:02  14,7   0,0   0,0   1,5  12,2   03:06     Z
24   1,5   7,7   14:57  -4,1   23:56  16,9   0,0   0,0   0,6   5,1   18:30   JJZ
25  -1,3   5,6   14:32  -4,5   00:52  19,6   0,0   0,0   0,5   7,1   13:30     V
26  -2,3   2,3   11:07  -5,1   02:47  20,6   0,0   0,0   1,3   8,5   11:53     V
27  -4,3   0,6   14:25  -8,3   07:25  22,6   0,0   0,0   1,1   5,4   23:47    SV
28  -3,8   3,1   14:36  -8,4   07:09  22,1   0,0   0,0   1,6   6,5   09:56   SSV
29  -5,9  -0,8   14:03  -9,5   23:09  24,2   0,0   0,0   2,4   6,8   23:36   SSV
30  -8,2  -2,2   14:22 -12,2   07:16  26,5   0,0   0,0   1,5   8,5   21:56     V
31  -9,9  -2,6   14:43 -13,7   07:30  28,2   0,0   0,0   2,7   9,2   05:23    SV
----------------------------------------------------------------------------------
     0,5   9,4     3   -13,7    31   553,4   0,0  26,1   1,3  15,3     5       Z

Max >=  27,0:  0
Max <=   0,0:  3
Min <=   0,0: 18
Min <= -18,0:  0
Max Rain: 7,2 on day 22
Days of Rain: 10 (>= 0,4 mm)  4 (>= 2,0 mm)  0 (>= 20,0 mm)
Heat Base: 17,5  Cool Base: 17,5  Method: Integration



Poslední aktualizace 24.11.2020 10:40:01

Měšíční a roční statistické protokoly ve fromátu NOAA (National Oceanic and Atmospheric Administration)
Original Author: Ken True webmaster@saratoga-weather.org.
Bodged by beteljuice.