Němčany počasí: NOAA reporty

 


NOAA reporty


Report pro 2024 Červnc
                   Monthly Climatological Summary for 7 2024

Name: Němčany   City: Němčany   State: Czech Repulic
Elevation: 256 m  Lat: N 49° 10' 12"   Lon: E 016° 54' 59"

                  Temperature (°C), Rain (mm), Wind Speed (m/s)

                                      Heat  Cool        Avg
    Mean                              Deg   Deg         Wind                 Dom
Day Temp  High   Time   Low    Time   Days  Days  Rain  Speed High   Time    Dir
----------------------------------------------------------------------------------
 1  21,4  26,6   16:41  18,2   05:04   0,0   3,1   0,3   1,3   6,5   11:20     Z
 2  19,2  23,7   15:16  15,3   05:56   0,7   1,6   0,0   2,0   8,2   11:21   ZSZ
 3  17,1  22,4   16:51  12,5   04:40   1,8   0,7   0,3   0,8   5,3   16:38   SSZ
 4  18,2  24,2   16:51  12,3   02:17   1,8   1,7   1,2   2,0  11,0   15:34     Z
 5  20,6  27,5   17:54  13,2   05:45   0,9   3,2   0,0   2,1  11,0   11:17   ZJZ
 6  23,5  31,2   15:59  13,7   02:26   1,0   6,1   0,0   4,0  13,9   13:14    JV
 7  21,3  26,3   15:31  18,1   05:35   0,0   3,0   4,5   1,3   5,3   23:19   VSV
 8  22,0  27,8   16:33  17,4   05:35   0,1   3,8   0,3   1,4   6,1   11:29   VSV
 9  25,4  33,7   16:47  17,2   04:53   0,1   7,2   0,0   1,3   6,1   13:47     V
10  28,5  35,7   15:27  21,0   04:19   0,0  10,2   0,0   2,0   8,5   15:04   JJV
11  25,7  32,7   16:13  19,3   05:27   0,0   7,4   0,6   1,0   7,8   00:11     S
12  24,0  32,0   14:45  19,4   23:55   0,0   5,7  18,2   1,8  23,3   18:36     V
13  22,7  29,0   17:03  17,8   02:48   0,0   4,4   0,3   1,1   5,3   10:58    SZ
14  24,5  31,6   16:26  19,7   04:25   0,0   6,2   0,0   2,0   8,2   07:35    SV
----------------------------------------------------------------------------------
    22,4  35,7    10    12,3     4     6,4  64,3  25,7   1,7  23,3    12       V

Max >=  25,0: 11
Max <=   0,0:  0
Min <=   0,0:  0
Min <= -10,0:  0
Max Rain: 18,2 on day 12
Days of Rain: 4 (>= 0,4 mm)  2 (>= 4,0 mm)  1 (>= 16,0 mm)
Heat Base: 18,3  Cool Base: 18,3  Method: Integration



Poslední aktualizace 15.7.2024 17:20:02

Měšíční a roční statistické protokoly ve fromátu NOAA (National Oceanic and Atmospheric Administration)
Original Author: Ken True webmaster@saratoga-weather.org.
Bodged by beteljuice.