Němčany počasí: NOAA reporty

 


NOAA reporty


Report pro 2024 Červ
                   Monthly Climatological Summary for 6 2024

Name: Němčany   City: Němčany   State: Czech Repulic
Elevation: 256 m  Lat: N 49° 10' 12"   Lon: E 016° 54' 59"

                  Temperature (°C), Rain (mm), Wind Speed (m/s)

                                      Heat  Cool        Avg
    Mean                              Deg   Deg         Wind                 Dom
Day Temp  High   Time   Low    Time   Days  Days  Rain  Speed High   Time    Dir
----------------------------------------------------------------------------------
 1  16,8  22,3   14:56  12,7   23:54   2,1   0,6  15,3   1,6   7,8   13:03   JJV
 2  16,2  22,6   16:57  12,0   01:07   2,7   0,6   6,0   1,2   8,2   18:11    JZ
 3  17,3  23,9   13:45  12,0   02:52   2,2   1,2  12,0   1,2   7,8   14:23   VSV
 4  16,2  19,3   15:24  11,6   23:54   2,2   0,1   0,0   0,6   2,9   01:00   VJV
 5  17,7  26,6   17:26   8,7   04:38   2,9   2,3   2,1   1,4   9,4   18:19    JZ
 6  19,5  27,9   14:25  14,3   05:13   1,4   2,6   6,3   1,1   9,4   20:03    JZ
 7  20,2  27,0   18:43  14,7   01:29   1,1   3,0   0,9   1,1   8,5   15:03    JZ
 8  22,0  28,6   15:23  14,0   05:00   0,8   4,5   0,0   1,9   7,8   16:11   JJZ
 9  21,8  27,3   15:34  17,2   03:56   0,1   3,6  10,8   1,6  14,6   00:41    JZ
10  18,7  21,7   19:19  15,2   23:59   0,3   0,7   9,3   1,0   7,0   13:57    JZ
11  17,8  23,5   14:50  13,6   02:45   1,8   1,3   0,3   1,9   9,4   12:48     Z
12  14,6  18,5   16:13  11,2   23:56   3,7   0,0   0,3   1,7   6,1   13:28   VSV
13  14,5  21,3   15:54   8,4   03:08   4,2   0,4   0,3   1,3   7,3   11:25    SV
14  16,3  22,6   13:51   8,2   03:57   3,2   1,2   0,0   0,9   7,3   13:25     J
15  19,3  27,4   15:50  10,6   04:37   2,0   3,0   6,9   2,3  10,6   13:26    JV
16  18,9  25,7   15:12  13,9   04:37   1,5   2,1  18,9   1,3   5,8   18:49   JJV
17  21,1  28,9   16:08  11,8   04:52   1,6   4,4   0,0   1,1   6,5   12:17   JJZ
18  24,0  30,6   15:58  16,8   04:44   0,1   5,8   0,0   1,5   7,3   14:21    JV
19  25,8  32,0   16:37  18,1   05:02   0,0   7,5   0,0   2,0   8,5   14:26   JJZ
20  20,0  24,3   16:29  15,9   05:31   0,3   1,9   0,0   2,2   7,3   11:00   VSV
21  23,7  31,1   15:57  16,3   04:51   0,3   5,7   7,1   2,0  15,5   20:22    JV
22  21,6  27,1   17:19  16,9   09:23   0,1   3,4   6,6   2,2   9,0   10:53   ZJZ
23  21,3  27,5   15:30  13,6   02:23   1,0   4,0   0,0   1,4   6,1   12:09    SV
24  19,7  24,9   16:37  13,8   05:23   1,1   2,5   0,0   1,4   6,1   13:32   VSV
25  21,8  29,7   16:50  13,8   04:51   1,1   4,6   0,0   2,1   7,3   13:42   VSV
26  22,0  30,4   15:39  17,5   04:33   0,1   3,7   0,3   2,8  12,6   18:32    SV
27  22,9  30,5   16:49  17,6   04:54   0,1   4,7   0,0   1,9   7,0   15:59     V
28  23,5  31,3   14:12  16,8   04:49   0,2   5,4   0,0   1,7  10,2   14:52   ZJZ
29  26,0  33,8   16:33  16,9   04:39   0,1   7,9   0,0   1,5   6,1   12:42   VJV
30  25,6  34,2   15:08  19,1   21:44   0,0   7,3  30,0   3,2  11,4   13:33    JV
----------------------------------------------------------------------------------
    20,2  34,2    30     8,2    14    38,3  96,0 133,4   1,6  15,5    21      JV

Max >=  25,0: 19
Max <=   0,0:  0
Min <=   0,0:  0
Min <= -10,0:  0
Max Rain: 30,0 on day 30
Days of Rain: 13 (>= 0,4 mm)  11 (>= 4,0 mm)  2 (>= 16,0 mm)
Heat Base: 18,3  Cool Base: 18,3  Method: Integration



Poslední aktualizace 15.7.2024 17:00:02

Měšíční a roční statistické protokoly ve fromátu NOAA (National Oceanic and Atmospheric Administration)
Original Author: Ken True webmaster@saratoga-weather.org.
Bodged by beteljuice.