Němčany počasí: NOAA reporty

 


NOAA reporty


Report pro 2022 Dub
                   Monthly Climatological Summary for 4 2022

Name: Němčany   City: Němčany   State: Czech Repulic
Elevation: 256 m  Lat: N 49° 10' 12"   Lon: E 016° 54' 59"

                  Temperature (°C), Rain (mm), Wind Speed (m/s)

                                      Heat  Cool        Avg
    Mean                              Deg   Deg         Wind                 Dom
Day Temp  High   Time   Low    Time   Days  Days  Rain  Speed High   Time    Dir
----------------------------------------------------------------------------------
 1   3,0   4,7   14:06   1,6   21:55  14,5   0,0   0,3   4,6  12,2   21:15   VJV
 2   1,8   3,2   11:04   0,8   22:47  15,7   0,0   0,0   2,1   7,8   00:10    JV
 3   2,4   6,7   15:33  -0,2   06:25  15,1   0,0   0,0   1,8   7,8   11:06   ZJZ
 4   3,6   9,6   16:51  -3,5   06:32  13,9   0,0   0,0   4,9  15,1   17:59    JZ
 5   7,0  10,1   17:11   4,0   01:28  10,5   0,0   0,9   3,7   9,0   01:11    JZ
 6  11,6  18,3   17:20   6,7   05:32   5,9   0,0   0,0   3,2  11,4   12:06    JZ
 7  12,8  18,6   14:31   6,7   03:28   4,8   0,1   0,3   5,0  19,6   20:17    JZ
 8  11,0  15,9   13:39   7,0   06:17   6,5   0,0   6,3   4,3  16,0   13:48    JZ
 9   7,4  12,1   06:44   0,8   23:57  10,1   0,0   0,3   2,7  11,0   11:59     Z
10   4,6  10,8   16:44  -0,2   03:40  12,9   0,0   0,0   1,6   8,2   11:54     Z
11   5,2  13,2   15:09  -1,5   06:06  12,3   0,0   0,0   1,4   9,4   13:32    JZ
12   8,2  18,7   16:29  -1,2   05:06   9,4   0,1   0,0   1,4   6,5   15:30   VJV
13  11,4  20,5   16:27   3,2   06:11   6,6   0,5   0,0   2,1   8,2   11:57    JV
14  13,3  23,3   15:50   3,8   06:14   5,5   1,3   0,0   2,0   8,5   14:58   JJV
15  13,5  19,9   15:17   9,9   00:00   4,2   0,2   0,9   1,9   8,2   17:58     Z
16   8,6  11,4   16:35   5,6   23:59   8,9   0,0   0,0   3,0  12,6   10:50    JV
17   6,3  13,1   15:12  -0,9   05:02  11,2   0,0   0,0   2,7  13,1   12:07   VSV
18   6,5  14,5   15:11  -1,7   03:00  11,0   0,0   0,0   2,2   9,4   13:35   VSV
19   5,6  11,5   17:02   1,5   23:58  11,9   0,0   3,9   1,5   7,3   15:41   VSV
20   6,2  12,5   16:17  -1,8   05:59  11,3   0,0   0,3   1,1   5,3   12:56     Z
21   9,9  18,5   16:06   2,0   04:34   7,7   0,0   0,0   1,6   7,3   23:45   VSV
22   9,2  14,6   13:35   5,2   05:49   8,3   0,0   2,1   3,7  10,6   09:17    SV
23  11,7  18,4   16:39   6,8   06:08   5,8   0,0   0,3   3,8  14,6   08:50   VSV
24  13,2  18,8   15:30   8,1   23:57   4,3   0,0   1,8   2,7  14,3   14:16    JV
25  10,0  14,1   12:32   6,5   23:59   7,5   0,0   2,4   1,5   8,5   12:48   ZJZ
26  10,9  17,2   15:18   5,2   06:15   6,6   0,0   0,0   1,7   7,8   15:22   VSV
27  11,1  16,2   14:10   6,0   03:49   6,4   0,0   0,0   2,5  10,6   14:32     V
28  11,7  18,7   15:30   2,4   06:08   5,8   0,0   0,0   1,7   9,8   09:47   VSV
29  11,5  19,5   14:24   1,4   05:32   6,2   0,3   0,0   1,7  10,2   14:27   VSV
30  13,8  21,7   16:34   6,7   06:35   4,4   0,7   0,0   2,7   8,5   03:12    SV
----------------------------------------------------------------------------------
     8,8  23,3    14    -3,5     4   265,2   3,2  19,8   2,6  19,6     7     JJV

Max >=  27,0:  0
Max <=   0,0:  0
Min <=   0,0:  8
Min <= -18,0:  0
Max Rain: 6,3 on day 8
Days of Rain: 7 (>= 0,4 mm)  4 (>= 2,0 mm)  0 (>= 20,0 mm)
Heat Base: 17,5  Cool Base: 17,5  Method: Integration



Poslední aktualizace 27.5.2022 23:40:02

Měšíční a roční statistické protokoly ve fromátu NOAA (National Oceanic and Atmospheric Administration)
Original Author: Ken True webmaster@saratoga-weather.org.
Bodged by beteljuice.