Němčany počasí: NOAA reporty

 


NOAA reporty


Report pro 2022 Břez
                   Monthly Climatological Summary for 3 2022

Name: Němčany   City: Němčany   State: Czech Repulic
Elevation: 256 m  Lat: N 49° 10' 12"   Lon: E 016° 54' 59"

                  Temperature (°C), Rain (mm), Wind Speed (m/s)

                                      Heat  Cool        Avg
    Mean                              Deg   Deg         Wind                 Dom
Day Temp  High   Time   Low    Time   Days  Days  Rain  Speed High   Time    Dir
----------------------------------------------------------------------------------
 1   1,4   8,7   14:25  -4,2   06:48  16,1   0,0   0,0   2,9  12,6   12:08   VSV
 2   1,1   8,9   15:40  -6,0   06:06  16,4   0,0   0,0   1,8   8,5   12:25    SV
 3  -0,8   7,0   13:56  -8,2   05:53  18,3   0,0   0,0   1,3   8,5   14:36    SV
 4   0,8   6,0   13:45  -4,4   00:00  16,8   0,0   0,0   1,8   7,8   08:40     V
 5   1,8   5,7   16:06  -1,0   21:13  15,7   0,0   0,0   2,2   9,8   14:37     V
 6   0,4   3,3   13:53  -2,4   04:41  17,1   0,0   0,0   1,7  11,0   12:47   VSV
 7   0,5   4,8   13:59  -2,8   23:03  17,0   0,0   0,0   1,4   7,8   14:12   JJV
 8   1,1   7,9   13:58  -4,8   03:36  16,4   0,0   0,0   2,0   9,8   11:22   VSV
 9   2,6  13,2   15:03  -6,4   05:45  14,9   0,0   0,0   1,1   9,0   14:27     Z
10   1,6   7,3   13:23  -3,1   02:30  15,9   0,0   0,0   3,9  15,1   14:19   VSV
11  -0,2   7,6   15:04  -7,0   06:27  17,7   0,0   0,0   2,1   6,5   01:54   VSV
12   0,6   8,4   14:46  -7,6   03:55  16,8   0,0   0,0   2,6   8,5   11:16    JV
13   3,5  12,8   14:52  -5,4   06:07  14,0   0,0   0,0   2,6   9,8   15:50   VJV
14   7,0  14,6   14:19   1,8   21:39  10,5   0,0   0,0   3,4  14,3   12:41   JJV
15   8,0  15,8   13:53  -1,4   05:52   9,5   0,0   1,2   2,3   9,8   11:55   VJV
16   7,4  12,4   15:22   2,5   23:59  10,1   0,0   6,6   1,6   9,0   11:39   JJV
17   6,6  13,2   14:50   1,6   00:51  10,9   0,0   0,0   2,4   7,0   03:26   SSV
18   6,9  14,7   15:14   0,8   06:25  10,6   0,0   0,0   1,5   7,8   13:36   JJZ
19   5,2  13,0   13:48  -0,3   05:42  12,3   0,0   0,0   3,1  11,4   10:51    SV
20   4,1  10,9   12:59  -2,4   23:25  13,4   0,0   0,0   2,8  11,9   10:12   VJV
21   4,3  14,7   14:38  -3,6   03:34  13,2   0,0   0,0   1,7   7,8   11:55     V
22   7,4  19,3   15:47  -2,2   02:39  10,3   0,2   0,0   1,3   7,3   05:57    SV
23   9,5  22,0   15:03  -1,0   03:36   8,8   0,8   0,0   1,3   7,0   12:31    JZ
24   9,9  19,9   14:23   0,3   06:10   7,9   0,3   0,0   2,7   9,8   13:56    SV
25  10,1  19,4   15:34  -1,1   05:53   7,6   0,2   0,0   1,8   8,5   10:49    SV
26  10,2  20,3   14:52  -0,5   05:29   7,7   0,4   0,0   1,2   7,8   10:52   ZJZ
27  10,6  17,6   16:59   3,3   23:57   6,6   0,0   0,0   3,0  11,4   00:59   VSV
28  10,3  20,6   16:49   0,0   05:25   7,7   0,5   0,0   1,7   8,5   13:37    JZ
29  11,8  20,2   15:27   4,3   07:06   6,0   0,3   1,2   1,4   7,3   14:33    JZ
30   9,6  13,7   14:14   6,6   06:46   7,9   0,0   0,6   1,8  11,0   20:53    SV
31   5,3   7,8   00:00   2,8   23:52  12,2   0,0   4,2   4,3  12,2   13:54     V
----------------------------------------------------------------------------------
     5,1  22,0    23    -8,2     3   386,3   2,7  13,8   2,2  15,1    10       V

Max >=  27,0:  0
Max <=   0,0:  0
Min <=   0,0: 22
Min <= -18,0:  0
Max Rain: 6,6 on day 16
Days of Rain: 5 (>= 0,4 mm)  2 (>= 2,0 mm)  0 (>= 20,0 mm)
Heat Base: 17,5  Cool Base: 17,5  Method: Integration



Poslední aktualizace 27.5.2022 23:20:02

Měšíční a roční statistické protokoly ve fromátu NOAA (National Oceanic and Atmospheric Administration)
Original Author: Ken True webmaster@saratoga-weather.org.
Bodged by beteljuice.